{"text_format":"1","workbook":"xlsx","n_sheets":7,"sheets":["RATES","Sheet1","Support Schedule Members","Welcome","Tax Credit Computation","theFORM","theFORMsupport"],"not_rendered":{"charts":0,"images":110,"macros":1,"external_links":0,"defined_names":9,"comments":2,"pivot_tables":0},"unopened":[],"bounds":{"document_bytes":16777216,"sheet_cells":100000,"rows_first":2000,"rows_last":500,"rows_between":2000,"halvings":0,"cell_chars":16384,"cell_head_chars":4096},"cells_cut":0,"cells_raw":0,"read":"whole","date_system":"1900"}

{"sheet":"RATES","index":0,"n_rows":874,"n_cols":53,"rows_kept":874,"cut":false,"hidden":true,"merged":[[0,4,0,5]]}
[null,null,null,null,"2109 IPT / OPT ANALYSIS / 20191113",null,null,null,null,"COUNTY 4","=VLOOKUP(L1,B$3:J$123,9,FALSE)",null,null,"Adair","(DIST 00)","Adair (DIST 00)","ADAI (DIST 00)","Adair (Dist 00)",1.0899000000000001,0.264235,"INTRANSIT DISTRICT #",null,null,null,null,null,null,null,null,null,"N/A's need to be corrected!!",null,null,null,null,null,null,null,null,"(270) 384-3673  -  Adair"]
["county #1","county","county #2",null,"COUNTY DISTRICT","COUNTY","vlookup vs Col A/B","=right(E col, 2 spaces)",null,"COUNTY 4","Cty Vlook COL J","Cty Vlook col m vs col a/b","county#/DIST#","county","district","count AND dist","count AND dist","County/District TP drop","Inventory","In-Transit","INTRANSIT DISTRICT #",null,null,null,null,null,"f",{"$f":"MAX(S3:S12000)","v":3.6850999999999998},null,null,"COUNTY","PHONE",null,"COL n","COL o","COL p","(BLANK)","COL n","BLANK","COL aa & \" - \" & COL Z",null,null,"COUNTy","RATE"]
["001","Adair","001",null,"00100","001","Adair","00",null,"ADAI","ADAI","Adair","00100","Adair","(DIST 00)","Adair (DIST 00)","Adair (DIST 00)","Adair (DIST 00)",1.0851000000000002,0.2676,null,"Adair (DIST 00)",1.0851000000000002,0.2676,null,null,null,"Corporation",null,null,"Adair","(270) 384-3673",null,"Adair","(DIST 00)","Adair (DIST 00)",null,"Adair",null,"(270) 384-3673",null,"Adair (DIST 00)","ADAI00",1.0851000000000002,"ADAI","Adair","00","Adair (DIST 00)",null,null,null,"Adair (DIST 00)",{"$f":"VLOOKUP(AZ3,AP$3:AR$691,3,FALSE)","v":1.0851000000000002}]
["002","Allen","002",null,"00101","001","Adair","01",null,"ALLE","ADAI","Adair","00101","Adair","(DIST 01)","Adair (DIST 01)","Adair (DIST 01)","Adair (DIST 00)",1.0832999999999999,0.23139999999999999,null,"Adair (DIST 00)",1.0832999999999999,0.23139999999999999,null,null,null,"Limited Liability Pass-Through Entity",null,null,"Allen","(270) 237-3711",null,"Adair","(DIST 01)","Adair (DIST 01)",null,"Adair",null,"(270) 384-3673",null,"Adair (DIST 01)","ADAI01",1.3021000000000003,"ADAI","Adair","01","Adair (DIST 01)",null,null,null,"Adair (DIST 01)",{"$f":"VLOOKUP(AZ4,AP$3:AR$691,3,FALSE)","v":1.3021000000000003}]
["003","Anderson","003",null,"00150","001","Adair","50",null,null,"ADAI","Adair","UNKNOWN","Adair","(DIST UNKNOWN)"," (DIST UNKNOWN)"," (DIST UNKNOWN)","Adair (DIST 01)",1.2863,0.23139999999999999,null,"Adair (DIST 01)",1.2863,0.23139999999999999,null,null,null,"General Partnership",null,null,"Anderson","(502) 839-4061",null,"Adair","(DIST 50)","Adair (DIST 50)",null,"Adair",null,"(270) 384-3673",null,"Allen (DIST 00)","ALLE00",0.87970000000000004,"ALLE","Allen","00","Allen (DIST 00)",null,null,null,"Adair (UNKNOWN)",{"$error":"#N/A"}]
["004","Ballard","004",null,"00200","002","Allen","00",null,"ANDE","ALLE","Allen","00200","Allen","(DIST 00)","Allen (DIST 00)","Allen (DIST 00)","Adair (UNKNOWN)",1.0832999999999999,0.23139999999999999,null,"Adair (UNKNOWN)",1.0832999999999999,0.23139999999999999,null,null,null,"Individual",null,null,"Ballard","(270) 335-3400",null,"Allen","(DIST 00)","Allen (DIST 00)",null,"Allen",null,"(270) 237-3711",null,"Allen (DIST 01)","ALLE01",1.1097000000000001,"ALLE","Allen","01","Allen (DIST 01)",null,null,null,"Allen (DIST 00)",0.87970000000000004]
["005","Barren","005",null,"00201","002","Allen","01",null,"BALL","ALLE","Allen","00201","Allen","(DIST 01)","Allen (DIST 01)","Allen (DIST 01)","Allen (DIST 00)",0.84119999999999995,0.188,null,"Allen (DIST 00)",0.84119999999999995,0.188,null,null,null,"Other",null,null,"Barren","(270) 651-2026",null,"Allen","(DIST 01)","Allen (DIST 01)",null,"Allen",null,"(270) 237-3711",null,"Anderson (DIST 00)","ANDE00",0.97100000000000009,"ANDE","Anderson","00","Anderson (DIST 00)",null,null,null,"Allen (DIST 01)",1.1097000000000001]
["006","Bath","006",null,"00300","003","Anderson","00",null,null,"ALLE","Allen","UNKNOWN","Allen","(DIST UNKNOWN)"," (DIST UNKNOWN)"," (DIST UNKNOWN)","Allen (DIST 01)",1.0551999999999999,0.188,null,"Allen (DIST 01)",1.0551999999999999,0.188,null,null,null,null,null,null,"Bath","(606) 674-6382",null,"Anderson","(DIST 00)","Anderson (DIST 00)",null,"Anderson",null,"(502) 839-4061",null,"Anderson (DIST 02)","ANDE02",1.1065,"ANDE","Anderson","02","Anderson (DIST 02)",null,null,null,"Allen (UNKNOWN)",{"$error":"#N/A"}]
["007","Bell","007",null,"00302","003","Anderson","02",null,"BARR","ANDE","Anderson","00300","Anderson","(DIST 00)","Anderson (DIST 00)","Anderson (DIST 00)","Allen (UNKNOWN)",0.84119999999999995,0.188,null,"Allen (UNKNOWN)",0.84119999999999995,0.188,null,null,null,"YES","NO",null,"Bell","(606) 337-2720",null,"Anderson","(DIST 02)","Anderson (DIST 02)",null,"Anderson",null,"(502) 839-4061",null,"Ballard (DIST 00)","BALL00",0.90900000000000003,"BALL","Ballard","00","Ballard (DIST 00)",null,null,null,"Anderson (DIST 00)",0.97100000000000009]
["008","Boone","008",null,"00360","003","Anderson","60",null,"BATH","ANDE","Anderson","00302","Anderson","(DIST 02)","Anderson (DIST 02)","Anderson (DIST 02)","Anderson (DIST 00)",0.92900000000000005,0.21299999999999999,null,"Anderson (DIST 00)",0.92900000000000005,0.21299999999999999,null,null,null,"YES","NO",null,"Boone","(859) 334-2181",null,"Anderson","(DIST 60)","Anderson (DIST 60)",null,"Anderson",null,"(502) 839-4061",null,"Ballard (DIST 02)","BALL02",1.2830000000000001,"BALL","Ballard","02","Ballard (DIST 02)",null,null,null,"Anderson (DIST 02)",1.1065]
["009","Bourbon","009",null,"00400","004","Ballard","00",null,null,"ANDE","Anderson","UNKNOWN","Anderson","(DIST UNKNOWN)"," (DIST UNKNOWN)"," (DIST UNKNOWN)","Anderson (DIST 02)",1.0345,0.13300000000000001,null,"Anderson (DIST 02)",1.0345,0.13300000000000001,null,null,null,"NO",null,null,"Bourbon","(859) 987-2152",null,"Ballard","(DIST 00)","Ballard (DIST 00)",null,"Ballard",null,"(270) 335-3400",null,"Ballard (DIST 03)","BALL03",1.2510000000000001,"BALL","Ballard","03","Ballard (DIST 03)",null,null,null,"Anderson (UNKNOWN)",{"$error":"#N/A"}]
["010","Boyd","010",null,"00402","004","Ballard","02",null,null,"BALL","Ballard","00400","Ballard","(DIST 00)","Ballard (DIST 00)","Ballard (DIST 00)","Anderson (UNKNOWN)",0.92900000000000005,0.13300000000000001,null,"Anderson (UNKNOWN)",0.92900000000000005,0.13300000000000001,null,null,null,null,null,null,"Boyd","(606) 739-5173",null,"Ballard","(DIST 02)","Ballard (DIST 02)",null,"Ballard",null,"(270) 335-3400",null,"Ballard (DIST 04)","BALL04",1.3980000000000001,"BALL","Ballard","04","Ballard (DIST 04)",null,null,null,"Ballard (DIST 00)",0.90900000000000003]
["011","Boyle","011",null,"00403","004","Ballard","03",null,null,"BALL","Ballard","00402","Ballard","(DIST 02)","Ballard (DIST 02)","Ballard (DIST 02)","Ballard (DIST 00)",0.90129999999999999,6.3299999999999995E-2,null,"Ballard (DIST 00)",0.90129999999999999,6.3299999999999995E-2,null,null,null,null,null,null,"Boyle","(859) 238-1104",null,"Ballard","(DIST 03)","Ballard (DIST 03)",null,"Ballard",null,"(270) 335-3400",null,"Ballard (DIST 05)","BALL05",1.2490000000000001,"BALL","Ballard","05","Ballard (DIST 05)",null,null,null,"Ballard (DIST 02)",1.2830000000000001]
["012","Bracken","012",null,"00404","004","Ballard","04",null,null,"BALL","Ballard","00403","Ballard","(DIST 03)","Ballard (DIST 03)","Ballard (DIST 03)","Ballard (DIST 02)",1.2753000000000001,6.3299999999999995E-2,null,"Ballard (DIST 02)",1.2753000000000001,6.3299999999999995E-2,null,null,null,null,null,null,"Bracken","(606) 735-2228",null,"Ballard","(DIST 04)","Ballard (DIST 04)",null,"Ballard",null,"(270) 335-3400",null,"Barren (DIST 01)","BARR01",0.89490000000000003,"BARR","Barren","01","Barren (DIST 01)",null,null,null,"Ballard (DIST 03)",1.2510000000000001]
["013","Breathitt","013",null,"00405","004","Ballard","05",null,null,"BALL","Ballard","00404","Ballard","(DIST 04)","Ballard (DIST 04)","Ballard (DIST 04)","Ballard (DIST 03)",1.2433000000000001,6.3299999999999995E-2,null,"Ballard (DIST 03)",1.2433000000000001,6.3299999999999995E-2,null,null,null,"PASSWORD JOEL",null,null,"Breathitt","(606) 666-7973",null,"Ballard","(DIST 05)","Ballard (DIST 05)",null,"Ballard",null,"(270) 335-3400",null,"Barren (DIST 02)","BARR02",1.1939,"BARR","Barren","02","Barren (DIST 02)",null,null,null,"Ballard (DIST 04)",1.3980000000000001]
["014","Breckinridge","014",null,"00501","005","Barren","01",null,null,"BALL","Ballard","00405","Ballard","(DIST 05)","Ballard (DIST 05)","Ballard (DIST 05)","Ballard (DIST 04)",1.3903000000000001,6.3299999999999995E-2,null,"Ballard (DIST 04)",1.3903000000000001,6.3299999999999995E-2,null,null,null,null,null,null,"Breckinridge","(270) 756-5154",null,"Barren","(DIST 01)","Barren (DIST 01)",null,"Barren",null,"(270) 651-2026",null,"Barren (DIST 03)","BARR03",1.2528999999999999,"BARR","Barren","03","Barren (DIST 03)",null,null,null,"Ballard (DIST 05)",1.2490000000000001]
["015","Bullitt","015",null,"00502","005","Barren","02",null,null,"BALL","Ballard","UNKNOWN","Ballard","(DIST UNKNOWN)"," (DIST UNKNOWN)"," (DIST UNKNOWN)","Ballard (DIST 05)",1.2513000000000001,6.3299999999999995E-2,null,"Ballard (DIST 05)",1.2513000000000001,6.3299999999999995E-2,null,null,null,null,null,null,"Bullitt","(502) 543-7480",null,"Barren","(DIST 02)","Barren (DIST 02)",null,"Barren",null,"(270) 651-2026",null,"Barren (DIST 04)","BARR04",1.0399,"BARR","Barren","04","Barren (DIST 04)",null,null,null,"Ballard (UNKNOWN)",{"$error":"#N/A"}]
["016","Butler","016",null,"00503","005","Barren","03",null,"BELL","BARR","Barren","00501","Barren","(DIST 01)","Barren (DIST 01)","Barren (DIST 01)","Ballard (UNKNOWN)",0.92900000000000005,6.3299999999999995E-2,null,"Ballard (UNKNOWN)",0.92900000000000005,6.3299999999999995E-2,null,null,null,null,{"$f":"SUM(AC19:AC28)","v":0},null,"Butler","(270) 526-3455",null,"Barren","(DIST 03)","Barren (DIST 03)",null,"Barren",null,"(270) 651-2026",null,"Barren (DIST 05)","BARR05",1.0709,"BARR","Barren","05","Barren (DIST 05)",null,null,null,"Barren (DIST 01)",0.89490000000000003]
["017","Caldwell","017",null,"00504","005","Barren","04",null,"BOON","BARR","Barren","00502","Barren","(DIST 02)","Barren (DIST 02)","Barren (DIST 02)","Barren (DIST 01)",0.92169999999999996,9.4700000000000006E-2,null,"Barren (DIST 01)",0.92169999999999996,9.4700000000000006E-2,null,null,null,null,null,null,"Caldwell","(270) 365-7227",null,"Barren","(DIST 04)","Barren (DIST 04)",null,"Barren",null,"(270) 651-2026",null,"Barren (DIST 06)","BARR06",1.1969000000000001,"BARR","Barren","06","Barren (DIST 06)",null,null,null,"Barren (DIST 02)",1.1939]
["018","Calloway","018",null,"00505","005","Barren","05",null,"BREC","BARR","Barren","00503","Barren","(DIST 03)","Barren (DIST 03)","Barren (DIST 03)","Barren (DIST 02)",1.1707000000000001,9.4700000000000006E-2,null,"Barren (DIST 02)",1.1707000000000001,9.4700000000000006E-2,null,null,null,null,null,null,"Calloway","(270) 753-3482",null,"Barren","(DIST 05)","Barren (DIST 05)",null,"Barren",null,"(270) 651-2026",null,"Barren (DIST 07)","BARR07",1.0488999999999999,"BARR","Barren","07","Barren (DIST 07)",null,null,null,"Barren (DIST 03)",1.2528999999999999]
["019","Campbell","019",null,"00506","005","Barren","06",null,"BULL","BARR","Barren","00504","Barren","(DIST 04)","Barren (DIST 04)","Barren (DIST 04)","Barren (DIST 03)",1.2737000000000001,9.4700000000000006E-2,null,"Barren (DIST 03)",1.2737000000000001,9.4700000000000006E-2,null,null,null,null,null,null,"Campbell","(859) 292-3871",null,"Barren","(DIST 06)","Barren (DIST 06)",null,"Barren",null,"(270) 651-2026",null,"Barren (DIST 08)","BARR08",1.0769,"BARR","Barren","08","Barren (DIST 08)",null,null,null,"Barren (DIST 04)",1.0399]
["020","Carlisle","020",null,"00507","005","Barren","07",null,"BUTL","BARR","Barren","00505","Barren","(DIST 05)","Barren (DIST 05)","Barren (DIST 05)","Barren (DIST 04)",1.0607,9.4700000000000006E-2,null,"Barren (DIST 04)",1.0607,9.4700000000000006E-2,null,null,null,null,null,null,"Carlisle","(270) 628-5498",null,"Barren","(DIST 07)","Barren (DIST 07)",null,"Barren",null,"(270) 651-2026",null,"Bath (DIST 00)","BATH00",1.0203,"BATH","Bath","00","Bath (DIST 00)",null,null,null,"Barren (DIST 05)",1.0709]
["021","Carroll","021",null,"00508","005","Barren","08",null,"CALD","BARR","Barren","00506","Barren","(DIST 06)","Barren (DIST 06)","Barren (DIST 06)","Barren (DIST 05)",1.0976999999999999,9.4700000000000006E-2,null,"Barren (DIST 05)",1.0976999999999999,9.4700000000000006E-2,null,null,null,null,null,null,"Carroll","(502) 732-5448",null,"Barren","(DIST 08)","Barren (DIST 08)",null,"Barren",null,"(270) 651-2026",null,"Bath (DIST 01)","BATH01",1.1943000000000001,"BATH","Bath","01","Bath (DIST 01)",null,null,null,"Barren (DIST 06)",1.1969000000000001]
["022","Carter","022",null,"00600","006","Bath","00",null,"CALL","BARR","Barren","00507","Barren","(DIST 07)","Barren (DIST 07)","Barren (DIST 07)","Barren (DIST 06)",1.2355,9.4700000000000006E-2,null,"Barren (DIST 06)",1.2355,9.4700000000000006E-2,null,null,null,null,null,null,"Carter","(606) 474-5663",null,"Bath","(DIST 00)","Bath (DIST 00)",null,"Bath",null,"(606) 674-6382",null,"Bath (DIST 02)","BATH02",1.3243,"BATH","Bath","02","Bath (DIST 02)",null,null,null,"Barren (DIST 07)",1.0488999999999999]
["023","Casey","023",null,"00601","006","Bath","01",null,"CAMP","BARR","Barren","00508","Barren","(DIST 08)","Barren (DIST 08)","Barren (DIST 08)","Barren (DIST 07)",1.0317000000000001,9.4700000000000006E-2,null,"Barren (DIST 07)",1.0317000000000001,9.4700000000000006E-2,null,null,null,null,null,null,"Casey","(606) 787-7621",null,"Bath","(DIST 01)","Bath (DIST 01)",null,"Bath",null,"(606) 674-6382",null,"Bath (DIST 03)","BATH03",1.1303000000000001,"BATH","Bath","03","Bath (DIST 03)",null,null,null,"Barren (DIST 08)",1.0769]
["024","Christian","024",null,"00602","006","Bath","02",null,null,"BARR","Barren","UNKNOWN","Barren","(DIST UNKNOWN)"," (DIST UNKNOWN)"," (DIST UNKNOWN)","Barren (DIST 08)",1.0976999999999999,9.4700000000000006E-2,null,"Barren (DIST 08)",1.0976999999999999,9.4700000000000006E-2,null,null,null,null,null,null,"Christian","(270) 887-4115",null,"Bath","(DIST 02)","Bath (DIST 02)",null,"Bath",null,"(606) 674-6382",null,"Bell (DIST 01)","BELL01",1.0489999999999999,"BELL","Bell","01","Bell (DIST 01)",null,null,null,"Barren (UNKNOWN)",{"$error":"#N/A"}]
["025","Clark","025",null,"00603","006","Bath","03",null,null,"BATH","Bath","00600","Bath","(DIST 00)","Bath (DIST 00)","Bath (DIST 00)","Barren (UNKNOWN)",0.92169999999999996,9.4700000000000006E-2,null,"Barren (UNKNOWN)",0.92169999999999996,9.4700000000000006E-2,null,null,null,null,null,null,"Clark","(859) 745-0250",null,"Bath","(DIST 03)","Bath (DIST 03)",null,"Bath",null,"(606) 674-6382",null,"Bell (DIST 02)","BELL02",1.0900000000000001,"BELL","Bell","02","Bell (DIST 02)",null,null,null,"Bath (DIST 00)",1.0203]
["026","Clay","026",null,"00701","007","Bell","01",null,null,"BATH","Bath","00601","Bath","(DIST 01)","Bath (DIST 01)","Bath (DIST 01)","Bath (DIST 00)",1.0893999999999999,0.23139999999999999,null,"Bath (DIST 00)",1.0893999999999999,0.23139999999999999,null,null,null,null,null,null,"Clay","(606) 598-3832",null,"Bell","(DIST 01)","Bell (DIST 01)",null,"Bell",null,"(606) 337-2720",null,"Bell (DIST 03)","BELL03",1.3510000000000002,"BELL","Bell","03","Bell (DIST 03)",null,null,null,"Bath (DIST 01)",1.1943000000000001]
["027","Clinton","027",null,"00702","007","Bell","02",null,null,"BATH","Bath","00602","Bath","(DIST 02)","Bath (DIST 02)","Bath (DIST 02)","Bath (DIST 01)",1.2574000000000001,0.23139999999999999,null,"Bath (DIST 01)",1.2574000000000001,0.23139999999999999,null,null,null,null,null,null,"Clinton","(606) 387-5938",null,"Bell","(DIST 02)","Bell (DIST 02)",null,"Bell",null,"(606) 337-2720",null,"Boone (DIST 02)","BOON02",1.0310000000000001,"BOON","Boone","02","Boone (DIST 02)",null,null,null,"Bath (DIST 02)",1.3243]
["028","Crittenden","028",null,"00703","007","Bell","03",null,null,"BATH","Bath","00603","Bath","(DIST 03)","Bath (DIST 03)","Bath (DIST 03)","Bath (DIST 02)",1.3934,0.23139999999999999,null,"Bath (DIST 02)",1.3934,0.23139999999999999,null,null,null,null,null,null,"Crittenden","(270) 965-4598",null,"Bell","(DIST 03)","Bell (DIST 03)",null,"Bell",null,"(606) 337-2720",null,"Boone (DIST 03)","BOON03",1.218,"BOON","Boone","03","Boone (DIST 03)",null,null,null,"Bath (DIST 03)",1.1303000000000001]
["029","Cumberland","029",null,"00802","008","Boone","02",null,null,"BATH","Bath","UNKNOWN","Bath","(DIST UNKNOWN)"," (DIST UNKNOWN)"," (DIST UNKNOWN)","Bath (DIST 03)",1.1994,0.23139999999999999,null,"Bath (DIST 03)",1.1994,0.23139999999999999,null,null,null,null,null,null,"Cumberland","(270) 864-5161",null,"Boone","(DIST 02)","Boone (DIST 02)",null,"Boone",null,"(859) 334-2181",null,"Boone (DIST 04)","BOON04",1.081,"BOON","Boone","04","Boone (DIST 04)",null,null,null,"Bath (UNKNOWN)",{"$error":"#N/A"}]
["030","Daviess","030",null,"00803","008","Boone","03",null,"CARL","BELL","Bell","00701","Bell","(DIST 01)","Bell (DIST 01)","Bell (DIST 01)","Bath (UNKNOWN)",1.0893999999999999,0.23139999999999999,null,"Bath (UNKNOWN)",1.0893999999999999,0.23139999999999999,null,null,null,null,null,null,"Daviess","(270) 685-8474",null,"Boone","(DIST 03)","Boone (DIST 03)",null,"Boone",null,"(859) 334-2181",null,"Boone (DIST 05)","BOON05",1.0660000000000001,"BOON","Boone","05","Boone (DIST 05)",null,null,null,"Bell (DIST 01)",1.0489999999999999]
["031","Edmonson","031",null,"00804","008","Boone","04",null,"CARR","BELL","Bell","00702","Bell","(DIST 02)","Bell (DIST 02)","Bell (DIST 02)","Bell (DIST 01)",1.0363,0.1953,null,"Bell (DIST 01)",1.0363,0.1953,null,null,null,null,null,null,"Edmonson","(270) 597-2381",null,"Boone","(DIST 04)","Boone (DIST 04)",null,"Boone",null,"(859) 334-2181",null,"Boone (DIST 06)","BOON06",1.081,"BOON","Boone","06","Boone (DIST 06)",null,null,null,"Bell (DIST 02)",1.0900000000000001]
["032","Elliott","032",null,"00805","008","Boone","05",null,"CLAY","BELL","Bell","00703","Bell","(DIST 03)","Bell (DIST 03)","Bell (DIST 03)","Bell (DIST 02)",1.0792999999999999,0.1953,null,"Bell (DIST 02)",1.0792999999999999,0.1953,null,null,null,null,null,null,"Elliott","(606) 738-5090",null,"Boone","(DIST 05)","Boone (DIST 05)",null,"Boone",null,"(859) 334-2181",null,"Boone (DIST 07)","BOON07",1.0110000000000001,"BOON","Boone","07","Boone (DIST 07)",null,null,null,"Bell (DIST 03)",1.3510000000000002]
["033","Estill","033",null,"00806","008","Boone","06",null,null,"BELL","Bell","UNKNOWN","Bell","(DIST UNKNOWN)"," (DIST UNKNOWN)"," (DIST UNKNOWN)","Bell (DIST 03)",1.3773,0.1953,null,"Bell (DIST 03)",1.3773,0.1953,null,null,null,null,null,null,"Estill","(606) 723-4569",null,"Boone","(DIST 06)","Boone (DIST 06)",null,"Boone",null,"(859) 334-2181",null,"Boone (DIST 08)","BOON08",1.081,"BOON","Boone","08","Boone (DIST 08)",null,null,null,"Bell (UNKNOWN)",{"$error":"#N/A"}]
["034","Fayette","034",null,"00807","008","Boone","07",null,"CLIN","BOON","Boone","00802","Boone","(DIST 02)","Boone (DIST 02)","Boone (DIST 02)","Bell (UNKNOWN)",1.0363,0.1953,null,"Bell (UNKNOWN)",1.0363,0.1953,null,null,null,null,null,null,"Fayette","(859) 246-2722",null,"Boone","(DIST 07)","Boone (DIST 07)",null,"Boone",null,"(859) 334-2181",null,"Boone (DIST 09)","BOON09",1.24,"BOON","Boone","09","Boone (DIST 09)",null,null,null,"Boone (DIST 02)",1.0310000000000001]
["035","Fleming","035",null,"00808","008","Boone","08",null,"CRIT","BOON","Boone","00803","Boone","(DIST 03)","Boone (DIST 03)","Boone (DIST 03)","Boone (DIST 02)",1.002,0.21399999999999997,null,"Boone (DIST 02)",1.002,0.21399999999999997,null,null,null,null,null,null,"Fleming","(606) 845-1401",null,"Boone","(DIST 08)","Boone (DIST 08)",null,"Boone",null,"(859) 334-2181",null,"Boone (DIST 10)","BOON10",1.0660000000000001,"BOON","Boone","10","Boone (DIST 10)",null,null,null,"Boone (DIST 03)",1.218]
["036","Floyd","036",null,"00809","008","Boone","09",null,"CUMB","BOON","Boone","00804","Boone","(DIST 04)","Boone (DIST 04)","Boone (DIST 04)","Boone (DIST 03)",1.117,6.4000000000000001E-2,null,"Boone (DIST 03)",1.117,6.4000000000000001E-2,null,null,null,null,null,null,"Floyd","(606) 886-9622",null,"Boone","(DIST 09)","Boone (DIST 09)",null,"Boone",null,"(859) 334-2181",null,"Boone (DIST 11)","BOON11",1.081,"BOON","Boone","11","Boone (DIST 11)",null,null,null,"Boone (DIST 04)",1.081]
["037","Franklin","037",null,"00810","008","Boone","10",null,"DAVI","BOON","Boone","00805","Boone","(DIST 05)","Boone (DIST 05)","Boone (DIST 05)","Boone (DIST 04)",1.052,0.26400000000000001,null,"Boone (DIST 04)",1.052,0.26400000000000001,null,null,null,null,null,null,"Franklin","(502) 875-8780",null,"Boone","(DIST 10)","Boone (DIST 10)",null,"Boone",null,"(859) 334-2181",null,"Boone (DIST 12)","BOON12",0.53500000000000003,"BOON","Boone","12","Boone (DIST 12)",null,null,null,"Boone (DIST 05)",1.0660000000000001]
["038","Fulton","038",null,"00811","008","Boone","11",null,"EDMO","BOON","Boone","00806","Boone","(DIST 06)","Boone (DIST 06)","Boone (DIST 06)","Boone (DIST 05)",1.0369999999999999,0.249,null,"Boone (DIST 05)",1.0369999999999999,0.249,null,null,null,null,null,null,"Fulton","(270) 236-2548",null,"Boone","(DIST 11)","Boone (DIST 11)",null,"Boone",null,"(859) 334-2181",null,"Boone (DIST 13)","BOON13",1.081,"BOON","Boone","13","Boone (DIST 13)",null,null,null,"Boone (DIST 06)",1.081]
["039","Gallatin","039",null,"00812","008","Boone","12",null,"ELLI","BOON","Boone","00807","Boone","(DIST 07)","Boone (DIST 07)","Boone (DIST 07)","Boone (DIST 06)",1.052,0.26400000000000001,null,"Boone (DIST 06)",1.052,0.26400000000000001,null,null,null,null,null,null,"Gallatin","(859) 567-5621",null,"Boone","(DIST 12)","Boone (DIST 12)",null,"Boone",null,"(859) 334-2181",null,"Boone (DIST 14)","BOON14",0.53500000000000003,"BOON","Boone","14","Boone (DIST 14)",null,null,null,"Boone (DIST 07)",1.0110000000000001]
["040","Garrard","040",null,"00813","008","Boone","13",null,"ESTI","BOON","Boone","00808","Boone","(DIST 08)","Boone (DIST 08)","Boone (DIST 08)","Boone (DIST 07)",0.98199999999999998,0.19400000000000001,null,"Boone (DIST 07)",0.98199999999999998,0.19400000000000001,null,null,null,null,null,null,"Garrard","(859) 792-3291",null,"Boone","(DIST 13)","Boone (DIST 13)",null,"Boone",null,"(859) 334-2181",null,"Boone (DIST 15)","BOON15",0.68100000000000005,"BOON","Boone","15","Boone (DIST 15)",null,null,null,"Boone (DIST 08)",1.081]
["041","Grant","041",null,"00814","008","Boone","14",null,"FAYE","BOON","Boone","00809","Boone","(DIST 09)","Boone (DIST 09)","Boone (DIST 09)","Boone (DIST 08)",1.052,0.26400000000000001,null,"Boone (DIST 08)",1.052,0.26400000000000001,null,null,null,null,null,null,"Grant","(859) 824-6511",null,"Boone","(DIST 14)","Boone (DIST 14)",null,"Boone",null,"(859) 334-2181",null,"Bourbon (DIST 00)","BOUR00",0.91570000000000007,"BOUR","Bourbon","00","Bourbon (DIST 00)",null,null,null,"Boone (DIST 09)",1.24]
["042","Graves","042",null,"00815","008","Boone","15",null,"FLEM","BOON","Boone","00810","Boone","(DIST 10)","Boone (DIST 10)","Boone (DIST 10)","Boone (DIST 09)",1.234,0.26400000000000001,null,"Boone (DIST 09)",1.234,0.26400000000000001,null,null,null,null,null,null,"Graves","(270) 247-3301",null,"Boone","(DIST 15)","Boone (DIST 15)",null,"Boone",null,"(859) 334-2181",null,"Bourbon (DIST 02)","BOUR02",1.2588999999999999,"BOUR","Bourbon","02","Bourbon (DIST 02)",null,null,null,"Boone (DIST 10)",1.0660000000000001]
["043","Grayson","043",null,"00865","008","Boone","65",null,"FLOY","BOON","Boone","00811","Boone","(DIST 11)","Boone (DIST 11)","Boone (DIST 11)","Boone (DIST 10)",1.0469999999999999,0.25900000000000001,null,"Boone (DIST 10)",1.0469999999999999,0.25900000000000001,null,null,null,null,null,null,"Grayson","(270) 259-4838",null,"Boone","(DIST 65)","Boone (DIST 65)",null,"Boone",null,"(859) 334-2181",null,"Bourbon (DIST 03)","BOUR03",1.4036999999999999,"BOUR","Bourbon","03","Bourbon (DIST 03)",null,null,null,"Boone (DIST 11)",1.081]
["044","Green","044",null,"00900","009","Bourbon","00",null,"FRAN","BOON","Boone","00812","Boone","(DIST 12)","Boone (DIST 12)","Boone (DIST 12)","Boone (DIST 11)",1.052,0.26400000000000001,null,"Boone (DIST 11)",1.052,0.26400000000000001,null,null,null,null,null,null,"Green","(270) 932-7518",null,"Bourbon","(DIST 00)","Bourbon (DIST 00)",null,"Bourbon",null,"(859) 987-2152",null,"Bourbon (DIST 04)","BOUR04",1.3246,"BOUR","Bourbon","04","Bourbon (DIST 04)",null,null,null,"Boone (DIST 12)",0.53500000000000003]
["045","Greenup","045",null,"00902","009","Bourbon","02",null,"FULT","BOON","Boone","00813","Boone","(DIST 13)","Boone (DIST 13)","Boone (DIST 13)","Boone (DIST 12)",1.5109999999999999,0.26400000000000001,null,"Boone (DIST 12)",1.5109999999999999,0.26400000000000001,null,null,null,null,null,null,"Greenup","(606) 473-9984",null,"Bourbon","(DIST 02)","Bourbon (DIST 02)",null,"Bourbon",null,"(859) 987-2152",null,"Bourbon (DIST 05)","BOUR05",1.0809,"BOUR","Bourbon","05","Bourbon (DIST 05)",null,null,null,"Boone (DIST 13)",1.081]
["046","Hancock","046",null,"00903","009","Bourbon","03",null,"GALL","BOON","Boone","00814","Boone","(DIST 14)","Boone (DIST 14)","Boone (DIST 14)","Boone (DIST 13)",1.052,0.26400000000000001,null,"Boone (DIST 13)",1.052,0.26400000000000001,null,null,null,null,null,null,"Hancock","(270) 927-6846",null,"Bourbon","(DIST 03)","Bourbon (DIST 03)",null,"Bourbon",null,"(859) 987-2152",null,"Boyd (DIST 10)","BOYD10",1.4516,"BOYD","Boyd","10","Boyd (DIST 10)",null,null,null,"Boone (DIST 14)",0.53500000000000003]
["047","Hardin","047",null,"00904","009","Bourbon","04",null,"GARR","BOON","Boone","00815","Boone","(DIST 15)","Boone (DIST 15)","Boone (DIST 15)","Boone (DIST 14)",1.5109999999999999,0.26400000000000001,null,"Boone (DIST 14)",1.5109999999999999,0.26400000000000001,null,null,null,null,null,null,"Hardin","(270) 765-2129",null,"Bourbon","(DIST 04)","Bourbon (DIST 04)",null,"Bourbon",null,"(859) 987-2152",null,"Boyd (DIST 11)","BOYD11",1.6766000000000001,"BOYD","Boyd","11","Boyd (DIST 11)",null,null,null,"Boone (DIST 15)",0.68100000000000005]
["048","Harlan","048",null,"00905","009","Bourbon","05",null,null,"BOON","Boone","UNKNOWN","Boone","(DIST UNKNOWN)"," (DIST UNKNOWN)"," (DIST UNKNOWN)","Boone (DIST 15)",1.63,0.26400000000000001,null,"Boone (DIST 15)",1.63,0.26400000000000001,null,null,null,null,null,null,"Harlan","(606) 573-1990",null,"Bourbon","(DIST 05)","Bourbon (DIST 05)",null,"Bourbon",null,"(859) 987-2152",null,"Boyd (DIST 22)","BOYD22",1.5010000000000001,"BOYD","Boyd","22","Boyd (DIST 22)",null,null,null,"Boone (UNKNOWN)",{"$error":"#N/A"}]
["049","Harrison","049",null,"01010","010","Boyd","10",null,"GRAN","BOUR","Bourbon","00900","Bourbon","(DIST 00)","Bourbon (DIST 00)","Bourbon (DIST 00)","Boone (UNKNOWN)",0.98199999999999998,6.4000000000000001E-2,null,"Boone (UNKNOWN)",0.98199999999999998,6.4000000000000001E-2,null,null,null,null,null,null,"Harrison","(859) 234-7133",null,"Boyd","(DIST 10)","Boyd (DIST 10)",null,"Boyd",null,"(606) 739-5173",null,"Boyd (DIST 23)","BOYD23",1.2434000000000001,"BOYD","Boyd","23","Boyd (DIST 23)",null,null,null,"Bourbon (DIST 00)",0.91570000000000007]
["050","Hart","050",null,"01011","010","Boyd","11",null,"GRAV","BOUR","Bourbon","00902","Bourbon","(DIST 02)","Bourbon (DIST 02)","Bourbon (DIST 02)","Bourbon (DIST 00)",0.94059999999999999,0.16350000000000001,null,"Bourbon (DIST 00)",0.94059999999999999,0.16350000000000001,null,null,null,null,null,null,"Hart","(270) 524-2321",null,"Boyd","(DIST 11)","Boyd (DIST 11)",null,"Boyd",null,"(606) 739-5173",null,"Boyd (DIST 24)","BOYD24",1.3860000000000001,"BOYD","Boyd","24","Boyd (DIST 24)",null,null,null,"Bourbon (DIST 02)",1.2588999999999999]
["051","Henderson","051",null,"01022","010","Boyd","22",null,"GRAY","BOUR","Bourbon","00903","Bourbon","(DIST 03)","Bourbon (DIST 03)","Bourbon (DIST 03)","Bourbon (DIST 02)",1.2262,0.16350000000000001,null,"Bourbon (DIST 02)",1.2262,0.16350000000000001,null,null,null,null,null,null,"Henderson","(270) 827-6024",null,"Boyd","(DIST 22)","Boyd (DIST 22)",null,"Boyd",null,"(606) 739-5173",null,"Boyd (DIST 25)","BOYD25",1.5935000000000001,"BOYD","Boyd","25","Boyd (DIST 25)",null,null,null,"Bourbon (DIST 03)",1.4036999999999999]
["052","Henry","052",null,"01024","010","Boyd","24",null,"GREE","BOUR","Bourbon","00904","Bourbon","(DIST 04)","Bourbon (DIST 04)","Bourbon (DIST 04)","Bourbon (DIST 03)",1.4206000000000001,0.16350000000000001,null,"Bourbon (DIST 03)",1.4206000000000001,0.16350000000000001,null,null,null,null,null,null,"Henry","(502) 845-5740",null,"Boyd","(DIST 24)","Boyd (DIST 24)",null,"Boyd",null,"(606) 739-5173",null,"Boyd (DIST 26)","BOYD26",1.5935000000000001,"BOYD","Boyd","26","Boyd (DIST 26)",null,null,null,"Bourbon (DIST 04)",1.3246]
["053","Hickman","053",null,"01025","010","Boyd","25",null,"GREU","BOUR","Bourbon","00905","Bourbon","(DIST 05)","Bourbon (DIST 05)","Bourbon (DIST 05)","Bourbon (DIST 04)",1.3669,0.16350000000000001,null,"Bourbon (DIST 04)",1.3669,0.16350000000000001,null,null,null,null,null,null,"Hickman","(270) 653-5521",null,"Boyd","(DIST 25)","Boyd (DIST 25)",null,"Boyd",null,"(606) 739-5173",null,"Boyd (DIST 33)","BOYD33",1.4634,"BOYD","Boyd","33","Boyd (DIST 33)",null,null,null,"Bourbon (DIST 05)",1.0809]
["054","Hopkins","054",null,"01026","010","Boyd","26",null,null,"BOUR","Bourbon","UNKNOWN","Bourbon","(DIST UNKNOWN)"," (DIST UNKNOWN)"," (DIST UNKNOWN)","Bourbon (DIST 05)",1.1212,0.16350000000000001,null,"Bourbon (DIST 05)",1.1212,0.16350000000000001,null,null,null,null,null,null,"Hopkins","(270) 821-3092",null,"Boyd","(DIST 26)","Boyd (DIST 26)",null,"Boyd",null,"(606) 739-5173",null,"Boyd (DIST 34)","BOYD34",1.621,"BOYD","Boyd","34","Boyd (DIST 34)",null,null,null,"Bourbon (UNKNOWN)",{"$error":"#N/A"}]
["055","Jackson","055",null,"01033","010","Boyd","33",null,null,"BOYD","Boyd","01010","Boyd","(DIST 10)","Boyd (DIST 10)","Boyd (DIST 10)","Bourbon (UNKNOWN)",0.94059999999999999,0.16350000000000001,null,"Bourbon (UNKNOWN)",0.94059999999999999,0.16350000000000001,null,null,null,null,null,null,"Jackson","(606) 287-7634",null,"Boyd","(DIST 33)","Boyd (DIST 33)",null,"Boyd",null,"(606) 739-5173",null,"Boyd (DIST 44)","BOYD44",1.2284000000000002,"BOYD","Boyd","44","Boyd (DIST 44)",null,null,null,"Boyd (DIST 10)",1.4516]
["056","Jefferson","056",null,"01034","010","Boyd","34",null,null,"BOYD","Boyd","01011","Boyd","(DIST 11)","Boyd (DIST 11)","Boyd (DIST 11)","Boyd (DIST 10)",1.4719,9.9000000000000005E-2,null,"Boyd (DIST 10)",1.4719,9.9000000000000005E-2,null,null,null,null,null,null,"Jefferson","(502) 574-6380",null,"Boyd","(DIST 34)","Boyd (DIST 34)",null,"Boyd",null,"(606) 739-5173",null,"Boyd (DIST 45)","BOYD45",1.2284000000000002,"BOYD","Boyd","45","Boyd (DIST 45)",null,null,null,"Boyd (DIST 11)",1.6766000000000001]
["057","Jessamine","057",null,"01044","010","Boyd","44",null,null,"BOYD","Boyd","01022","Boyd","(DIST 22)","Boyd (DIST 22)","Boyd (DIST 22)","Boyd (DIST 11)",1.6969000000000001,9.9000000000000005E-2,null,"Boyd (DIST 11)",1.6969000000000001,9.9000000000000005E-2,null,null,null,null,null,null,"Jessamine","(859) 885-4931",null,"Boyd","(DIST 44)","Boyd (DIST 44)",null,"Boyd",null,"(606) 739-5173",null,"Boyd (DIST 46)","BOYD46",1.2283999999999999,"BOYD","Boyd","46","Boyd (DIST 46)",null,null,null,"Boyd (DIST 22)",1.5010000000000001]
["058","Johnson","058",null,"01045","010","Boyd","45",null,null,"BOYD","Boyd","01023","Boyd","(DIST 23)","Boyd (DIST 23)","Boyd (DIST 23)","Boyd (DIST 22)",1.4729000000000001,9.9000000000000005E-2,null,"Boyd (DIST 22)",1.4729000000000001,9.9000000000000005E-2,null,null,null,null,null,null,"Johnson","(606) 789-2564",null,"Boyd","(DIST 45)","Boyd (DIST 45)",null,"Boyd",null,"(606) 739-5173",null,"Boyd (DIST 47)","BOYD47",1.2284000000000002,"BOYD","Boyd","47","Boyd (DIST 47)",null,null,null,"Boyd (DIST 23)",1.2434000000000001]
["059","Kenton","059",null,"01046","010","Boyd","46",null,null,"BOYD","Boyd","01024","Boyd","(DIST 24)","Boyd (DIST 24)","Boyd (DIST 24)","Boyd (DIST 23)",1.2239,9.9000000000000005E-2,null,"Boyd (DIST 23)",1.2239,9.9000000000000005E-2,null,null,null,null,null,null,"Kenton","(859) 392-1750",null,"Boyd","(DIST 46)","Boyd (DIST 46)",null,"Boyd",null,"(606) 739-5173",null,"Boyd (DIST 48)","BOYD48",1.2284000000000002,"BOYD","Boyd","48","Boyd (DIST 48)",null,null,null,"Boyd (DIST 24)",1.3860000000000001]
["060","Knott","060",null,"01047","010","Boyd","47",null,null,"BOYD","Boyd","01025","Boyd","(DIST 25)","Boyd (DIST 25)","Boyd (DIST 25)","Boyd (DIST 24)",1.4058999999999999,9.9000000000000005E-2,null,"Boyd (DIST 24)",1.4058999999999999,9.9000000000000005E-2,null,null,null,null,null,null,"Knott","(606) 785-5569",null,"Boyd","(DIST 47)","Boyd (DIST 47)",null,"Boyd",null,"(606) 739-5173",null,"Boyd (DIST 53)","BOYD53",1.4274,"BOYD","Boyd","53","Boyd (DIST 53)",null,null,null,"Boyd (DIST 25)",1.5935000000000001]
["061","Knox","061",null,"01048","010","Boyd","48",null,null,"BOYD","Boyd","01026","Boyd","(DIST 26)","Boyd (DIST 26)","Boyd (DIST 26)","Boyd (DIST 25)",1.5785,9.9000000000000005E-2,null,"Boyd (DIST 25)",1.5785,9.9000000000000005E-2,null,null,null,null,null,null,"Knox","(606) 546-4113",null,"Boyd","(DIST 48)","Boyd (DIST 48)",null,"Boyd",null,"(606) 739-5173",null,"Boyle (DIST 00)","BOYL00",1.2225999999999999,"BOYL","Boyle","00","Boyle (DIST 00)",null,null,null,"Boyd (DIST 26)",1.5935000000000001]
["062","LaRue","062",null,"01053","010","Boyd","53",null,null,"BOYD","Boyd","01033","Boyd","(DIST 33)","Boyd (DIST 33)","Boyd (DIST 33)","Boyd (DIST 26)",1.5785,9.9000000000000005E-2,null,"Boyd (DIST 26)",1.5785,9.9000000000000005E-2,null,null,null,null,null,null,"Larue","(270) 358-4202",null,"Boyd","(DIST 53)","Boyd (DIST 53)",null,"Boyd",null,"(606) 739-5173",null,"Boyle (DIST 01)","BOYL01",1.4885999999999999,"BOYL","Boyle","01","Boyle (DIST 01)",null,null,null,"Boyd (DIST 33)",1.4634]
["063","Laurel","063",null,"01100","011","Boyle","00",null,null,"BOYD","Boyd","01034","Boyd","(DIST 34)","Boyd (DIST 34)","Boyd (DIST 34)","Boyd (DIST 33)",1.4569000000000001,0.19900000000000001,null,"Boyd (DIST 33)",1.4569000000000001,0.19900000000000001,null,null,null,null,null,null,"Laurel","(606) 864-2889",null,"Boyle","(DIST 00)","Boyle (DIST 00)",null,"Boyle",null,"(859) 238-1104",null,"Boyle (DIST 02)","BOYL02",1.5787999999999998,"BOYL","Boyle","02","Boyle (DIST 02)",null,null,null,"Boyd (DIST 34)",1.621]
["064","Lawrence","064",null,"01101","011","Boyle","01",null,null,"BOYD","Boyd","01044","Boyd","(DIST 44)","Boyd (DIST 44)","Boyd (DIST 44)","Boyd (DIST 34)",1.6059000000000001,9.9000000000000005E-2,null,"Boyd (DIST 34)",1.6059000000000001,9.9000000000000005E-2,null,null,null,null,null,null,"Lawrence","(606) 638-4743",null,"Boyle","(DIST 01)","Boyle (DIST 01)",null,"Boyle",null,"(859) 238-1104",null,"Boyle (DIST 04)","BOYL04",1.3127999999999997,"BOYL","Boyle","04","Boyle (DIST 04)",null,null,null,"Boyd (DIST 44)",1.2284000000000002]
["065","Lee ","065",null,"01102","011","Boyle","02",null,null,"BOYD","Boyd","01045","Boyd","(DIST 45)","Boyd (DIST 45)","Boyd (DIST 45)","Boyd (DIST 44)",1.2568999999999999,0.19900000000000001,null,"Boyd (DIST 44)",1.2568999999999999,0.19900000000000001,null,null,null,null,null,null,"Lee","(606) 464-4105",null,"Boyle","(DIST 02)","Boyle (DIST 02)",null,"Boyle",null,"(859) 238-1104",null,"Boyle (DIST 05)","BOYL05",1.5012999999999999,"BOYL","Boyle","05","Boyle (DIST 05)",null,null,null,"Boyd (DIST 45)",1.2284000000000002]
["066","Leslie","066",null,"01104","011","Boyle","04",null,null,"BOYD","Boyd","01046","Boyd","(DIST 46)","Boyd (DIST 46)","Boyd (DIST 46)","Boyd (DIST 45)",1.2568999999999999,0.19900000000000001,null,"Boyd (DIST 45)",1.2568999999999999,0.19900000000000001,null,null,null,null,null,null,"Leslie","(606) 672-2456",null,"Boyle","(DIST 04)","Boyle (DIST 04)",null,"Boyle",null,"(859) 238-1104",null,"Boyle (DIST 06)","BOYL06",1.2265999999999999,"BOYL","Boyle","06","Boyle (DIST 06)",null,null,null,"Boyd (DIST 46)",{"$f":"VLOOKUP(AZ68,AP$3:AR$691,3,FALSE)","v":1.2283999999999999}]
["067","Letcher","067",null,"01105","011","Boyle","05",null,null,"BOYD","Boyd","01047","Boyd","(DIST 47)","Boyd (DIST 47)","Boyd (DIST 47)","Boyd (DIST 46)",1.2569000000000001,0.19900000000000001,null,"Boyd (DIST 46)",1.2569000000000001,0.19900000000000001,null,null,null,null,null,null,"Letcher","(606) 633-2182",null,"Boyle","(DIST 05)","Boyle (DIST 05)",null,"Boyle",null,"(859) 238-1104",null,"Bracken (DIST 00)","BRAC00",1.1892000000000003,"BRAC","Bracken","00","Bracken (DIST 00)",null,null,null,"Boyd (DIST 47)",1.2284000000000002]
["068","Lewis","068",null,"01106","011","Boyle","06",null,null,"BOYD","Boyd","01048","Boyd","(DIST 48)","Boyd (DIST 48)","Boyd (DIST 48)","Boyd (DIST 47)",1.2568999999999999,0.19900000000000001,null,"Boyd (DIST 47)",1.2568999999999999,0.19900000000000001,null,null,null,null,null,null,"Lewis","(606) 796-2622",null,"Boyle","(DIST 06)","Boyle (DIST 06)",null,"Boyle",null,"(859) 238-1104",null,"Bracken (DIST 01)","BRAC01",1.9992000000000003,"BRAC","Bracken","01","Bracken (DIST 01)",null,null,null,"Boyd (DIST 48)",1.2284000000000002]
["069","Lincoln","069",null,"01200","012","Bracken","00",null,null,"BOYD","Boyd","01053","Boyd","(DIST 53)","Boyd (DIST 53)","Boyd (DIST 53)","Boyd (DIST 48)",1.2568999999999999,0.19900000000000001,null,"Boyd (DIST 48)",1.2568999999999999,0.19900000000000001,null,null,null,null,null,null,"Lincoln","(606) 365-4550",null,"Bracken","(DIST 00)","Bracken (DIST 00)",null,"Bracken",null,"(606) 735-2228",null,"Bracken (DIST 02)","BRAC02",1.1892000000000003,"BRAC","Bracken","02","Bracken (DIST 02)",null,null,null,"Boyd (DIST 53)",1.4274]
["070","Livingston","070",null,"01201","012","Bracken","01",null,null,"BOYD","Boyd","UNKNOWN","Boyd","(DIST UNKNOWN)"," (DIST UNKNOWN)"," (DIST UNKNOWN)","Boyd (DIST 53)",1.4209000000000001,0.19900000000000001,null,"Boyd (DIST 53)",1.4209000000000001,0.19900000000000001,null,null,null,null,null,null,"Livingston","(270) 928-2524",null,"Bracken","(DIST 01)","Bracken (DIST 01)",null,"Bracken",null,"(606) 735-2228",null,"Bracken (DIST 03)","BRAC03",1.1892000000000003,"BRAC","Bracken","03","Bracken (DIST 03)",null,null,null,"Boyd (UNKNOWN)",{"$error":"#N/A"}]
["071","Logan","071",null,"01202","012","Bracken","02",null,"HANCK","BOYL","Boyle","01100","Boyle","(DIST 00)","Boyle (DIST 00)","Boyle (DIST 00)","Boyd (UNKNOWN)",1.2239,9.9000000000000005E-2,null,"Boyd (UNKNOWN)",1.2239,9.9000000000000005E-2,null,null,null,null,null,null,"Logan","(270) 726-8334",null,"Bracken","(DIST 02)","Bracken (DIST 02)",null,"Bracken",null,"(606) 735-2228",null,"Bracken (DIST 04)","BRAC04",2.4546000000000001,"BRAC","Bracken","04","Bracken (DIST 04)",null,null,null,"Boyle (DIST 00)",1.2225999999999999]
["072","Lyon","072",null,"01204","012","Bracken","04",null,"HARD","BOYL","Boyle","01101","Boyle","(DIST 01)","Boyle (DIST 01)","Boyle (DIST 01)","Boyle (DIST 00)",1.1608000000000001,0.12909999999999999,null,"Boyle (DIST 00)",1.1608000000000001,0.12909999999999999,null,null,null,null,null,null,"Lyon","(270) 388-7271",null,"Bracken","(DIST 04)","Bracken (DIST 04)",null,"Bracken",null,"(606) 735-2228",null,"Bracken (DIST 05)","BRAC05",1.5482000000000002,"BRAC","Bracken","05","Bracken (DIST 05)",null,null,null,"Boyle (DIST 01)",1.4885999999999999]
["073","McCracken","073",null,"01301","013","Breathitt","01",null,"HARL","BOYL","Boyle","01102","Boyle","(DIST 02)","Boyle (DIST 02)","Boyle (DIST 02)","Boyle (DIST 01)",1.4527999999999999,0.12909999999999999,null,"Boyle (DIST 01)",1.4527999999999999,0.12909999999999999,null,null,null,null,null,null,"Madison","(859) 623-5410",null,"Breathitt","(DIST 01)","Breathitt (DIST 01)",null,"Breathitt",null,"(606) 666-7973",null,"Breathitt (DIST 01)","BREA01",1.3393999999999999,"BREA","Breathitt","01","Breathitt (DIST 01)",null,null,null,"Boyle (DIST 02)",1.5787999999999998]
["074","McCreary","074",null,"01303","013","Breathitt","03",null,"LAUR","BOYL","Boyle","01104","Boyle","(DIST 04)","Boyle (DIST 04)","Boyle (DIST 04)","Boyle (DIST 02)",1.5234000000000001,0.12909999999999999,null,"Boyle (DIST 02)",1.5234000000000001,0.12909999999999999,null,null,null,null,null,null,"Magoffin","(606) 349-6198",null,"Breathitt","(DIST 03)","Breathitt (DIST 03)",null,"Breathitt",null,"(606) 666-7973",null,"Breathitt (DIST 02)","BREA02",1.3024,"BREA","Breathitt","02","Breathitt (DIST 02)",null,null,null,"Boyle (DIST 04)",1.3127999999999997]
["075","McLean","075",null,"01304","013","Breathitt","04",null,"LAWR","BOYL","Boyle","01105","Boyle","(DIST 05)","Boyle (DIST 05)","Boyle (DIST 05)","Boyle (DIST 04)",1.2314000000000001,0.12909999999999999,null,"Boyle (DIST 04)",1.2314000000000001,0.12909999999999999,null,null,null,null,null,null,"Marion","(270) 692-3401",null,"Breathitt","(DIST 04)","Breathitt (DIST 04)",null,"Breathitt",null,"(606) 666-7973",null,"Breathitt (DIST 03)","BREA03",1.6223999999999998,"BREA","Breathitt","03","Breathitt (DIST 03)",null,null,null,"Boyle (DIST 05)",1.5012999999999999]
["076","Madison","076",null,"01401","014","Breckinridge","01",null,"LEE","BOYL","Boyle","01106","Boyle","(DIST 06)","Boyle (DIST 06)","Boyle (DIST 06)","Boyle (DIST 05)",1.4395,0.12909999999999999,null,"Boyle (DIST 05)",1.4395,0.12909999999999999,null,null,null,null,null,null,"Marshall","(270) 527-4728",null,"Breckinridge","(DIST 01)","Breckinridge (DIST 01)",null,"Breckinridge",null,"(270) 756-5154",null,"Breathitt (DIST 04)","BREA04",1.5853999999999999,"BREA","Breathitt","04","Breathitt (DIST 04)",null,null,null,"Boyle (DIST 06)",1.2265999999999999]
["077","Magoffin","077",null,"01402","014","Breckinridge","02",null,null,"BOYL","Boyle","UNKNOWN","Boyle","(DIST UNKNOWN)"," (DIST UNKNOWN)"," (DIST UNKNOWN)","Boyle (DIST 06)",1.1612,0.12909999999999999,null,"Boyle (DIST 06)",1.1612,0.12909999999999999,null,null,null,null,null,null,"Martin","(606) 298-2807",null,"Breckinridge","(DIST 02)","Breckinridge (DIST 02)",null,"Breckinridge",null,"(270) 756-5154",null,"Breckinridge (DIST 01)","BREC01",0.89200000000000013,"BREC","Breckinridge","01","Breckinridge (DIST 01)",null,null,null,"Boyle (UNKNOWN)",{"$error":"#N/A"}]
["078","Marion","078",null,"01403","014","Breckinridge","03",null,null,"BRAC","Bracken","01200","Bracken","(DIST 00)","Bracken (DIST 00)","Bracken (DIST 00)","Boyle (UNKNOWN)",1.1608000000000001,0.12909999999999999,null,"Boyle (UNKNOWN)",1.1608000000000001,0.12909999999999999,null,null,null,null,null,null,"Mason","(606) 564-3700",null,"Breckinridge","(DIST 03)","Breckinridge (DIST 03)",null,"Breckinridge",null,"(270) 756-5154",null,"Breckinridge (DIST 02)","BREC02",1.089,"BREC","Breckinridge","02","Breckinridge (DIST 02)",null,null,null,"Bracken (DIST 00)",1.1892000000000003]
["079","Marshall","079",null,"01404","014","Breckinridge","04",null,null,"BRAC","Bracken","01201","Bracken","(DIST 01)","Bracken (DIST 01)","Bracken (DIST 01)","Bracken (DIST 00)",1.1968000000000003,0.3458,null,"Bracken (DIST 00)",1.1968000000000003,0.3458,null,null,null,null,null,null,"McCracken","(270) 444-4712",null,"Breckinridge","(DIST 04)","Breckinridge (DIST 04)",null,"Breckinridge",null,"(270) 756-5154",null,"Breckinridge (DIST 03)","BREC03",1.2520000000000002,"BREC","Breckinridge","03","Breckinridge (DIST 03)",null,null,null,"Bracken (DIST 01)",1.9992000000000003]
["080","Martin","080",null,"01405","014","Breckinridge","05",null,null,"BRAC","Bracken","01202","Bracken","(DIST 02)","Bracken (DIST 02)","Bracken (DIST 02)","Bracken (DIST 01)",2.2688000000000001,0.3458,null,"Bracken (DIST 01)",2.2688000000000001,0.3458,null,null,null,null,null,null,"McCreary","(606) 376-2514",null,"Breckinridge","(DIST 05)","Breckinridge (DIST 05)",null,"Breckinridge",null,"(270) 756-5154",null,"Breckinridge (DIST 04)","BREC04",1.3694999999999999,"BREC","Breckinridge","04","Breckinridge (DIST 04)",null,null,null,"Bracken (DIST 02)",1.1892000000000003]
["081","Mason","081",null,"01500","015","Bullitt","00",null,null,"BRAC","Bracken","01203","Bracken","(DIST 03)","Bracken (DIST 03)","Bracken (DIST 03)","Bracken (DIST 02)",1.1968000000000003,0.3458,null,"Bracken (DIST 02)",1.1968000000000003,0.3458,null,null,null,null,null,null,"McLean","(270) 273-3291",null,"Bullitt","(DIST 00)","Bullitt (DIST 00)",null,"Bullitt",null,"(502) 543-7480",null,"Breckinridge (DIST 05)","BREC05",1.4509999999999998,"BREC","Breckinridge","05","Breckinridge (DIST 05)",null,null,null,"Bracken (DIST 03)",1.1892000000000003]
["082","Meade","082",null,"01501","015","Bullitt","01",null,null,"BRAC","Bracken","01204","Bracken","(DIST 04)","Bracken (DIST 04)","Bracken (DIST 04)","Bracken (DIST 03)",1.1968000000000003,0.3458,null,"Bracken (DIST 03)",1.1968000000000003,0.3458,null,null,null,null,null,null,"Meade","(270) 422-2178",null,"Bullitt","(DIST 01)","Bullitt (DIST 01)",null,"Bullitt",null,"(502) 543-7480",null,"Bullitt (DIST 00)","BULL00",0.96660000000000001,"BULL","Bullitt","00","Bullitt (DIST 00)",null,null,null,"Bracken (DIST 04)",2.4546000000000001]
["083","Menifee","083",null,"01502","015","Bullitt","02",null,null,"BRAC","Bracken","01205","Bracken","(DIST 05)","Bracken (DIST 05)","Bracken (DIST 05)","Bracken (DIST 04)",2.4502000000000002,0.3458,null,"Bracken (DIST 04)",2.4502000000000002,0.3458,null,null,null,null,null,null,"Menifee","(606) 768-3514",null,"Bullitt","(DIST 02)","Bullitt (DIST 02)",null,"Bullitt",null,"(502) 543-7480",null,"Bullitt (DIST 01)","BULL01",1.0666,"BULL","Bullitt","01","Bullitt (DIST 01)",null,null,null,"Bracken (DIST 05)",1.5482000000000002]
["084","Mercer","084",null,"01503","015","Bullitt","03",null,null,"BRAC","Bracken","UNKNOWN","Bracken","(DIST UNKNOWN)"," (DIST UNKNOWN)"," (DIST UNKNOWN)","Bracken (DIST 05)",1.5258000000000003,0.3458,null,"Bracken (DIST 05)",1.5258000000000003,0.3458,null,null,null,null,null,null,"Mercer","(859) 734-6330",null,"Bullitt","(DIST 03)","Bullitt (DIST 03)",null,"Bullitt",null,"(502) 543-7480",null,"Bullitt (DIST 02)","BULL02",1.0666,"BULL","Bullitt","02","Bullitt (DIST 02)",null,null,null,"Bracken (UNKNOWN)",{"$error":"#N/A"}]
["085","Metcalfe","085",null,"01504","015","Bullitt","04",null,null,"BREA","Breathitt","01301","Breathitt","(DIST 01)","Breathitt (DIST 01)","Breathitt (DIST 01)","Bracken (UNKNOWN)",1.1968000000000003,0.3458,null,"Bracken (UNKNOWN)",1.1968000000000003,0.3458,null,null,null,null,null,null,"Metcalfe","(270) 432-3162",null,"Bullitt","(DIST 04)","Bullitt (DIST 04)",null,"Bullitt",null,"(502) 543-7480",null,"Bullitt (DIST 03)","BULL03",1.1665999999999999,"BULL","Bullitt","03","Bullitt (DIST 03)",null,null,null,"Breathitt (DIST 01)",1.3393999999999999]
["086","Monroe","086",null,"01505","015","Bullitt","05",null,null,"BREA","Breathitt","01302","Breathitt","(DIST 02)","Breathitt (DIST 02)","Breathitt (DIST 02)","Breathitt (DIST 01)",1.2791999999999999,0,null,"Breathitt (DIST 01)",1.2791999999999999,0,null,null,null,null,null,null,"Monroe","(270) 487-6401",null,"Bullitt","(DIST 05)","Bullitt (DIST 05)",null,"Bullitt",null,"(502) 543-7480",null,"Bullitt (DIST 04)","BULL04",1.0666,"BULL","Bullitt","04","Bullitt (DIST 04)",null,null,null,"Breathitt (DIST 02)",1.3024]
["087","Montgomery","087",null,"01506","015","Bullitt","06",null,null,"BREA","Breathitt","01303","Breathitt","(DIST 03)","Breathitt (DIST 03)","Breathitt (DIST 03)","Breathitt (DIST 02)",1.2391999999999999,0,null,"Breathitt (DIST 02)",1.2391999999999999,0,null,null,null,null,null,null,"Montgomery","(859) 498-8710",null,"Bullitt","(DIST 06)","Bullitt (DIST 06)",null,"Bullitt",null,"(502) 543-7480",null,"Bullitt (DIST 05)","BULL05",1.2615999999999998,"BULL","Bullitt","05","Bullitt (DIST 05)",null,null,null,"Breathitt (DIST 03)",1.6223999999999998]
["088","Morgan","088",null,"01507","015","Bullitt","07",null,null,"BREA","Breathitt","01304","Breathitt","(DIST 04)","Breathitt (DIST 04)","Breathitt (DIST 04)","Breathitt (DIST 03)",1.5581999999999998,0,null,"Breathitt (DIST 03)",1.5581999999999998,0,null,null,null,null,null,null,"Morgan","(606) 743-3349",null,"Bullitt","(DIST 07)","Bullitt (DIST 07)",null,"Bullitt",null,"(502) 543-7480",null,"Bullitt (DIST 06)","BULL06",1.2465999999999999,"BULL","Bullitt","06","Bullitt (DIST 06)",null,null,null,"Breathitt (DIST 04)",1.5853999999999999]
["089","Muhlenberg","089",null,"01508","015","Bullitt","08",null,null,"BREA","Breathitt","UNKNOWN","Breathitt","(DIST UNKNOWN)"," (DIST UNKNOWN)"," (DIST UNKNOWN)","Breathitt (DIST 04)",1.5181999999999998,0,null,"Breathitt (DIST 04)",1.5181999999999998,0,null,null,null,null,null,null,"Muhlenberg","(270) 338-4664",null,"Bullitt","(DIST 08)","Bullitt (DIST 08)",null,"Bullitt",null,"(502) 543-7480",null,"Bullitt (DIST 07)","BULL07",1.2242,"BULL","Bullitt","07","Bullitt (DIST 07)",null,null,null,"Breathitt (UNKNOWN)",{"$error":"#N/A"}]
["090","Nelson","090",null,"01509","015","Bullitt","09",null,null,"BREC","Breckinridge","01401","Breckinridge","(DIST 01)","Breckinridge (DIST 01)","Breckinridge (DIST 01)","Breathitt (UNKNOWN)",1.2392000000000001,0,null,"Breathitt (UNKNOWN)",1.2392000000000001,0,null,null,null,null,null,null,"Nelson","(502) 348-1810",null,"Bullitt","(DIST 09)","Bullitt (DIST 09)",null,"Bullitt",null,"(502) 543-7480",null,"Bullitt (DIST 08)","BULL08",1.2665999999999999,"BULL","Bullitt","08","Bullitt (DIST 08)",null,null,null,"Breckinridge (DIST 01)",0.89200000000000013]
["091","Nicholas","091",null,"01510","015","Bullitt","10",null,null,"BREC","Breckinridge","01402","Breckinridge","(DIST 02)","Breckinridge (DIST 02)","Breckinridge (DIST 02)","Breckinridge (DIST 01)",0.88670000000000004,0.2157,null,"Breckinridge (DIST 01)",0.88670000000000004,0.2157,null,null,null,null,null,null,"Nicholas","(859) 289-3735",null,"Bullitt","(DIST 10)","Bullitt (DIST 10)",null,"Bullitt",null,"(502) 543-7480",null,"Bullitt (DIST 09)","BULL09",1.2410999999999999,"BULL","Bullitt","09","Bullitt (DIST 09)",null,null,null,"Breckinridge (DIST 02)",1.089]
["092","Ohio","092",null,"01511","015","Bullitt","11",null,null,"BREC","Breckinridge","01403","Breckinridge","(DIST 03)","Breckinridge (DIST 03)","Breckinridge (DIST 03)","Breckinridge (DIST 02)",1.0837000000000001,0.2157,null,"Breckinridge (DIST 02)",1.0837000000000001,0.2157,null,null,null,null,null,null,"Ohio","(270) 298-4433",null,"Bullitt","(DIST 11)","Bullitt (DIST 11)",null,"Bullitt",null,"(502) 543-7480",null,"Bullitt (DIST 10)","BULL10",1.3066,"BULL","Bullitt","10","Bullitt (DIST 10)",null,null,null,"Breckinridge (DIST 03)",1.2520000000000002]
["093","Oldham","093",null,"01512","015","Bullitt","12",null,null,"BREC","Breckinridge","01404","Breckinridge","(DIST 04)","Breckinridge (DIST 04)","Breckinridge (DIST 04)","Breckinridge (DIST 03)",1.2366999999999999,0.2157,null,"Breckinridge (DIST 03)",1.2366999999999999,0.2157,null,null,null,null,null,null,"Oldham","(502) 222-9320",null,"Bullitt","(DIST 12)","Bullitt (DIST 12)",null,"Bullitt",null,"(502) 543-7480",null,"Bullitt (DIST 11)","BULL11",1.0946,"BULL","Bullitt","11","Bullitt (DIST 11)",null,null,null,"Breckinridge (DIST 04)",1.3694999999999999]
["094","Owen","094",null,"01516","015","Bullitt","16",null,null,"BREC","Breckinridge","01405","Breckinridge","(DIST 05)","Breckinridge (DIST 05)","Breckinridge (DIST 05)","Breckinridge (DIST 04)",1.3067,0.2157,null,"Breckinridge (DIST 04)",1.3067,0.2157,null,null,null,null,null,null,"Owen","(502) 484-5172",null,"Bullitt","(DIST 16)","Bullitt (DIST 16)",null,"Bullitt",null,"(502) 543-7480",null,"Bullitt (DIST 12)","BULL12",1.0666,"BULL","Bullitt","12","Bullitt (DIST 12)",null,null,null,"Breckinridge (DIST 05)",1.4509999999999998]
["095","Owsley","095",null,"01600","016","Butler","00",null,null,"BREC","Breckinridge","UNKNOWN","Breckinridge","(DIST UNKNOWN)"," (DIST UNKNOWN)"," (DIST UNKNOWN)","Breckinridge (DIST 05)",1.4457000000000002,0.2157,null,"Breckinridge (DIST 05)",1.4457000000000002,0.2157,null,null,null,null,null,null,"Owsley","(606) 593-6265",null,"Butler","(DIST 00)","Butler (DIST 00)",null,"Butler",null,"(270) 526-3455",null,"Bullitt (DIST 16)","BULL16",1.1945999999999999,"BULL","Bullitt","16","Bullitt (DIST 16)",null,null,null,"Breckinridge (UNKNOWN)",{"$error":"#N/A"}]
["096","Pendleton","096",null,"01601","016","Butler","01",null,null,"BULL","Bullitt","01500","Bullitt","(DIST 00)","Bullitt (DIST 00)","Bullitt (DIST 00)","Breckinridge (UNKNOWN)",0.88670000000000004,0.2157,null,"Breckinridge (UNKNOWN)",0.88670000000000004,0.2157,null,null,null,null,null,null,"Pendleton","(859) 654-6055",null,"Butler","(DIST 01)","Butler (DIST 01)",null,"Butler",null,"(270) 526-3455",null,"Butler (DIST 00)","BUTL00",0.84849999999999992,"BUTL","Butler","00","Butler (DIST 00)",null,null,null,"Bullitt (DIST 00)",0.96660000000000001]
["097","Perry","097",null,"01602","016","Butler","02",null,"BOUR","BULL","Bullitt","01501","Bullitt","(DIST 01)","Bullitt (DIST 01)","Bullitt (DIST 01)","Bullitt (DIST 00)",0.9365,9.35E-2,null,"Bullitt (DIST 00)",0.9365,9.35E-2,null,null,null,null,null,null,"Perry","(606) 436-4914",null,"Butler","(DIST 02)","Butler (DIST 02)",null,"Butler",null,"(270) 526-3455",null,"Butler (DIST 01)","BUTL01",0.95809999999999995,"BUTL","Butler","01","Butler (DIST 01)",null,null,null,"Bullitt (DIST 01)",1.0666]
["098","Pike","098",null,"01603","016","Butler","03",null,"BOYD","BULL","Bullitt","01502","Bullitt","(DIST 02)","Bullitt (DIST 02)","Bullitt (DIST 02)","Bullitt (DIST 01)",1.0365,0.19350000000000001,null,"Bullitt (DIST 01)",1.0365,0.19350000000000001,null,null,null,null,null,null,"Pike","(606) 432-6201",null,"Butler","(DIST 03)","Butler (DIST 03)",null,"Butler",null,"(270) 526-3455",null,"Butler (DIST 02)","BUTL02",0.84849999999999992,"BUTL","Butler","02","Butler (DIST 02)",null,null,null,"Bullitt (DIST 02)",1.0666]
["099","Powell","099",null,"016ND","016","Butler","ND",null,"BOYL","BULL","Bullitt","01503","Bullitt","(DIST 03)","Bullitt (DIST 03)","Bullitt (DIST 03)","Bullitt (DIST 02)",1.0365,0.19350000000000001,null,"Bullitt (DIST 02)",1.0365,0.19350000000000001,null,null,null,null,null,null,"Powell","(606) 663-4184",null,"Butler","(DIST ND)","Butler (DIST ND)",null,"Butler",null,"(270) 526-3455",null,"Butler (DIST 03)","BUTL03",0.94349999999999989,"BUTL","Butler","03","Butler (DIST 03)",null,null,null,"Bullitt (DIST 03)",1.1665999999999999]
["100","Pulaski","100",null,"01700","017","Caldwell","00",null,"BRAC","BULL","Bullitt","01504","Bullitt","(DIST 04)","Bullitt (DIST 04)","Bullitt (DIST 04)","Bullitt (DIST 03)",1.1365000000000001,0.29349999999999998,null,"Bullitt (DIST 03)",1.1365000000000001,0.29349999999999998,null,null,null,null,null,null,"Pulaski","(606) 679-1812",null,"Caldwell","(DIST 00)","Caldwell (DIST 00)",null,"Caldwell",null,"(270) 365-7227",null,"Caldwell (DIST 00)","CALD00",0.74380000000000002,"CALD","Caldwell","00","Caldwell (DIST 00)",null,null,null,"Bullitt (DIST 04)",1.0666]
["101","Robertson","101",null,"01701","017","Caldwell","01",null,"BREA","BULL","Bullitt","01505","Bullitt","(DIST 05)","Bullitt (DIST 05)","Bullitt (DIST 05)","Bullitt (DIST 04)",1.0365,0.19350000000000001,null,"Bullitt (DIST 04)",1.0365,0.19350000000000001,null,null,null,null,null,null,"Robertson","(606) 724-5213",null,"Caldwell","(DIST 01)","Caldwell (DIST 01)",null,"Caldwell",null,"(270) 365-7227",null,"Caldwell (DIST 01)","CALD01",0.91759999999999997,"CALD","Caldwell","01","Caldwell (DIST 01)",null,null,null,"Bullitt (DIST 05)",1.2615999999999998]
["102","Rockcastle","102",null,"01702","017","Caldwell","02",null,"CART","BULL","Bullitt","01506","Bullitt","(DIST 06)","Bullitt (DIST 06)","Bullitt (DIST 06)","Bullitt (DIST 05)",1.2265000000000001,0.29349999999999998,null,"Bullitt (DIST 05)",1.2265000000000001,0.29349999999999998,null,null,null,null,null,null,"Rockcastle","(606) 256-4194",null,"Caldwell","(DIST 02)","Caldwell (DIST 02)",null,"Caldwell",null,"(270) 365-7227",null,"Caldwell (DIST 02)","CALD02",1.0238,"CALD","Caldwell","02","Caldwell (DIST 02)",null,null,null,"Bullitt (DIST 06)",1.2465999999999999]
["103","Rowan","103",null,"01801","018","Calloway","01",null,"CASE","BULL","Bullitt","01507","Bullitt","(DIST 07)","Bullitt (DIST 07)","Bullitt (DIST 07)","Bullitt (DIST 06)",1.2164999999999999,0.19350000000000001,null,"Bullitt (DIST 06)",1.2164999999999999,0.19350000000000001,null,null,null,null,null,null,"Rowan","(606) 784-5512",null,"Calloway","(DIST 01)","Calloway (DIST 01)",null,"Calloway",null,"(270) 753-3482",null,"Calloway (DIST 01)","CALL01",1.3047,"CALL","Calloway","01","Calloway (DIST 01)",null,null,null,"Bullitt (DIST 07)",1.2242]
["104","Russell","104",null,"01802","018","Calloway","02",null,"CHRI","BULL","Bullitt","01508","Bullitt","(DIST 08)","Bullitt (DIST 08)","Bullitt (DIST 08)","Bullitt (DIST 07)",1.1940999999999999,0.19350000000000001,null,"Bullitt (DIST 07)",1.1940999999999999,0.19350000000000001,null,null,null,null,null,null,"Russell","(270) 343-4395",null,"Calloway","(DIST 02)","Calloway (DIST 02)",null,"Calloway",null,"(270) 753-3482",null,"Calloway (DIST 02)","CALL02",1.0793000000000001,"CALL","Calloway","02","Calloway (DIST 02)",null,null,null,"Bullitt (DIST 08)",1.2665999999999999]
["105","Scott","105",null,"01803","018","Calloway","03",null,"CLAR","BULL","Bullitt","01509","Bullitt","(DIST 09)","Bullitt (DIST 09)","Bullitt (DIST 09)","Bullitt (DIST 08)",1.2464999999999999,0.19350000000000001,null,"Bullitt (DIST 08)",1.2464999999999999,0.19350000000000001,null,null,null,null,null,null,"Scott","(502) 863-7885",null,"Calloway","(DIST 03)","Calloway (DIST 03)",null,"Calloway",null,"(270) 753-3482",null,"Calloway (DIST 03)","CALL03",1.0507,"CALL","Calloway","03","Calloway (DIST 03)",null,null,null,"Bullitt (DIST 09)",1.2410999999999999]
["106","Shelby","106",null,"01810","018","Calloway","10",null,"HARR","BULL","Bullitt","01510","Bullitt","(DIST 10)","Bullitt (DIST 10)","Bullitt (DIST 10)","Bullitt (DIST 09)",1.2109999999999999,0.19350000000000001,null,"Bullitt (DIST 09)",1.2109999999999999,0.19350000000000001,null,null,null,null,null,null,"Shelby","(502) 633-4403",null,"Calloway","(DIST 10)","Calloway (DIST 10)",null,"Calloway",null,"(270) 753-3482",null,"Calloway (DIST 10)","CALL10",0.82530000000000003,"CALL","Calloway","10","Calloway (DIST 10)",null,null,null,"Bullitt (DIST 10)",1.3066]
["107","Simpson","107",null,"01812","018","Calloway","12",null,"HART","BULL","Bullitt","01511","Bullitt","(DIST 11)","Bullitt (DIST 11)","Bullitt (DIST 11)","Bullitt (DIST 10)",1.2765,9.35E-2,null,"Bullitt (DIST 10)",1.2765,9.35E-2,null,null,null,null,null,null,"Simpson","(270) 586-4261",null,"Calloway","(DIST 12)","Calloway (DIST 12)",null,"Calloway",null,"(270) 753-3482",null,"Calloway (DIST 12)","CALL12",1.2253000000000001,"CALL","Calloway","12","Calloway (DIST 12)",null,null,null,"Bullitt (DIST 11)",1.0946]
["108","Spencer","108",null,"01830","018","Calloway","30",null,null,"BULL","Bullitt","01512","Bullitt","(DIST 12)","Bullitt (DIST 12)","Bullitt (DIST 12)","Bullitt (DIST 11)",1.0615000000000001,9.35E-2,null,"Bullitt (DIST 11)",1.0615000000000001,9.35E-2,null,null,null,null,null,null,"Spencer","(502) 477-3207",null,"Calloway","(DIST 30)","Calloway (DIST 30)",null,"Calloway",null,"(270) 753-3482",null,"Campbell (DIST 01)","CAMP01",1.0579000000000001,"CAMP","Campbell","01","Campbell (DIST 01)",null,null,null,"Bullitt (DIST 12)",1.0666]
["109","Taylor","109",null,"01904","019","Campbell","04",null,"HEND","BULL","Bullitt","01516","Bullitt","(DIST 16)","Bullitt (DIST 16)","Bullitt (DIST 16)","Bullitt (DIST 12)",1.0365,0.19350000000000001,null,"Bullitt (DIST 12)",1.0365,0.19350000000000001,null,null,null,null,null,null,"Taylor","(270) 465-5811",null,"Campbell","(DIST 04)","Campbell (DIST 04)",null,"Campbell",null,"(859) 292-3871",null,"Campbell (DIST 02)","CAMP02",1.0579000000000001,"CAMP","Campbell","02","Campbell (DIST 02)",null,null,null,"Bullitt (DIST 16)",1.1945999999999999]
["110","Todd","110",null,"01905","019","Campbell","05",null,"HENR","BULL","Bullitt","UNKNOWN","Bullitt","(DIST UNKNOWN)"," (DIST UNKNOWN)"," (DIST UNKNOWN)","Bullitt (DIST 16)",1.1615,0.19350000000000001,null,"Bullitt (DIST 16)",1.1615,0.19350000000000001,null,null,null,null,null,null,"Todd","(270) 265-9966",null,"Campbell","(DIST 05)","Campbell (DIST 05)",null,"Campbell",null,"(859) 292-3871",null,"Campbell (DIST 04)","CAMP04",1.3579000000000001,"CAMP","Campbell","04","Campbell (DIST 04)",null,null,null,"Bullitt (UNKNOWN)",{"$error":"#N/A"}]
["111","Trigg","111",null,"01906","019","Campbell","06",null,"HICK","BUTL","Butler","01600","Butler","(DIST 00)","Butler (DIST 00)","Butler (DIST 00)","Bullitt (UNKNOWN)",0.9365,9.35E-2,null,"Bullitt (UNKNOWN)",0.9365,9.35E-2,null,null,null,null,null,null,"Trigg","(270) 522-3271",null,"Campbell","(DIST 06)","Campbell (DIST 06)",null,"Campbell",null,"(859) 292-3871",null,"Campbell (DIST 05)","CAMP05",1.9559,"CAMP","Campbell","05","Campbell (DIST 05)",null,null,null,"Butler (DIST 00)",0.84849999999999992]
["112","Trimble","112",null,"01907","019","Campbell","07",null,"HOPK","BUTL","Butler","01601","Butler","(DIST 01)","Butler (DIST 01)","Butler (DIST 01)","Butler (DIST 00)",0.83760000000000001,0.113,null,"Butler (DIST 00)",0.83760000000000001,0.113,null,null,null,null,null,null,"Trimble","(502) 255-3592",null,"Campbell","(DIST 07)","Campbell (DIST 07)",null,"Campbell",null,"(859) 292-3871",null,"Campbell (DIST 06)","CAMP06",0.68390000000000006,"CAMP","Campbell","06","Campbell (DIST 06)",null,null,null,"Butler (DIST 01)",0.95809999999999995]
["113","Union","113",null,"01908","019","Campbell","08",null,null,"BUTL","Butler","01602","Butler","(DIST 02)","Butler (DIST 02)","Butler (DIST 02)","Butler (DIST 01)",0.93159999999999998,0.113,null,"Butler (DIST 01)",0.93159999999999998,0.113,null,null,null,null,null,null,"Union","(270) 389-1933",null,"Campbell","(DIST 08)","Campbell (DIST 08)",null,"Campbell",null,"(859) 292-3871",null,"Campbell (DIST 07)","CAMP07",0.92790000000000006,"CAMP","Campbell","07","Campbell (DIST 07)",null,null,null,"Butler (DIST 02)",0.84849999999999992]
["114","Warren","114",null,"01909","019","Campbell","09",null,"LESL","BUTL","Butler","01603","Butler","(DIST 03)","Butler (DIST 03)","Butler (DIST 03)","Butler (DIST 02)",0.83760000000000001,0.113,null,"Butler (DIST 02)",0.83760000000000001,0.113,null,null,null,null,null,null,"Warren","(270) 843-3268",null,"Campbell","(DIST 09)","Campbell (DIST 09)",null,"Campbell",null,"(859) 292-3871",null,"Campbell (DIST 08)","CAMP08",1.2118000000000002,"CAMP","Campbell","08","Campbell (DIST 08)",null,null,null,"Butler (DIST 03)",0.94349999999999989]
["115","Washington","115",null,"01910","019","Campbell","10",null,"LETC","BUTL","Butler","UNKNOWN","Butler","(DIST UNKNOWN)"," (DIST UNKNOWN)"," (DIST UNKNOWN)","Butler (DIST 03)",0.83760000000000001,0.113,null,"Butler (DIST 03)",0.83760000000000001,0.113,null,null,null,null,null,null,"Washington","(859) 336-5420",null,"Campbell","(DIST 10)","Campbell (DIST 10)",null,"Campbell",null,"(859) 292-3871",null,"Campbell (DIST 09)","CAMP09",1.4549000000000001,"CAMP","Campbell","09","Campbell (DIST 09)",null,null,null,"Butler (UNKNOWN)",{"$error":"#N/A"}]
["116","Wayne","116",null,"01912","019","Campbell","12",null,"LEWI","CALD","Caldwell","01700","Caldwell","(DIST 00)","Caldwell (DIST 00)","Caldwell (DIST 00)","Butler (UNKNOWN)",0.83760000000000001,0.113,null,"Butler (UNKNOWN)",0.83760000000000001,0.113,null,null,null,null,null,null,"Wayne","(606) 348-6621",null,"Campbell","(DIST 12)","Campbell (DIST 12)",null,"Campbell",null,"(859) 292-3871",null,"Campbell (DIST 10)","CAMP10",1.6169000000000002,"CAMP","Campbell","10","Campbell (DIST 10)",null,null,null,"Caldwell (DIST 00)",0.74380000000000002]
["117","Webster","117",null,"01913","019","Campbell","13",null,null,"CALD","Caldwell","01701","Caldwell","(DIST 01)","Caldwell (DIST 01)","Caldwell (DIST 01)","Caldwell (DIST 00)",0.74019999999999997,0.107,null,"Caldwell (DIST 00)",0.74019999999999997,0.107,null,null,null,null,null,null,"Webster","(270) 639-7016",null,"Campbell","(DIST 13)","Campbell (DIST 13)",null,"Campbell",null,"(859) 292-3871",null,"Campbell (DIST 11)","CAMP11",1.6349,"CAMP","Campbell","11","Campbell (DIST 11)",null,null,null,"Caldwell (DIST 01)",0.91759999999999997]
["118","Whitley","118",null,"01914","019","Campbell","14",null,"PULA","CALD","Caldwell","01702","Caldwell","(DIST 02)","Caldwell (DIST 02)","Caldwell (DIST 02)","Caldwell (DIST 01)",0.89419999999999999,0.107,null,"Caldwell (DIST 01)",0.89419999999999999,0.107,null,null,null,null,null,null,"Whitley","(606) 549-6008",null,"Campbell","(DIST 14)","Campbell (DIST 14)",null,"Campbell",null,"(859) 292-3871",null,"Campbell (DIST 12)","CAMP12",1.4759000000000002,"CAMP","Campbell","12","Campbell (DIST 12)",null,null,null,"Caldwell (DIST 02)",1.0238]
["119","Wolfe","119",null,"01915","019","Campbell","15",null,"ROBE","CALD","Caldwell","UNKNOWN","Caldwell","(DIST UNKNOWN)"," (DIST UNKNOWN)"," (DIST UNKNOWN)","Caldwell (DIST 02)",1.0202,0.107,null,"Caldwell (DIST 02)",1.0202,0.107,null,null,null,null,null,null,"Wolfe","(606) 668-6923",null,"Campbell","(DIST 15)","Campbell (DIST 15)",null,"Campbell",null,"(859) 292-3871",null,"Campbell (DIST 13)","CAMP13",1.3709,"CAMP","Campbell","13","Campbell (DIST 13)",null,null,null,"Caldwell (UNKNOWN)",{"$error":"#N/A"}]
["120","Woodford","120",null,"01917","019","Campbell","17",null,"ROCK","CALL","Calloway","01801","Calloway","(DIST 01)","Calloway (DIST 01)","Calloway (DIST 01)","Caldwell (UNKNOWN)",0.74019999999999997,0.107,null,"Caldwell (UNKNOWN)",0.74019999999999997,0.107,null,null,null,null,null,null,"Woodford","(859) 873-4101",null,"Campbell","(DIST 17)","Campbell (DIST 17)",null,"Campbell",null,"(859) 292-3871",null,"Campbell (DIST 14)","CAMP14",1.3969,"CAMP","Campbell","14","Campbell (DIST 14)",null,null,null,"Calloway (DIST 01)",1.3047]
[null,null,null,null,"01918","019","Campbell","18",null,"ROWA","CALL","Calloway","01802","Calloway","(DIST 02)","Calloway (DIST 02)","Calloway (DIST 02)","Calloway (DIST 01)",1.2819,9.0999999999999998E-2,null,"Calloway (DIST 01)",1.2819,9.0999999999999998E-2,null,null,null,null,null,null,null,null,null,"Campbell","(DIST 18)","Campbell (DIST 18)",null,"Campbell",null,"(859) 292-3871",null,"Campbell (DIST 15)","CAMP15",1.3969,"CAMP","Campbell","15","Campbell (DIST 15)",null,null,null,"Calloway (DIST 02)",1.0793000000000001]
[null,null,null,null,"01921","019","Campbell","21",null,"RUSS","CALL","Calloway","01803","Calloway","(DIST 03)","Calloway (DIST 03)","Calloway (DIST 03)","Calloway (DIST 02)",1.0608,0.18099999999999999,null,"Calloway (DIST 02)",1.0608,0.18099999999999999,null,null,null,null,null,null,null,null,null,"Campbell","(DIST 21)","Campbell (DIST 21)",null,"Campbell",null,"(859) 292-3871",null,"Campbell (DIST 16)","CAMP16",1.2429000000000001,"CAMP","Campbell","16","Campbell (DIST 16)",null,null,null,"Calloway (DIST 03)",1.0507]
[null,null,null,null,"01923","019","Campbell","23",null,null,"CALL","Calloway","01810","Calloway","(DIST 10)","Calloway (DIST 10)","Calloway (DIST 10)","Calloway (DIST 03)",1.0288999999999999,9.0999999999999998E-2,null,"Calloway (DIST 03)",1.0288999999999999,9.0999999999999998E-2,null,null,null,null,null,null,null,null,null,"Campbell","(DIST 23)","Campbell (DIST 23)",null,"Campbell",null,"(859) 292-3871",null,"Campbell (DIST 17)","CAMP17",1.2429000000000001,"CAMP","Campbell","17","Campbell (DIST 17)",null,null,null,"Calloway (DIST 10)",0.82530000000000003]
[null,null,null,null,"01926","019","Campbell","26",null,"JACK","CALL","Calloway","01812","Calloway","(DIST 12)","Calloway (DIST 12)","Calloway (DIST 12)","Calloway (DIST 10)",0.80779999999999996,0.18099999999999999,null,"Calloway (DIST 10)",0.80779999999999996,0.18099999999999999,null,null,null,null,null,null,null,null,null,"Campbell","(DIST 26)","Campbell (DIST 26)",null,"Campbell",null,"(859) 292-3871",null,"Campbell (DIST 18)","CAMP18",1.8079000000000001,"CAMP","Campbell","18","Campbell (DIST 18)",null,null,null,"Calloway (DIST 12)",1.2253000000000001]
[null,null,null,null,"01927","019","Campbell","27",null,"JEFF","CALL","Calloway","UNKNOWN","Calloway","(DIST UNKNOWN)"," (DIST UNKNOWN)"," (DIST UNKNOWN)","Calloway (DIST 12)",1.2238,9.0999999999999998E-2,null,"Calloway (DIST 12)",1.2238,9.0999999999999998E-2,null,null,null,null,null,null,null,null,null,"Campbell","(DIST 27)","Campbell (DIST 27)",null,"Campbell",null,"(859) 292-3871",null,"Campbell (DIST 19)","CAMP19",1.7899,"CAMP","Campbell","19","Campbell (DIST 19)",null,null,null,"Calloway (UNKNOWN)",{"$error":"#N/A"}]
[null,null,null,null,"01928","019","Campbell","28",null,"JESS","CAMP","Campbell","01901","Campbell","(DIST 01)","Campbell (DIST 01)","Campbell (DIST 01)","Calloway (UNKNOWN)",0.80779999999999996,9.0999999999999998E-2,null,"Calloway (UNKNOWN)",0.80779999999999996,9.0999999999999998E-2,null,null,null,null,null,null,null,null,null,"Campbell","(DIST 28)","Campbell (DIST 28)",null,"Campbell",null,"(859) 292-3871",null,"Campbell (DIST 20)","CAMP20",1.3149000000000002,"CAMP","Campbell","20","Campbell (DIST 20)",null,null,null,"Campbell (DIST 01)",1.0579000000000001]
[null,null,null,null,"01929","019","Campbell","29",null,"JOHN","CAMP","Campbell","01902","Campbell","(DIST 02)","Campbell (DIST 02)","Campbell (DIST 02)","Campbell (DIST 01)",1.0810999999999999,0.15859999999999999,null,"Campbell (DIST 01)",1.0810999999999999,0.15859999999999999,null,null,null,null,null,null,null,null,null,"Campbell","(DIST 29)","Campbell (DIST 29)",null,"Campbell",null,"(859) 292-3871",null,"Campbell (DIST 21)","CAMP21",1.0039,"CAMP","Campbell","21","Campbell (DIST 21)",null,null,null,"Campbell (DIST 02)",1.0579000000000001]
[null,null,null,null,"01937","019","Campbell","37",null,"KENT","CAMP","Campbell","01904","Campbell","(DIST 04)","Campbell (DIST 04)","Campbell (DIST 04)","Campbell (DIST 02)",1.0810999999999999,0.15859999999999999,null,"Campbell (DIST 02)",1.0810999999999999,0.15859999999999999,null,null,null,null,null,null,null,null,null,"Campbell","(DIST 37)","Campbell (DIST 37)",null,"Campbell",null,"(859) 292-3871",null,"Campbell (DIST 22)","CAMP22",1.6349,"CAMP","Campbell","22","Campbell (DIST 22)",null,null,null,"Campbell (DIST 04)",1.3579000000000001]
[null,null,null,null,"01938","019","Campbell","38",null,"KNOT","CAMP","Campbell","01905","Campbell","(DIST 05)","Campbell (DIST 05)","Campbell (DIST 05)","Campbell (DIST 04)",2.5871,0.15859999999999999,null,"Campbell (DIST 04)",2.5871,0.15859999999999999,null,null,null,null,null,null,null,null,null,"Campbell","(DIST 38)","Campbell (DIST 38)",null,"Campbell",null,"(859) 292-3871",null,"Campbell (DIST 23)","CAMP23",1.2849000000000002,"CAMP","Campbell","23","Campbell (DIST 23)",null,null,null,"Campbell (DIST 05)",1.9559]
[null,null,null,null,"01939","019","Campbell","39",null,"KNOX","CAMP","Campbell","01906","Campbell","(DIST 06)","Campbell (DIST 06)","Campbell (DIST 06)","Campbell (DIST 05)",2.1871,0.15859999999999999,null,"Campbell (DIST 05)",2.1871,0.15859999999999999,null,null,null,null,null,null,null,null,null,"Campbell","(DIST 39)","Campbell (DIST 39)",null,"Campbell",null,"(859) 292-3871",null,"Campbell (DIST 26)","CAMP26",1.4079000000000002,"CAMP","Campbell","26","Campbell (DIST 26)",null,null,null,"Campbell (DIST 06)",{"$f":"VLOOKUP(AZ132,AP$3:AR$691,3,FALSE)","v":0.68390000000000006}]
[null,null,null,null,"01943","019","Campbell","43",null,"LARU","CAMP","Campbell","01907","Campbell","(DIST 07)","Campbell (DIST 07)","Campbell (DIST 07)","Campbell (DIST 06)",1.7540999999999998,0.15859999999999999,null,"Campbell (DIST 06)",1.7540999999999998,0.15859999999999999,null,null,null,null,null,null,null,null,null,"Campbell","(DIST 43)","Campbell (DIST 43)",null,"Campbell",null,"(859) 292-3871",null,"Campbell (DIST 27)","CAMP27",1.2379,"CAMP","Campbell","27","Campbell (DIST 27)",null,null,null,"Campbell (DIST 07)",0.92790000000000006]
[null,null,null,null,"01946","019","Campbell","46",null,"LINC","CAMP","Campbell","01908","Campbell","(DIST 08)","Campbell (DIST 08)","Campbell (DIST 08)","Campbell (DIST 07)",1.9350999999999998,0.15859999999999999,null,"Campbell (DIST 07)",1.9350999999999998,0.15859999999999999,null,null,null,null,null,null,null,null,null,"Campbell","(DIST 46)","Campbell (DIST 46)",null,"Campbell",null,"(859) 292-3871",null,"Campbell (DIST 28)","CAMP28",1.2579,"CAMP","Campbell","28","Campbell (DIST 28)",null,null,null,"Campbell (DIST 08)",1.2118000000000002]
[null,null,null,null,"01947","019","Campbell","47",null,"LIVI","CAMP","Campbell","01909","Campbell","(DIST 09)","Campbell (DIST 09)","Campbell (DIST 09)","Campbell (DIST 08)",2.4329999999999998,9.0800000000000006E-2,null,"Campbell (DIST 08)",2.4329999999999998,9.0800000000000006E-2,null,null,null,null,null,null,null,null,null,"Campbell","(DIST 47)","Campbell (DIST 47)",null,"Campbell",null,"(859) 292-3871",null,"Campbell (DIST 29)","CAMP29",1.3079000000000001,"CAMP","Campbell","29","Campbell (DIST 29)",null,null,null,"Campbell (DIST 09)",1.4549000000000001]
[null,null,null,null,"01949","019","Campbell","49",null,"LOGA","CAMP","Campbell","01910","Campbell","(DIST 10)","Campbell (DIST 10)","Campbell (DIST 10)","Campbell (DIST 09)",1.4291,0.15859999999999999,null,"Campbell (DIST 09)",1.4291,0.15859999999999999,null,null,null,null,null,null,null,null,null,"Campbell","(DIST 49)","Campbell (DIST 49)",null,"Campbell",null,"(859) 292-3871",null,"Campbell (DIST 33)","CAMP33",1.2379,"CAMP","Campbell","33","Campbell (DIST 33)",null,null,null,"Campbell (DIST 10)",1.6169000000000002]
[null,null,null,null,"02000","020","Carlisle","00",null,"LYON","CAMP","Campbell","01911","Campbell","(DIST 11)","Campbell (DIST 11)","Campbell (DIST 11)","Campbell (DIST 10)",1.8081,0.15859999999999999,null,"Campbell (DIST 10)",1.8081,0.15859999999999999,null,null,null,null,null,null,null,null,null,"Carlisle","(DIST 00)","Carlisle (DIST 00)",null,"Carlisle",null,"(270) 628-5498",null,"Campbell (DIST 35)","CAMP35",1.3918999999999999,"CAMP","Campbell","35","Campbell (DIST 35)",null,null,null,"Campbell (DIST 11)",1.6349]
[null,null,null,null,"02001","020","Carlisle","01",null,"MCCK","CAMP","Campbell","01912","Campbell","(DIST 12)","Campbell (DIST 12)","Campbell (DIST 12)","Campbell (DIST 11)",1.7970999999999999,0.15859999999999999,null,"Campbell (DIST 11)",1.7970999999999999,0.15859999999999999,null,null,null,null,null,null,null,null,null,"Carlisle","(DIST 01)","Carlisle (DIST 01)",null,"Carlisle",null,"(270) 628-5498",null,"Campbell (DIST 37)","CAMP37",1.2379,"CAMP","Campbell","37","Campbell (DIST 37)",null,null,null,"Campbell (DIST 12)",1.4759000000000002]
[null,null,null,null,"02002","020","Carlisle","02",null,"MCCR","CAMP","Campbell","01913","Campbell","(DIST 13)","Campbell (DIST 13)","Campbell (DIST 13)","Campbell (DIST 12)",1.4210999999999998,0.2908,null,"Campbell (DIST 12)",1.4210999999999998,0.2908,null,null,null,null,null,null,null,null,null,"Carlisle","(DIST 02)","Carlisle (DIST 02)",null,"Carlisle",null,"(270) 628-5498",null,"Campbell (DIST 38)","CAMP38",1.6358999999999999,"CAMP","Campbell","38","Campbell (DIST 38)",null,null,null,"Campbell (DIST 13)",1.3709]
[null,null,null,null,"02100","021","Carroll","00",null,"MCLE","CAMP","Campbell","01914","Campbell","(DIST 14)","Campbell (DIST 14)","Campbell (DIST 14)","Campbell (DIST 13)",1.5941000000000001,0.15859999999999999,null,"Campbell (DIST 13)",1.5941000000000001,0.15859999999999999,null,null,null,null,null,null,null,null,null,"Carroll","(DIST 00)","Carroll (DIST 00)",null,"Carroll",null,"(502) 732-5448",null,"Campbell (DIST 39)","CAMP39",1.7899,"CAMP","Campbell","39","Campbell (DIST 39)",null,null,null,"Campbell (DIST 14)",1.3969]
[null,null,null,null,"02101","021","Carroll","01",null,"MADI","CAMP","Campbell","01915","Campbell","(DIST 15)","Campbell (DIST 15)","Campbell (DIST 15)","Campbell (DIST 14)",1.4031,0.2908,null,"Campbell (DIST 14)",1.4031,0.2908,null,null,null,null,null,null,null,null,null,"Carroll","(DIST 01)","Carroll (DIST 01)",null,"Carroll",null,"(502) 732-5448",null,"Campbell (DIST 45)","CAMP45",1.2579,"CAMP","Campbell","45","Campbell (DIST 45)",null,null,null,"Campbell (DIST 15)",1.3969]
[null,null,null,null,"02102","021","Carroll","02",null,"MAGO","CAMP","Campbell","01916","Campbell","(DIST 16)","Campbell (DIST 16)","Campbell (DIST 16)","Campbell (DIST 15)",1.4031,0.2908,null,"Campbell (DIST 15)",1.4031,0.2908,null,null,null,null,null,null,null,null,null,"Carroll","(DIST 02)","Carroll (DIST 02)",null,"Carroll",null,"(502) 732-5448",null,"Campbell (DIST 47)","CAMP47",1.2579,"CAMP","Campbell","47","Campbell (DIST 47)",null,null,null,"Campbell (DIST 16)",1.2429000000000001]
[null,null,null,null,"02103","021","Carroll","03",null,"MARI","CAMP","Campbell","01917","Campbell","(DIST 17)","Campbell (DIST 17)","Campbell (DIST 17)","Campbell (DIST 16)",1.2810999999999999,0.2908,null,"Campbell (DIST 16)",1.2810999999999999,0.2908,null,null,null,null,null,null,null,null,null,"Carroll","(DIST 03)","Carroll (DIST 03)",null,"Carroll",null,"(502) 732-5448",null,"Campbell (DIST 48)","CAMP48",1.4049,"CAMP","Campbell","48","Campbell (DIST 48)",null,null,null,"Campbell (DIST 17)",1.2429000000000001]
[null,null,null,null,"02104","021","Carroll","04",null,"MARS","CAMP","Campbell","01918","Campbell","(DIST 18)","Campbell (DIST 18)","Campbell (DIST 18)","Campbell (DIST 17)",1.2811000000000001,0.2908,null,"Campbell (DIST 17)",1.2811000000000001,0.2908,null,null,null,null,null,null,null,null,null,"Carroll","(DIST 04)","Carroll (DIST 04)",null,"Carroll",null,"(502) 732-5448",null,"Carlisle (DIST 00)","CARL00",0.99979999999999991,"CARL","Carlisle","00","Carlisle (DIST 00)",null,null,null,"Campbell (DIST 18)",1.8079000000000001]
[null,null,null,null,"02105","021","Carroll","05",null,"MART","CAMP","Campbell","01919","Campbell","(DIST 19)","Campbell (DIST 19)","Campbell (DIST 19)","Campbell (DIST 18)",2.0210999999999997,0.15859999999999999,null,"Campbell (DIST 18)",2.0210999999999997,0.15859999999999999,null,null,null,null,null,null,null,null,null,"Carroll","(DIST 05)","Carroll (DIST 05)",null,"Carroll",null,"(502) 732-5448",null,"Carlisle (DIST 01)","CARL01",1.2698,"CARL","Carlisle","01","Carlisle (DIST 01)",null,null,null,"Campbell (DIST 19)",1.7899]
[null,null,null,null,"02106","021","Carroll","06",null,"MASO","CAMP","Campbell","01920","Campbell","(DIST 20)","Campbell (DIST 20)","Campbell (DIST 20)","Campbell (DIST 19)",2.1071,0.15859999999999999,null,"Campbell (DIST 19)",2.1071,0.15859999999999999,null,null,null,null,null,null,null,null,null,"Carroll","(DIST 06)","Carroll (DIST 06)",null,"Carroll",null,"(502) 732-5448",null,"Carlisle (DIST 02)","CARL02",1.4137999999999999,"CARL","Carlisle","02","Carlisle (DIST 02)",null,null,null,"Campbell (DIST 20)",1.3149000000000002]
[null,null,null,null,"02200","022","Carter","00",null,"MEAD","CAMP","Campbell","01921","Campbell","(DIST 21)","Campbell (DIST 21)","Campbell (DIST 21)","Campbell (DIST 20)",1.3551,0.15859999999999999,null,"Campbell (DIST 20)",1.3551,0.15859999999999999,null,null,null,null,null,null,null,null,null,"Carter","(DIST 00)","Carter (DIST 00)",null,"Carter",null,"(606) 474-5663",null,"Carroll (DIST 00)","CARR00",1.0111000000000001,"CARR","Carroll","00","Carroll (DIST 00)",null,null,null,"Campbell (DIST 21)",1.0039]
[null,null,null,null,"02201","022","Carter","01",null,"MENI","CAMP","Campbell","01922","Campbell","(DIST 22)","Campbell (DIST 22)","Campbell (DIST 22)","Campbell (DIST 21)",2.1960999999999995,0.15859999999999999,null,"Campbell (DIST 21)",2.1960999999999995,0.15859999999999999,null,null,null,null,null,null,null,null,null,"Carter","(DIST 01)","Carter (DIST 01)",null,"Carter",null,"(606) 474-5663",null,"Carroll (DIST 01)","CARR01",1.1111,"CARR","Carroll","01","Carroll (DIST 01)",null,null,null,"Campbell (DIST 22)",1.6349]
[null,null,null,null,"02202","022","Carter","02",null,"MERC","CAMP","Campbell","01923","Campbell","(DIST 23)","Campbell (DIST 23)","Campbell (DIST 23)","Campbell (DIST 22)",1.7970999999999999,0.15859999999999999,null,"Campbell (DIST 22)",1.7970999999999999,0.15859999999999999,null,null,null,null,null,null,null,null,null,"Carter","(DIST 02)","Carter (DIST 02)",null,"Carter",null,"(606) 474-5663",null,"Carroll (DIST 02)","CARR02",1.3911,"CARR","Carroll","02","Carroll (DIST 02)",null,null,null,"Campbell (DIST 23)",1.2849000000000002]
[null,null,null,null,"02300","023","Casey","00",null,"METC","CAMP","Campbell","01926","Campbell","(DIST 26)","Campbell (DIST 26)","Campbell (DIST 26)","Campbell (DIST 23)",1.0810999999999999,0.15859999999999999,null,"Campbell (DIST 23)",1.0810999999999999,0.15859999999999999,null,null,null,null,null,null,null,null,null,"Casey","(DIST 00)","Casey (DIST 00)",null,"Casey",null,"(606) 787-7621",null,"Carroll (DIST 03)","CARR03",1.3771,"CARR","Carroll","03","Carroll (DIST 03)",null,null,null,"Campbell (DIST 26)",1.4079000000000002]
[null,null,null,null,"02301","023","Casey","01",null,"MONR","CAMP","Campbell","01927","Campbell","(DIST 27)","Campbell (DIST 27)","Campbell (DIST 27)","Campbell (DIST 26)",1.4230999999999998,0.2908,null,"Campbell (DIST 26)",1.4230999999999998,0.2908,null,null,null,null,null,null,null,null,null,"Casey","(DIST 01)","Casey (DIST 01)",null,"Casey",null,"(606) 787-7621",null,"Carroll (DIST 04)","CARR04",1.2251000000000001,"CARR","Carroll","04","Carroll (DIST 04)",null,null,null,"Campbell (DIST 27)",1.2379]
[null,null,null,null,"02400","024","Christian","00",null,null,"CAMP","Campbell","01928","Campbell","(DIST 28)","Campbell (DIST 28)","Campbell (DIST 28)","Campbell (DIST 27)",1.2610999999999999,0.27079999999999999,null,"Campbell (DIST 27)",1.2610999999999999,0.27079999999999999,null,null,null,null,null,null,null,null,null,"Christian","(DIST 00)","Christian (DIST 00)",null,"Christian",null,"(270) 887-4115",null,"Carroll (DIST 05)","CARR05",1.3111000000000002,"CARR","Carroll","05","Carroll (DIST 05)",null,null,null,"Campbell (DIST 28)",1.2579]
[null,null,null,null,"02401","024","Christian","01",null,"MONT","CAMP","Campbell","01929","Campbell","(DIST 29)","Campbell (DIST 29)","Campbell (DIST 29)","Campbell (DIST 28)",1.2810999999999999,0.2908,null,"Campbell (DIST 28)",1.2810999999999999,0.2908,null,null,null,null,null,null,null,null,null,"Christian","(DIST 01)","Christian (DIST 01)",null,"Christian",null,"(270) 887-4115",null,"Carroll (DIST 06)","CARR06",1.2611000000000001,"CARR","Carroll","06","Carroll (DIST 06)",null,null,null,"Campbell (DIST 29)",1.3079000000000001]
[null,null,null,null,"02402","024","Christian","02",null,"MORG","CAMP","Campbell","01933","Campbell","(DIST 33)","Campbell (DIST 33)","Campbell (DIST 33)","Campbell (DIST 29)",1.3310999999999999,0.15859999999999999,null,"Campbell (DIST 29)",1.3310999999999999,0.15859999999999999,null,null,null,null,null,null,null,null,null,"Christian","(DIST 02)","Christian (DIST 02)",null,"Christian",null,"(270) 887-4115",null,"Carter (DIST 00)","CART00",0.77559999999999996,"CART","Carter","00","Carter (DIST 00)",null,null,null,"Campbell (DIST 33)",1.2379]
[null,null,null,null,"02403","024","Christian","03",null,"MUHL","CAMP","Campbell","01935","Campbell","(DIST 35)","Campbell (DIST 35)","Campbell (DIST 35)","Campbell (DIST 33)",1.2610999999999999,0.27079999999999999,null,"Campbell (DIST 33)",1.2610999999999999,0.27079999999999999,null,null,null,null,null,null,null,null,null,"Christian","(DIST 03)","Christian (DIST 03)",null,"Christian",null,"(270) 887-4115",null,"Carter (DIST 01)","CART01",0.96960000000000002,"CART","Carter","01","Carter (DIST 01)",null,null,null,"Campbell (DIST 35)",1.3918999999999999]
[null,null,null,null,"02404","024","Christian","04",null,null,"CAMP","Campbell","01937","Campbell","(DIST 37)","Campbell (DIST 37)","Campbell (DIST 37)","Campbell (DIST 35)",1.3831,0.27079999999999999,null,"Campbell (DIST 35)",1.3831,0.27079999999999999,null,null,null,null,null,null,null,null,null,"Christian","(DIST 04)","Christian (DIST 04)",null,"Christian",null,"(270) 887-4115",null,"Carter (DIST 02)","CART02",1.0076000000000001,"CART","Carter","02","Carter (DIST 02)",null,null,null,"Campbell (DIST 37)",1.2379]
[null,null,null,null,"02405","024","Christian","05",null,"SCOT","CAMP","Campbell","01938","Campbell","(DIST 38)","Campbell (DIST 38)","Campbell (DIST 38)","Campbell (DIST 37)",1.2610999999999999,0.27079999999999999,null,"Campbell (DIST 37)",1.2610999999999999,0.27079999999999999,null,null,null,null,null,null,null,null,null,"Christian","(DIST 05)","Christian (DIST 05)",null,"Christian",null,"(270) 887-4115",null,"Casey (DIST 00)","CASE00",0.84309999999999996,"CASE","Casey","00","Casey (DIST 00)",null,null,null,"Campbell (DIST 38)",1.6358999999999999]
[null,null,null,null,"02431","024","Christian","31",null,"SHEL","CAMP","Campbell","01939","Campbell","(DIST 39)","Campbell (DIST 39)","Campbell (DIST 39)","Campbell (DIST 38)",1.7450999999999999,0.15859999999999999,null,"Campbell (DIST 38)",1.7450999999999999,0.15859999999999999,null,null,null,null,null,null,null,null,null,"Christian","(DIST 31)","Christian (DIST 31)",null,"Christian",null,"(270) 887-4115",null,"Casey (DIST 01)","CASE01",1.0521,"CASE","Casey","01","Casey (DIST 01)",null,null,null,"Campbell (DIST 39)",1.7899]
[null,null,null,null,"02500","025","Clark","00",null,"SIMP","CAMP","Campbell","01945","Campbell","(DIST 45)","Campbell (DIST 45)","Campbell (DIST 45)","Campbell (DIST 39)",2.1071,0.15859999999999999,null,"Campbell (DIST 39)",2.1071,0.15859999999999999,null,null,null,null,null,null,null,null,null,"Clark","(DIST 00)","Clark (DIST 00)",null,"Clark",null,"(859) 745-0250",null,"Christian (DIST 00)","CHRI00",0.67880000000000007,"CHRI","Christian","00","Christian (DIST 00)",null,null,null,"Campbell (DIST 45)",1.2579]
[null,null,null,null,"02501","025","Clark","01",null,"SPEN","CAMP","Campbell","01947","Campbell","(DIST 47)","Campbell (DIST 47)","Campbell (DIST 47)","Campbell (DIST 45)",1.2810999999999999,0.2908,null,"Campbell (DIST 45)",1.2810999999999999,0.2908,null,null,null,null,null,null,null,null,null,"Clark","(DIST 01)","Clark (DIST 01)",null,"Clark",null,"(859) 745-0250",null,"Christian (DIST 01)","CHRI01",0.91780000000000006,"CHRI","Christian","01","Christian (DIST 01)",null,null,null,"Campbell (DIST 47)",1.2579]
[null,null,null,null,"02560","025","Clark","60",null,null,"CAMP","Campbell","01948","Campbell","(DIST 48)","Campbell (DIST 48)","Campbell (DIST 48)","Campbell (DIST 47)",1.2810999999999999,0.2908,null,"Campbell (DIST 47)",1.2810999999999999,0.2908,null,null,null,null,null,null,null,null,null,"Clark","(DIST 60)","Clark (DIST 60)",null,"Clark",null,"(859) 745-0250",null,"Christian (DIST 02)","CHRI02",1.0031000000000001,"CHRI","Christian","02","Christian (DIST 02)",null,null,null,"Campbell (DIST 48)",1.4049]
[null,null,null,null,"02600","026","Clay","00",null,null,"CAMP","Campbell","UNKNOWN","Campbell","(DIST UNKNOWN)"," (DIST UNKNOWN)"," (DIST UNKNOWN)","Campbell (DIST 48)",1.4310999999999998,0.2908,null,"Campbell (DIST 48)",1.4310999999999998,0.2908,null,null,null,null,null,null,null,null,null,"Clay","(DIST 00)","Clay (DIST 00)",null,"Clay",null,"(606) 598-3832",null,"Christian (DIST 03)","CHRI03",0.76210000000000011,"CHRI","Christian","03","Christian (DIST 03)",null,null,null,"Campbell (UNKNOWN)",{"$error":"#N/A"}]
[null,null,null,null,"02601","026","Clay","01",null,null,"CARL","Carlisle","02000","Carlisle","(DIST 00)","Carlisle (DIST 00)","Carlisle (DIST 00)","Campbell (UNKNOWN)",1.0810999999999999,9.0800000000000006E-2,null,"Campbell (UNKNOWN)",1.0810999999999999,9.0800000000000006E-2,null,null,null,null,null,null,null,null,null,"Clay","(DIST 01)","Clay (DIST 01)",null,"Clay",null,"(606) 598-3832",null,"Christian (DIST 04)","CHRI04",0.7491000000000001,"CHRI","Christian","04","Christian (DIST 04)",null,null,null,"Carlisle (DIST 00)",0.99979999999999991]
[null,null,null,null,"02700","027","Clinton","00",null,null,"CARL","Carlisle","02001","Carlisle","(DIST 01)","Carlisle (DIST 01)","Carlisle (DIST 01)","Carlisle (DIST 00)",1.0038,0.1278,null,"Carlisle (DIST 00)",1.0038,0.1278,null,null,null,null,null,null,null,null,null,"Clinton","(DIST 00)","Clinton (DIST 00)",null,"Clinton",null,"(606) 387-5938",null,"Christian (DIST 05)","CHRI05",0.78220000000000012,"CHRI","Christian","05","Christian (DIST 05)",null,null,null,"Carlisle (DIST 01)",1.2698]
[null,null,null,null,"02701","027","Clinton","01",null,"NELS","CARL","Carlisle","02002","Carlisle","(DIST 02)","Carlisle (DIST 02)","Carlisle (DIST 02)","Carlisle (DIST 01)",1.2738,0.1278,null,"Carlisle (DIST 01)",1.2738,0.1278,null,null,null,null,null,null,null,null,null,"Clinton","(DIST 01)","Clinton (DIST 01)",null,"Clinton",null,"(606) 387-5938",null,"Clark (DIST 00)","CLAR00",0.94580000000000009,"CLAR","Clark","00","Clark (DIST 00)",null,null,null,"Carlisle (DIST 02)",1.4137999999999999]
[null,null,null,null,"02750","027","Clinton","50",null,"NICH","CARL","Carlisle","UNKNOWN","Carlisle","(DIST UNKNOWN)"," (DIST UNKNOWN)"," (DIST UNKNOWN)","Carlisle (DIST 02)",1.4177999999999999,0.1278,null,"Carlisle (DIST 02)",1.4177999999999999,0.1278,null,null,null,null,null,null,null,null,null,"Clinton","(DIST 50)","Clinton (DIST 50)",null,"Clinton",null,"(606) 387-5938",null,"Clark (DIST 01)","CLAR01",1.0957000000000001,"CLAR","Clark","01","Clark (DIST 01)",null,null,null,"Carlisle (UNKNOWN)",{"$error":"#N/A"}]
[null,null,null,null,"02801","028","Crittenden","01",null,"OHIO","CARR","Carroll","02100","Carroll","(DIST 00)","Carroll (DIST 00)","Carroll (DIST 00)","Carlisle (UNKNOWN)",1.0038,0.1278,null,"Carlisle (UNKNOWN)",1.0038,0.1278,null,null,null,null,null,null,null,null,null,"Crittenden","(DIST 01)","Crittenden (DIST 01)",null,"Crittenden",null,"(270) 965-4598",null,"Clay (DIST 00)","CLAY00",1.1560000000000001,"CLAY","Clay","00","Clay (DIST 00)",null,null,null,"Carroll (DIST 00)",1.0111000000000001]
[null,null,null,null,"02802","028","Crittenden","02",null,null,"CARR","Carroll","02101","Carroll","(DIST 01)","Carroll (DIST 01)","Carroll (DIST 01)","Carroll (DIST 00)",1.0189999999999999,0.217,null,"Carroll (DIST 00)",1.0189999999999999,0.217,null,null,null,null,null,null,null,null,null,"Crittenden","(DIST 02)","Crittenden (DIST 02)",null,"Crittenden",null,"(270) 965-4598",null,"Clay (DIST 01)","CLAY01",1.516,"CLAY","Clay","01","Clay (DIST 01)",null,null,null,"Carroll (DIST 01)",1.1111]
[null,null,null,null,"02831","028","Crittenden","31",null,"OLDH","CARR","Carroll","02102","Carroll","(DIST 02)","Carroll (DIST 02)","Carroll (DIST 02)","Carroll (DIST 01)",1.119,0.317,null,"Carroll (DIST 01)",1.119,0.317,null,null,null,null,null,null,null,null,null,"Crittenden","(DIST 31)","Crittenden (DIST 31)",null,"Crittenden",null,"(270) 965-4598",null,"Clinton (DIST 00)","CLIN00",0.73720000000000008,"CLIN","Clinton","00","Clinton (DIST 00)",null,null,null,"Carroll (DIST 02)",1.3911]
[null,null,null,null,"02900","029","Cumberland","00",null,"OWEN","CARR","Carroll","02103","Carroll","(DIST 03)","Carroll (DIST 03)","Carroll (DIST 03)","Carroll (DIST 02)",1.399,0.317,null,"Carroll (DIST 02)",1.399,0.317,null,null,null,null,null,null,null,null,null,"Cumberland","(DIST 00)","Cumberland (DIST 00)",null,"Cumberland",null,"(270) 864-5161",null,"Clinton (DIST 01)","CLIN01",0.93720000000000003,"CLIN","Clinton","01","Clinton (DIST 01)",null,null,null,"Carroll (DIST 03)",1.3771]
[null,null,null,null,"02901","029","Cumberland","01",null,null,"CARR","Carroll","02104","Carroll","(DIST 04)","Carroll (DIST 04)","Carroll (DIST 04)","Carroll (DIST 03)",1.3199999999999998,0.217,null,"Carroll (DIST 03)",1.3199999999999998,0.217,null,null,null,null,null,null,null,null,null,"Cumberland","(DIST 01)","Cumberland (DIST 01)",null,"Cumberland",null,"(270) 864-5161",null,"Crittenden (DIST 01)","CRIT01",0.74660000000000004,"CRIT","Crittenden","01","Crittenden (DIST 01)",null,null,null,"Carroll (DIST 04)",1.2251000000000001]
[null,null,null,null,"02950","029","Cumberland","50",null,null,"CARR","Carroll","02105","Carroll","(DIST 05)","Carroll (DIST 05)","Carroll (DIST 05)","Carroll (DIST 04)",1.2329999999999999,0.217,null,"Carroll (DIST 04)",1.2329999999999999,0.217,null,null,null,null,null,null,null,null,null,"Cumberland","(DIST 50)","Cumberland (DIST 50)",null,"Cumberland",null,"(270) 864-5161",null,"Crittenden (DIST 02)","CRIT02",1.0246999999999999,"CRIT","Crittenden","02","Crittenden (DIST 02)",null,null,null,"Carroll (DIST 05)",1.3111000000000002]
[null,null,null,null,"03000","030","Daviess","00",null,null,"CARR","Carroll","02106","Carroll","(DIST 06)","Carroll (DIST 06)","Carroll (DIST 06)","Carroll (DIST 05)",1.319,0.217,null,"Carroll (DIST 05)",1.319,0.217,null,null,null,null,null,null,null,null,null,"Daviess","(DIST 00)","Daviess (DIST 00)",null,"Daviess",null,"(270) 685-8474",null,"Cumberland (DIST 00)","CUMB00",0.76639999999999997,"CUMB","Cumberland","00","Cumberland (DIST 00)",null,null,null,"Carroll (DIST 06)",1.2611000000000001]
[null,null,null,null,"03001","030","Daviess","01",null,null,"CARR","Carroll","UNKNOWN","Carroll","(DIST UNKNOWN)"," (DIST UNKNOWN)"," (DIST UNKNOWN)","Carroll (DIST 06)",1.2689999999999999,0.217,null,"Carroll (DIST 06)",1.2689999999999999,0.217,null,null,null,null,null,null,null,null,null,"Daviess","(DIST 01)","Daviess (DIST 01)",null,"Daviess",null,"(270) 685-8474",null,"Cumberland (DIST 01)","CUMB01",1.0764,"CUMB","Cumberland","01","Cumberland (DIST 01)",null,null,null,"Carroll (UNKNOWN)",{"$error":"#N/A"}]
[null,null,null,null,"03002","030","Daviess","02",null,null,"CART","Carter","02200","Carter","(DIST 00)","Carter (DIST 00)","Carter (DIST 00)","Carroll (UNKNOWN)",1.0189999999999999,0.217,null,"Carroll (UNKNOWN)",1.0189999999999999,0.217,null,null,null,null,null,null,null,null,null,"Daviess","(DIST 02)","Daviess (DIST 02)",null,"Daviess",null,"(270) 685-8474",null,"Daviess (DIST 00)","DAVI00",1.0030000000000001,"DAVI","Daviess","00","Daviess (DIST 00)",null,null,null,"Carter (DIST 00)",0.77559999999999996]
[null,null,null,null,"03003","030","Daviess","03",null,null,"CART","Carter","02201","Carter","(DIST 01)","Carter (DIST 01)","Carter (DIST 01)","Carter (DIST 00)",0.76279999999999992,0.16,null,"Carter (DIST 00)",0.76279999999999992,0.16,null,null,null,null,null,null,null,null,null,"Daviess","(DIST 03)","Daviess (DIST 03)",null,"Daviess",null,"(270) 685-8474",null,"Daviess (DIST 01)","DAVI01",1.0030000000000001,"DAVI","Daviess","01","Daviess (DIST 01)",null,null,null,"Carter (DIST 01)",0.96960000000000002]
[null,null,null,null,"03004","030","Daviess","04",null,null,"CART","Carter","02202","Carter","(DIST 02)","Carter (DIST 02)","Carter (DIST 02)","Carter (DIST 01)",0.95079999999999987,0.16,null,"Carter (DIST 01)",0.95079999999999987,0.16,null,null,null,null,null,null,null,null,null,"Daviess","(DIST 04)","Daviess (DIST 04)",null,"Daviess",null,"(270) 685-8474",null,"Daviess (DIST 02)","DAVI02",1.1448,"DAVI","Daviess","02","Daviess (DIST 02)",null,null,null,"Carter (DIST 02)",1.0076000000000001]
[null,null,null,null,"03043","030","Daviess","43",null,null,"CART","Carter","UNKNOWN","Carter","(DIST UNKNOWN)"," (DIST UNKNOWN)"," (DIST UNKNOWN)","Carter (DIST 02)",0.9887999999999999,0.16,null,"Carter (DIST 02)",0.9887999999999999,0.16,null,null,null,null,null,null,null,null,null,"Daviess","(DIST 43)","Daviess (DIST 43)",null,"Daviess",null,"(270) 685-8474",null,"Daviess (DIST 03)","DAVI03",1.3332000000000002,"DAVI","Daviess","03","Daviess (DIST 03)",null,null,null,"Carter (UNKNOWN)",{"$error":"#N/A"}]
[null,null,null,null,"03044","030","Daviess","44",null,null,"CASE","Casey","02300","Casey","(DIST 00)","Casey (DIST 00)","Casey (DIST 00)","Carter (UNKNOWN)",0.76280000000000003,0.16,null,"Carter (UNKNOWN)",0.76280000000000003,0.16,null,null,null,null,null,null,null,null,null,"Daviess","(DIST 44)","Daviess (DIST 44)",null,"Daviess",null,"(270) 685-8474",null,"Daviess (DIST 04)","DAVI04",1.4842000000000002,"DAVI","Daviess","04","Daviess (DIST 04)",null,null,null,"Casey (DIST 00)",0.84309999999999996]
[null,null,null,null,"03050","030","Daviess","50",null,null,"CASE","Casey","02301","Casey","(DIST 01)","Casey (DIST 01)","Casey (DIST 01)","Casey (DIST 00)",0.82679999999999998,0.251,null,"Casey (DIST 00)",0.82679999999999998,0.251,null,null,null,null,null,null,null,null,null,"Daviess","(DIST 50)","Daviess (DIST 50)",null,"Daviess",null,"(270) 685-8474",null,"Daviess (DIST 05)","DAVI05",1.4842000000000002,"DAVI","Daviess","05","Daviess (DIST 05)",null,null,null,"Casey (DIST 01)",1.0521]
[null,null,null,null,"03100","031","Edmonson","00",null,null,"CASE","Casey","UNKNOWN","Casey","(DIST UNKNOWN)"," (DIST UNKNOWN)"," (DIST UNKNOWN)","Casey (DIST 01)",1.0307999999999999,0.251,null,"Casey (DIST 01)",1.0307999999999999,0.251,null,null,null,null,null,null,null,null,null,"Edmonson","(DIST 00)","Edmonson (DIST 00)",null,"Edmonson",null,"(270) 597-2381",null,"Daviess (DIST 06)","DAVI06",1.3332000000000002,"DAVI","Daviess","06","Daviess (DIST 06)",null,null,null,"Casey (UNKNOWN)",{"$error":"#N/A"}]
[null,null,null,null,"03101","031","Edmonson","01",null,null,"CHRI","Christian","02400","Christian","(DIST 00)","Christian (DIST 00)","Christian (DIST 00)","Casey (UNKNOWN)",0.82679999999999998,0.251,null,"Casey (UNKNOWN)",0.82679999999999998,0.251,null,null,null,null,null,null,null,null,null,"Edmonson","(DIST 01)","Edmonson (DIST 01)",null,"Edmonson",null,"(270) 597-2381",null,"Daviess (DIST 07)","DAVI07",1.0030000000000001,"DAVI","Daviess","07","Daviess (DIST 07)",null,null,null,"Christian (DIST 00)",0.67880000000000007]
[null,null,null,null,"03150","031","Edmonson","50",null,null,"CHRI","Christian","02401","Christian","(DIST 01)","Christian (DIST 01)","Christian (DIST 01)","Christian (DIST 00)",0.66609999999999991,6.4100000000000004E-2,null,"Christian (DIST 00)",0.66609999999999991,6.4100000000000004E-2,null,null,null,null,null,null,null,null,null,"Edmonson","(DIST 50)","Edmonson (DIST 50)",null,"Edmonson",null,"(270) 597-2381",null,"Edmonson (DIST 00)","EDMO00",0.99959999999999993,"EDMO","Edmonson","00","Edmonson (DIST 00)",null,null,null,"Christian (DIST 01)",0.91780000000000006]
[null,null,null,null,"03200","032","Elliott","00",null,null,"CHRI","Christian","02402","Christian","(DIST 02)","Christian (DIST 02)","Christian (DIST 02)","Christian (DIST 01)",0.9050999999999999,6.4100000000000004E-2,null,"Christian (DIST 01)",0.9050999999999999,6.4100000000000004E-2,null,null,null,null,null,null,null,null,null,"Elliott","(DIST 00)","Elliott (DIST 00)",null,"Elliott",null,"(606) 738-5090",null,"Edmonson (DIST 01)","EDMO01",1.0640999999999998,"EDMO","Edmonson","01","Edmonson (DIST 01)",null,null,null,"Christian (DIST 02)",1.0031000000000001]
[null,null,null,null,"03201","032","Elliott","01",null,null,"CHRI","Christian","02403","Christian","(DIST 03)","Christian (DIST 03)","Christian (DIST 03)","Christian (DIST 02)",0.87049999999999994,6.4100000000000004E-2,null,"Christian (DIST 02)",0.87049999999999994,6.4100000000000004E-2,null,null,null,null,null,null,null,null,null,"Elliott","(DIST 01)","Elliott (DIST 01)",null,"Elliott",null,"(606) 738-5090",null,"Elliott (DIST 00)","ELLI00",0.82820000000000005,"ELLI","Elliott","00","Elliott (DIST 00)",null,null,null,"Christian (DIST 03)",0.76210000000000011]
[null,null,null,null,"03300","033","Estill","00",null,null,"CHRI","Christian","02404","Christian","(DIST 04)","Christian (DIST 04)","Christian (DIST 04)","Christian (DIST 03)",0.74939999999999996,6.4100000000000004E-2,null,"Christian (DIST 03)",0.74939999999999996,6.4100000000000004E-2,null,null,null,null,null,null,null,null,null,"Estill","(DIST 00)","Estill (DIST 00)",null,"Estill",null,"(606) 723-4569",null,"Elliott (DIST 01)","ELLI01",1.0282,"ELLI","Elliott","01","Elliott (DIST 01)",null,null,null,"Christian (DIST 04)",0.7491000000000001]
[null,null,null,null,"03301","033","Estill","01",null,null,"CHRI","Christian","02405","Christian","(DIST 05)","Christian (DIST 05)","Christian (DIST 05)","Christian (DIST 04)",0.80600000000000005,6.4100000000000004E-2,null,"Christian (DIST 04)",0.80600000000000005,6.4100000000000004E-2,null,null,null,null,null,null,null,null,null,"Estill","(DIST 01)","Estill (DIST 01)",null,"Estill",null,"(606) 723-4569",null,"Estill (DIST 00)","ESTI00",1.1069,"ESTI","Estill","00","Estill (DIST 00)",null,null,null,"Christian (DIST 05)",0.78220000000000012]
[null,null,null,null,"03302","033","Estill","02",null,null,"CHRI","Christian","UNKNOWN","Christian","(DIST UNKNOWN)"," (DIST UNKNOWN)"," (DIST UNKNOWN)","Christian (DIST 05)",0.89409999999999989,6.4100000000000004E-2,null,"Christian (DIST 05)",0.89409999999999989,6.4100000000000004E-2,null,null,null,null,null,null,null,null,null,"Estill","(DIST 02)","Estill (DIST 02)",null,"Estill",null,"(606) 723-4569",null,"Estill (DIST 01)","ESTI01",1.6569,"ESTI","Estill","01","Estill (DIST 01)",null,null,null,"Christian (UNKNOWN)",{"$error":"#N/A"}]
[null,null,null,null,"03402","034","Fayette","02",null,null,"CLAR","Clark","02500","Clark","(DIST 00)","Clark (DIST 00)","Clark (DIST 00)","Christian (UNKNOWN)",0.66610000000000003,6.4100000000000004E-2,null,"Christian (UNKNOWN)",0.66610000000000003,6.4100000000000004E-2,null,null,null,null,null,null,null,null,null,"Fayette","(DIST 02)","Fayette (DIST 02)",null,"Fayette",null,"(859) 246-2722",null,"Estill (DIST 02)","ESTI02",1.5068999999999999,"ESTI","Estill","02","Estill (DIST 02)",null,null,null,"Clark (DIST 00)",0.94580000000000009]
[null,null,null,null,"03432","034","Fayette","32",null,null,"CLAR","Clark","02501","Clark","(DIST 01)","Clark (DIST 01)","Clark (DIST 01)","Clark (DIST 00)",0.95820000000000005,0.1346,null,"Clark (DIST 00)",0.95820000000000005,0.1346,null,null,null,null,null,null,null,null,null,"Fayette","(DIST 32)","Fayette (DIST 32)",null,"Fayette",null,"(859) 246-2722",null,"Fayette (DIST 02)","FAYE02",0.99009999999999998,"FAYE","Fayette","02","Fayette (DIST 02)",null,null,null,"Clark (DIST 01)",1.0957000000000001]
[null,null,null,null,"034ND","034","Fayette","ND",null,null,"CLAR","Clark","UNKNOWN","Clark","(DIST UNKNOWN)"," (DIST UNKNOWN)"," (DIST UNKNOWN)","Clark (DIST 01)",1.1112000000000002,0.1346,null,"Clark (DIST 01)",1.1112000000000002,0.1346,null,null,null,null,null,null,null,null,null,"Fayette","(DIST ND)","Fayette (DIST ND)",null,"Fayette",null,"(859) 246-2722",null,"Fleming (DIST 00)","FLEM00",0.94819999999999993,"FLEM","Fleming","00","Fleming (DIST 00)",null,null,null,"Clark (UNKNOWN)",{"$error":"#N/A"}]
[null,null,null,null,"03500","035","Fleming","00",null,null,"CLAY","Clay","02600","Clay","(DIST 00)","Clay (DIST 00)","Clay (DIST 00)","Clark (UNKNOWN)",0.95820000000000005,0.1346,null,"Clark (UNKNOWN)",0.95820000000000005,0.1346,null,null,null,null,null,null,null,null,null,"Fleming","(DIST 00)","Fleming (DIST 00)",null,"Fleming",null,"(606) 845-1401",null,"Fleming (DIST 01)","FLEM01",1.0735999999999999,"FLEM","Fleming","01","Fleming (DIST 01)",null,null,null,"Clay (DIST 00)",1.1560000000000001]
[null,null,null,null,"03501","035","Fleming","01",null,null,"CLAY","Clay","02601","Clay","(DIST 01)","Clay (DIST 01)","Clay (DIST 01)","Clay (DIST 00)",1.1677,0.2389,null,"Clay (DIST 00)",1.1677,0.2389,null,null,null,null,null,null,null,null,null,"Fleming","(DIST 01)","Fleming (DIST 01)",null,"Fleming",null,"(606) 845-1401",null,"Floyd (DIST 00)","FLOY00",1.0415999999999999,"FLOY","Floyd","00","Floyd (DIST 00)",null,null,null,"Clay (DIST 01)",1.516]
[null,null,null,null,"035ND","035","Fleming","ND",null,null,"CLAY","Clay","UNKNOWN","Clay","(DIST UNKNOWN)"," (DIST UNKNOWN)"," (DIST UNKNOWN)","Clay (DIST 01)",1.5276999999999998,0.2389,null,"Clay (DIST 01)",1.5276999999999998,0.2389,null,null,null,null,null,null,null,null,null,"Fleming","(DIST ND)","Fleming (DIST ND)",null,"Fleming",null,"(606) 845-1401",null,"Floyd (DIST 01)","FLOY01",1.4188999999999998,"FLOY","Floyd","01","Floyd (DIST 01)",null,null,null,"Clay (UNKNOWN)",{"$error":"#N/A"}]
[null,null,null,null,"03601","036","Floyd","01",null,null,"CLIN","Clinton","02700","Clinton","(DIST 00)","Clinton (DIST 00)","Clinton (DIST 00)","Clay (UNKNOWN)",1.1677,0.2389,null,"Clay (UNKNOWN)",1.1677,0.2389,null,null,null,null,null,null,null,null,null,"Floyd","(DIST 01)","Floyd (DIST 01)",null,"Floyd",null,"(606) 886-9622",null,"Floyd (DIST 02)","FLOY02",1.3715999999999999,"FLOY","Floyd","02","Floyd (DIST 02)",null,null,null,"Clinton (DIST 00)",0.73720000000000008]
[null,null,null,null,"03602","036","Floyd","02",null,null,"CLIN","Clinton","02701","Clinton","(DIST 01)","Clinton (DIST 01)","Clinton (DIST 01)","Clinton (DIST 00)",0.7782,9.5100000000000004E-2,null,"Clinton (DIST 00)",0.7782,9.5100000000000004E-2,null,null,null,null,null,null,null,null,null,"Floyd","(DIST 02)","Floyd (DIST 02)",null,"Floyd",null,"(606) 886-9622",null,"Floyd (DIST 03)","FLOY03",1.2615999999999998,"FLOY","Floyd","03","Floyd (DIST 03)",null,null,null,"Clinton (DIST 01)",{"$f":"VLOOKUP(AZ196,AP$3:AR$691,3,FALSE)","v":0.93720000000000003}]
[null,null,null,null,"03603","036","Floyd","03",null,null,"CLIN","Clinton","UNKNOWN","Clinton","(DIST UNKNOWN)"," (DIST UNKNOWN)"," (DIST UNKNOWN)","Clinton (DIST 01)",0.97609999999999997,9.5100000000000004E-2,null,"Clinton (DIST 01)",0.97609999999999997,9.5100000000000004E-2,null,null,null,null,null,null,null,null,null,"Floyd","(DIST 03)","Floyd (DIST 03)",null,"Floyd",null,"(606) 886-9622",null,"Floyd (DIST 04)","FLOY04",1.4415999999999998,"FLOY","Floyd","04","Floyd (DIST 04)",null,null,null,"Clinton (UNKNOWN)",{"$error":"#N/A"}]
[null,null,null,null,"03604","036","Floyd","04",null,null,"CRIT","Crittenden","02801","Crittenden","(DIST 01)","Crittenden (DIST 01)","Crittenden (DIST 01)","Clinton (UNKNOWN)",0.7782,9.5100000000000004E-2,null,"Clinton (UNKNOWN)",0.7782,9.5100000000000004E-2,null,null,null,null,null,null,null,null,null,"Floyd","(DIST 04)","Floyd (DIST 04)",null,"Floyd",null,"(606) 886-9622",null,"Floyd (DIST 05)","FLOY05",1.1415999999999999,"FLOY","Floyd","05","Floyd (DIST 05)",null,null,null,"Crittenden (DIST 01)",0.74660000000000004]
[null,null,null,null,"03605","036","Floyd","05",null,null,"CRIT","Crittenden","02802","Crittenden","(DIST 02)","Crittenden (DIST 02)","Crittenden (DIST 02)","Crittenden (DIST 01)",0.7772,0.13719999999999999,null,"Crittenden (DIST 01)",0.7772,0.13719999999999999,null,null,null,null,null,null,null,null,null,"Floyd","(DIST 05)","Floyd (DIST 05)",null,"Floyd",null,"(606) 886-9622",null,"Floyd (DIST 06)","FLOY06",1.1415999999999999,"FLOY","Floyd","06","Floyd (DIST 06)",null,null,null,"Crittenden (DIST 02)",1.0246999999999999]
[null,null,null,null,"03606","036","Floyd","06",null,null,"CRIT","Crittenden","UNKNOWN","Crittenden","(DIST UNKNOWN)"," (DIST UNKNOWN)"," (DIST UNKNOWN)","Crittenden (DIST 02)",1.0972,0.13719999999999999,null,"Crittenden (DIST 02)",1.0972,0.13719999999999999,null,null,null,null,null,null,null,null,null,"Floyd","(DIST 06)","Floyd (DIST 06)",null,"Floyd",null,"(606) 886-9622",null,"Floyd (DIST 07)","FLOY07",1.1415999999999999,"FLOY","Floyd","07","Floyd (DIST 07)",null,null,null,"Crittenden (UNKNOWN)",{"$error":"#N/A"}]
[null,null,null,null,"03607","036","Floyd","07",null,null,"CUMB","Cumberland","02900","Cumberland","(DIST 00)","Cumberland (DIST 00)","Cumberland (DIST 00)","Crittenden (UNKNOWN)",0.7772,0.13719999999999999,null,"Crittenden (UNKNOWN)",0.7772,0.13719999999999999,null,null,null,null,null,null,null,null,null,"Floyd","(DIST 07)","Floyd (DIST 07)",null,"Floyd",null,"(606) 886-9622",null,"Floyd (DIST 08)","FLOY08",1.1415999999999999,"FLOY","Floyd","08","Floyd (DIST 08)",null,null,null,"Cumberland (DIST 00)",0.76639999999999997]
[null,null,null,null,"03608","036","Floyd","08",null,null,"CUMB","Cumberland","02901","Cumberland","(DIST 01)","Cumberland (DIST 01)","Cumberland (DIST 01)","Cumberland (DIST 00)",0.62169999999999992,0.12720000000000001,null,"Cumberland (DIST 00)",0.62169999999999992,0.12720000000000001,null,null,null,null,null,null,null,null,null,"Floyd","(DIST 08)","Floyd (DIST 08)",null,"Floyd",null,"(606) 886-9622",null,"Floyd (DIST 09)","FLOY09",1.1415999999999999,"FLOY","Floyd","09","Floyd (DIST 09)",null,null,null,"Cumberland (DIST 01)",1.0764]
[null,null,null,null,"03609","036","Floyd","09",null,null,"CUMB","Cumberland","UNKNOWN","Cumberland","(DIST UNKNOWN)"," (DIST UNKNOWN)"," (DIST UNKNOWN)","Cumberland (DIST 01)",0.95169999999999999,0.12720000000000001,null,"Cumberland (DIST 01)",0.95169999999999999,0.12720000000000001,null,null,null,null,null,null,null,null,null,"Floyd","(DIST 09)","Floyd (DIST 09)",null,"Floyd",null,"(606) 886-9622",null,"Floyd (DIST 10)","FLOY10",1.6315999999999999,"FLOY","Floyd","10","Floyd (DIST 10)",null,null,null,"Cumberland (UNKNOWN)",{"$error":"#N/A"}]
[null,null,null,null,"03610","036","Floyd","10",null,null,"DAVI","Daviess","03000","Daviess","(DIST 00)","Daviess (DIST 00)","Daviess (DIST 00)","Cumberland (UNKNOWN)",0.62170000000000003,0.12720000000000001,null,"Cumberland (UNKNOWN)",0.62170000000000003,0.12720000000000001,null,null,null,null,null,null,null,null,null,"Floyd","(DIST 10)","Floyd (DIST 10)",null,"Floyd",null,"(606) 886-9622",null,"Floyd (DIST 11)","FLOY11",1.1415999999999999,"FLOY","Floyd","11","Floyd (DIST 11)",null,null,null,"Daviess (DIST 00)",1.0030000000000001]
[null,null,null,null,"03611","036","Floyd","11",null,null,"DAVI","Daviess","03001","Daviess","(DIST 01)","Daviess (DIST 01)","Daviess (DIST 01)","Daviess (DIST 00)",0.96649999999999991,0.11310000000000001,null,"Daviess (DIST 00)",0.96649999999999991,0.11310000000000001,null,null,null,null,null,null,null,null,null,"Floyd","(DIST 11)","Floyd (DIST 11)",null,"Floyd",null,"(606) 886-9622",null,"Floyd (DIST 12)","FLOY12",1.1415999999999999,"FLOY","Floyd","12","Floyd (DIST 12)",null,null,null,"Daviess (DIST 01)",1.0030000000000001]
[null,null,null,null,"03612","036","Floyd","12",null,"OWSL","DAVI","Daviess","03002","Daviess","(DIST 02)","Daviess (DIST 02)","Daviess (DIST 02)","Daviess (DIST 01)",0.96649999999999991,0.11310000000000001,null,"Daviess (DIST 01)",0.96649999999999991,0.11310000000000001,null,null,null,null,null,null,null,null,null,"Floyd","(DIST 12)","Floyd (DIST 12)",null,"Floyd",null,"(606) 886-9622",null,"Floyd (DIST 13)","FLOY13",1.1415999999999999,"FLOY","Floyd","13","Floyd (DIST 13)",null,null,null,"Daviess (DIST 02)",1.1448]
[null,null,null,null,"03613","036","Floyd","13",null,"PEND","DAVI","Daviess","03003","Daviess","(DIST 03)","Daviess (DIST 03)","Daviess (DIST 03)","Daviess (DIST 02)",1.1083000000000001,0.11310000000000001,null,"Daviess (DIST 02)",1.1083000000000001,0.11310000000000001,null,null,null,null,null,null,null,null,null,"Floyd","(DIST 13)","Floyd (DIST 13)",null,"Floyd",null,"(606) 886-9622",null,"Floyd (DIST 14)","FLOY14",1.1415999999999999,"FLOY","Floyd","14","Floyd (DIST 14)",null,null,null,"Daviess (DIST 03)",1.3332000000000002]
[null,null,null,null,"03614","036","Floyd","14",null,null,"DAVI","Daviess","03004","Daviess","(DIST 04)","Daviess (DIST 04)","Daviess (DIST 04)","Daviess (DIST 03)",1.2373000000000001,0.11310000000000001,null,"Daviess (DIST 03)",1.2373000000000001,0.11310000000000001,null,null,null,null,null,null,null,null,null,"Floyd","(DIST 14)","Floyd (DIST 14)",null,"Floyd",null,"(606) 886-9622",null,"Floyd (DIST 15)","FLOY15",1.1415999999999999,"FLOY","Floyd","15","Floyd (DIST 15)",null,null,null,"Daviess (DIST 04)",1.4842000000000002]
[null,null,null,null,"03615","036","Floyd","15",null,"PERRY","DAVI","Daviess","03005","Daviess","(DIST 05)","Daviess (DIST 05)","Daviess (DIST 05)","Daviess (DIST 04)",1.3903000000000001,0.11310000000000001,null,"Daviess (DIST 04)",1.3903000000000001,0.11310000000000001,null,null,null,null,null,null,null,null,null,"Floyd","(DIST 15)","Floyd (DIST 15)",null,"Floyd",null,"(606) 886-9622",null,"Floyd (DIST 16)","FLOY16",1.1415999999999999,"FLOY","Floyd","16","Floyd (DIST 16)",null,null,null,"Daviess (DIST 05)",1.4842000000000002]
[null,null,null,null,"03616","036","Floyd","16",null,"PIKE","DAVI","Daviess","03006","Daviess","(DIST 06)","Daviess (DIST 06)","Daviess (DIST 06)","Daviess (DIST 05)",1.3903000000000001,0.11310000000000001,null,"Daviess (DIST 05)",1.3903000000000001,0.11310000000000001,null,null,null,null,null,null,null,null,null,"Floyd","(DIST 16)","Floyd (DIST 16)",null,"Floyd",null,"(606) 886-9622",null,"Floyd (DIST 17)","FLOY17",1.1415999999999999,"FLOY","Floyd","17","Floyd (DIST 17)",null,null,null,"Daviess (DIST 06)",1.3332000000000002]
[null,null,null,null,"03617","036","Floyd","17",null,"POWE","DAVI","Daviess","03007","Daviess","(DIST 07)","Daviess (DIST 07)","Daviess (DIST 07)","Daviess (DIST 06)",1.2373000000000001,0.11310000000000001,null,"Daviess (DIST 06)",1.2373000000000001,0.11310000000000001,null,null,null,null,null,null,null,null,null,"Floyd","(DIST 17)","Floyd (DIST 17)",null,"Floyd",null,"(606) 886-9622",null,"Floyd (DIST 18)","FLOY18",1.1415999999999999,"FLOY","Floyd","18","Floyd (DIST 18)",null,null,null,"Daviess (DIST 07)",1.0030000000000001]
[null,null,null,null,"03618","036","Floyd","18",null,null,"DAVI","Daviess","UNKNOWN","Daviess","(DIST UNKNOWN)"," (DIST UNKNOWN)"," (DIST UNKNOWN)","Daviess (DIST 07)",0.96649999999999991,0.11310000000000001,null,"Daviess (DIST 07)",0.96649999999999991,0.11310000000000001,null,null,null,null,null,null,null,null,null,"Floyd","(DIST 18)","Floyd (DIST 18)",null,"Floyd",null,"(606) 886-9622",null,"Franklin (DIST 01)","FRAN01",1.091,"FRAN","Franklin","01","Franklin (DIST 01)",null,null,null,"Daviess (UNKNOWN)",{"$error":"#N/A"}]
[null,null,null,null,"03701","037","Franklin","01",null,null,"EDMO","Edmonson","03100","Edmonson","(DIST 00)","Edmonson (DIST 00)","Edmonson (DIST 00)","Daviess (UNKNOWN)",0.96650000000000003,0.11310000000000001,null,"Daviess (UNKNOWN)",0.96650000000000003,0.11310000000000001,null,null,null,null,null,null,null,null,null,"Franklin","(DIST 01)","Franklin (DIST 01)",null,"Franklin",null,"(502) 875-8780",null,"Franklin (DIST 02)","FRAN02",1.2869999999999999,"FRAN","Franklin","02","Franklin (DIST 02)",null,null,null,"Edmonson (DIST 00)",0.99959999999999993]
[null,null,null,null,"03702","037","Franklin","02",null,null,"EDMO","Edmonson","03101","Edmonson","(DIST 01)","Edmonson (DIST 01)","Edmonson (DIST 01)","Edmonson (DIST 00)",0.97530000000000006,0.3206,null,"Edmonson (DIST 00)",0.97530000000000006,0.3206,null,null,null,null,null,null,null,null,null,"Franklin","(DIST 02)","Franklin (DIST 02)",null,"Franklin",null,"(502) 875-8780",null,"Franklin (DIST 03)","FRAN03",0.59800000000000009,"FRAN","Franklin","03","Franklin (DIST 03)",null,null,null,"Edmonson (DIST 01)",1.0640999999999998]
[null,null,null,null,"03703","037","Franklin","03",null,null,"EDMO","Edmonson","UNKNOWN","Edmonson","(DIST UNKNOWN)"," (DIST UNKNOWN)"," (DIST UNKNOWN)","Edmonson (DIST 01)",1.0363,0.3206,null,"Edmonson (DIST 01)",1.0363,0.3206,null,null,null,null,null,null,null,null,null,"Franklin","(DIST 03)","Franklin (DIST 03)",null,"Franklin",null,"(502) 875-8780",null,"Fulton (DIST 01)","FULT01",1.0939000000000001,"FULT","Fulton","01","Fulton (DIST 01)",null,null,null,"Edmonson (UNKNOWN)",{"$error":"#N/A"}]
[null,null,null,null,"03732","037","Franklin","32",null,null,"ELLI","Elliott","03200","Elliott","(DIST 00)","Elliott (DIST 00)","Elliott (DIST 00)","Edmonson (UNKNOWN)",0.97529999999999994,0.3206,null,"Edmonson (UNKNOWN)",0.97529999999999994,0.3206,null,null,null,null,null,null,null,null,null,"Franklin","(DIST 32)","Franklin (DIST 32)",null,"Franklin",null,"(502) 875-8780",null,"Fulton (DIST 02)","FULT02",1.4612000000000001,"FULT","Fulton","02","Fulton (DIST 02)",null,null,null,"Elliott (DIST 00)",0.82820000000000005]
[null,null,null,null,"037ND","037","Franklin","ND",null,null,"ELLI","Elliott","03201","Elliott","(DIST 01)","Elliott (DIST 01)","Elliott (DIST 01)","Elliott (DIST 00)",0.80300000000000005,0.08,null,"Elliott (DIST 00)",0.80300000000000005,0.08,null,null,null,null,null,null,null,null,null,"Franklin","(DIST ND)","Franklin (DIST ND)",null,"Franklin",null,"(502) 875-8780",null,"Fulton (DIST 03)","FULT03",0.91789999999999994,"FULT","Fulton","03","Fulton (DIST 03)",null,null,null,"Elliott (DIST 01)",1.0282]
[null,null,null,null,"03801","038","Fulton","01",null,"TAYL","ELLI","Elliott","UNKNOWN","Elliott","(DIST UNKNOWN)"," (DIST UNKNOWN)"," (DIST UNKNOWN)","Elliott (DIST 01)",1.0029999999999999,0.08,null,"Elliott (DIST 01)",1.0029999999999999,0.08,null,null,null,null,null,null,null,null,null,"Fulton","(DIST 01)","Fulton (DIST 01)",null,"Fulton",null,"(270) 236-2548",null,"Fulton (DIST 04)","FULT04",1.5718999999999999,"FULT","Fulton","04","Fulton (DIST 04)",null,null,null,"Elliott (UNKNOWN)",{"$error":"#N/A"}]
[null,null,null,null,"03802","038","Fulton","02",null,"TODD","ESTI","Estill","03300","Estill","(DIST 00)","Estill (DIST 00)","Estill (DIST 00)","Elliott (UNKNOWN)",0.80300000000000005,0.08,null,"Elliott (UNKNOWN)",0.80300000000000005,0.08,null,null,null,null,null,null,null,null,null,"Fulton","(DIST 02)","Fulton (DIST 02)",null,"Fulton",null,"(270) 236-2548",null,"Gallatin (DIST 00)","GALL00",1.032,"GALL","Gallatin","00","Gallatin (DIST 00)",null,null,null,"Estill (DIST 00)",1.1069]
[null,null,null,null,"03803","038","Fulton","03",null,"TRIG","ESTI","Estill","03301","Estill","(DIST 01)","Estill (DIST 01)","Estill (DIST 01)","Estill (DIST 00)",1.0744,0.21690000000000001,null,"Estill (DIST 00)",1.0744,0.21690000000000001,null,null,null,null,null,null,null,null,null,"Fulton","(DIST 03)","Fulton (DIST 03)",null,"Fulton",null,"(270) 236-2548",null,"Gallatin (DIST 01)","GALL01",1.0720000000000001,"GALL","Gallatin","01","Gallatin (DIST 01)",null,null,null,"Estill (DIST 01)",1.6569]
[null,null,null,null,"03804","038","Fulton","04",null,"TRIM","ESTI","Estill","03302","Estill","(DIST 02)","Estill (DIST 02)","Estill (DIST 02)","Estill (DIST 01)",1.6244000000000001,0.21690000000000001,null,"Estill (DIST 01)",1.6244000000000001,0.21690000000000001,null,null,null,null,null,null,null,null,null,"Fulton","(DIST 04)","Fulton (DIST 04)",null,"Fulton",null,"(270) 236-2548",null,"Gallatin (DIST 02)","GALL02",1.222,"GALL","Gallatin","02","Gallatin (DIST 02)",null,null,null,"Estill (DIST 02)",1.5068999999999999]
[null,null,null,null,"03900","039","Gallatin","00",null,"UNIO","ESTI","Estill","UNKNOWN","Estill","(DIST UNKNOWN)"," (DIST UNKNOWN)"," (DIST UNKNOWN)","Estill (DIST 02)",1.4744000000000002,0.21690000000000001,null,"Estill (DIST 02)",1.4744000000000002,0.21690000000000001,null,null,null,null,null,null,null,null,null,"Gallatin","(DIST 00)","Gallatin (DIST 00)",null,"Gallatin",null,"(859) 567-5621",null,"Gallatin (DIST 03)","GALL03",1.2890000000000001,"GALL","Gallatin","03","Gallatin (DIST 03)",null,null,null,"Estill (UNKNOWN)",{"$error":"#N/A"}]
[null,null,null,null,"03901","039","Gallatin","01",null,"WARR","FAYE","Fayette","03402","Fayette","(DIST 02)","Fayette (DIST 02)","Fayette (DIST 02)","Estill (UNKNOWN)",1.0744,0.21690000000000001,null,"Estill (UNKNOWN)",1.0744,0.21690000000000001,null,null,null,null,null,null,null,null,null,"Gallatin","(DIST 01)","Gallatin (DIST 01)",null,"Gallatin",null,"(859) 567-5621",null,"Gallatin (DIST 04)","GALL04",1.232,"GALL","Gallatin","04","Gallatin (DIST 04)",null,null,null,"Fayette (DIST 02)",0.99009999999999998]
[null,null,null,null,"03902","039","Gallatin","02",null,"WASH","FAYE","Fayette","UNKNOWN","Fayette","(DIST UNKNOWN)"," (DIST UNKNOWN)"," (DIST UNKNOWN)","Fayette (DIST 02)",1.0116000000000001,8.43E-2,null,"Fayette (DIST 02)",1.0116000000000001,8.43E-2,null,null,null,null,null,null,null,null,null,"Gallatin","(DIST 02)","Gallatin (DIST 02)",null,"Gallatin",null,"(859) 567-5621",null,"Garrard (DIST 01)","GARR01",1.115,"GARR","Garrard","01","Garrard (DIST 01)",null,null,null,"Fayette (UNKNOWN)",{"$error":"#N/A"}]
[null,null,null,null,"03903","039","Gallatin","03",null,"WAYN","FLEM","Fleming","03500","Fleming","(DIST 00)","Fleming (DIST 00)","Fleming (DIST 00)","Fayette (UNKNOWN)",1.0116000000000001,8.43E-2,null,"Fayette (UNKNOWN)",1.0116000000000001,8.43E-2,null,null,null,null,null,null,null,null,null,"Gallatin","(DIST 03)","Gallatin (DIST 03)",null,"Gallatin",null,"(859) 567-5621",null,"Garrard (DIST 02)","GARR02",1.085,"GARR","Garrard","02","Garrard (DIST 02)",null,null,null,"Fleming (DIST 00)",0.94819999999999993]
[null,null,null,null,"03904","039","Gallatin","04",null,null,"FLEM","Fleming","03501","Fleming","(DIST 01)","Fleming (DIST 01)","Fleming (DIST 01)","Fleming (DIST 00)",0.93740000000000001,0.2147,null,"Fleming (DIST 00)",0.93740000000000001,0.2147,null,null,null,null,null,null,null,null,null,"Gallatin","(DIST 04)","Gallatin (DIST 04)",null,"Gallatin",null,"(859) 567-5621",null,"Garrard (DIST 03)","GARR03",1.0840000000000001,"GARR","Garrard","03","Garrard (DIST 03)",null,null,null,"Fleming (DIST 01)",1.0735999999999999]
[null,null,null,null,"03950","039","Gallatin","50",null,"WEBS","FLEM","Fleming","UNKNOWN","Fleming","(DIST UNKNOWN)"," (DIST UNKNOWN)"," (DIST UNKNOWN)","Fleming (DIST 01)",1.0504,0.2147,null,"Fleming (DIST 01)",1.0504,0.2147,null,null,null,null,null,null,null,null,null,"Gallatin","(DIST 50)","Gallatin (DIST 50)",null,"Gallatin",null,"(859) 567-5621",null,"Garrard (DIST 04)","GARR04",1.0750000000000002,"GARR","Garrard","04","Garrard (DIST 04)",null,null,null,"Fleming (UNKNOWN)",{"$error":"#N/A"}]
[null,null,null,null,"04001","040","Garrard","01",null,"WHIT","FLOY","Floyd","03600","Floyd","(DIST 00)","Floyd (DIST 00)","Floyd (DIST 00)","Fleming (UNKNOWN)",0.93740000000000001,0.2147,null,"Fleming (UNKNOWN)",0.93740000000000001,0.2147,null,null,null,null,null,null,null,null,null,"Garrard","(DIST 01)","Garrard (DIST 01)",null,"Garrard",null,"(859) 792-3291",null,"Garrard (DIST 08)","GARR08",1.2750000000000001,"GARR","Garrard","08","Garrard (DIST 08)",null,null,null,"Floyd (DIST 00)",1.0415999999999999]
[null,null,null,null,"04002","040","Garrard","02",null,"WOLF","FLOY","Floyd","03601","Floyd","(DIST 01)","Floyd (DIST 01)","Floyd (DIST 01)","Floyd (DIST 00)",1.0361,0.20760000000000001,null,"Floyd (DIST 00)",1.0361,0.20760000000000001,null,null,null,null,null,null,null,null,null,"Garrard","(DIST 02)","Garrard (DIST 02)",null,"Garrard",null,"(859) 792-3291",null,"Grant (DIST 00)","GRAN00",1.5508,"GRAN","Grant","00","Grant (DIST 00)",null,null,null,"Floyd (DIST 01)",1.4188999999999998]
[null,null,null,null,"04003","040","Garrard","03",null,"WOOD","FLOY","Floyd","03602","Floyd","(DIST 02)","Floyd (DIST 02)","Floyd (DIST 02)","Floyd (DIST 01)",1.4062999999999999,0.20760000000000001,null,"Floyd (DIST 01)",1.4062999999999999,0.20760000000000001,null,null,null,null,null,null,null,null,null,"Garrard","(DIST 03)","Garrard (DIST 03)",null,"Garrard",null,"(859) 792-3291",null,"Grant (DIST 01)","GRAN01",1.0608,"GRAN","Grant","01","Grant (DIST 01)",null,null,null,"Floyd (DIST 02)",1.3715999999999999]
[null,null,null,null,"04004","040","Garrard","04",null,null,"FLOY","Floyd","03603","Floyd","(DIST 03)","Floyd (DIST 03)","Floyd (DIST 03)","Floyd (DIST 02)",1.3661000000000001,0.30759999999999998,null,"Floyd (DIST 02)",1.3661000000000001,0.30759999999999998,null,null,null,null,null,null,null,null,null,"Garrard","(DIST 04)","Garrard (DIST 04)",null,"Garrard",null,"(859) 792-3291",null,"Grant (DIST 02)","GRAN02",1.3608,"GRAN","Grant","02","Grant (DIST 02)",null,null,null,"Floyd (DIST 03)",1.2615999999999998]
[null,null,null,null,"04008","040","Garrard","08",null,null,"FLOY","Floyd","03604","Floyd","(DIST 04)","Floyd (DIST 04)","Floyd (DIST 04)","Floyd (DIST 03)",1.2561,0.20760000000000001,null,"Floyd (DIST 03)",1.2561,0.20760000000000001,null,null,null,null,null,null,null,null,null,"Garrard","(DIST 08)","Garrard (DIST 08)",null,"Garrard",null,"(859) 792-3291",null,"Grant (DIST 03)","GRAN03",1.3418000000000001,"GRAN","Grant","03","Grant (DIST 03)",null,null,null,"Floyd (DIST 04)",1.4415999999999998]
[null,null,null,null,"04100","041","Grant","00",null,null,"FLOY","Floyd","03605","Floyd","(DIST 05)","Floyd (DIST 05)","Floyd (DIST 05)","Floyd (DIST 04)",1.4361000000000002,0.20760000000000001,null,"Floyd (DIST 04)",1.4361000000000002,0.20760000000000001,null,null,null,null,null,null,null,null,null,"Grant","(DIST 00)","Grant (DIST 00)",null,"Grant",null,"(859) 824-6511",null,"Grant (DIST 04)","GRAN04",1.2698,"GRAN","Grant","04","Grant (DIST 04)",null,null,null,"Floyd (DIST 05)",1.1415999999999999]
[null,null,null,null,"04101","041","Grant","01",null,null,"FLOY","Floyd","03606","Floyd","(DIST 06)","Floyd (DIST 06)","Floyd (DIST 06)","Floyd (DIST 05)",1.1361000000000001,0.20760000000000001,null,"Floyd (DIST 05)",1.1361000000000001,0.20760000000000001,null,null,null,null,null,null,null,null,null,"Grant","(DIST 01)","Grant (DIST 01)",null,"Grant",null,"(859) 824-6511",null,"Grant (DIST 05)","GRAN05",1.8708,"GRAN","Grant","05","Grant (DIST 05)",null,null,null,"Floyd (DIST 06)",1.1415999999999999]
[null,null,null,null,"04102","041","Grant","02",null,null,"FLOY","Floyd","03607","Floyd","(DIST 07)","Floyd (DIST 07)","Floyd (DIST 07)","Floyd (DIST 06)",1.1361000000000001,0.30759999999999998,null,"Floyd (DIST 06)",1.1361000000000001,0.30759999999999998,null,null,null,null,null,null,null,null,null,"Grant","(DIST 02)","Grant (DIST 02)",null,"Grant",null,"(859) 824-6511",null,"Grant (DIST 06)","GRAN06",1.3808,"GRAN","Grant","06","Grant (DIST 06)",null,null,null,"Floyd (DIST 07)",1.1415999999999999]
[null,null,null,null,"04103","041","Grant","03",null,null,"FLOY","Floyd","03608","Floyd","(DIST 08)","Floyd (DIST 08)","Floyd (DIST 08)","Floyd (DIST 07)",1.1361000000000001,0.30759999999999998,null,"Floyd (DIST 07)",1.1361000000000001,0.30759999999999998,null,null,null,null,null,null,null,null,null,"Grant","(DIST 03)","Grant (DIST 03)",null,"Grant",null,"(859) 824-6511",null,"Graves (DIST 01)","GRAV01",1.3073999999999999,"GRAV","Graves","01","Graves (DIST 01)",null,null,null,"Floyd (DIST 08)",1.1415999999999999]
[null,null,null,null,"04104","041","Grant","04",null,null,"FLOY","Floyd","03609","Floyd","(DIST 09)","Floyd (DIST 09)","Floyd (DIST 09)","Floyd (DIST 08)",1.1361000000000001,0.30759999999999998,null,"Floyd (DIST 08)",1.1361000000000001,0.30759999999999998,null,null,null,null,null,null,null,null,null,"Grant","(DIST 04)","Grant (DIST 04)",null,"Grant",null,"(859) 824-6511",null,"Graves (DIST 02)","GRAV02",0.75740000000000007,"GRAV","Graves","02","Graves (DIST 02)",null,null,null,"Floyd (DIST 09)",1.1415999999999999]
[null,null,null,null,"04105","041","Grant","05",null,null,"FLOY","Floyd","03610","Floyd","(DIST 10)","Floyd (DIST 10)","Floyd (DIST 10)","Floyd (DIST 09)",1.1361000000000001,0.20760000000000001,null,"Floyd (DIST 09)",1.1361000000000001,0.20760000000000001,null,null,null,null,null,null,null,null,null,"Grant","(DIST 05)","Grant (DIST 05)",null,"Grant",null,"(859) 824-6511",null,"Graves (DIST 04)","GRAV04",1.2874000000000001,"GRAV","Graves","04","Graves (DIST 04)",null,null,null,"Floyd (DIST 10)",1.6315999999999999]
[null,null,null,null,"04106","041","Grant","06",null,null,"FLOY","Floyd","03611","Floyd","(DIST 11)","Floyd (DIST 11)","Floyd (DIST 11)","Floyd (DIST 10)",1.6261000000000001,0.30759999999999998,null,"Floyd (DIST 10)",1.6261000000000001,0.30759999999999998,null,null,null,null,null,null,null,null,null,"Grant","(DIST 06)","Grant (DIST 06)",null,"Grant",null,"(859) 824-6511",null,"Graves (DIST 05)","GRAV05",0.85740000000000005,"GRAV","Graves","05","Graves (DIST 05)",null,null,null,"Floyd (DIST 11)",1.1415999999999999]
[null,null,null,null,"04108","041","Grant","08",null,null,"FLOY","Floyd","03612","Floyd","(DIST 12)","Floyd (DIST 12)","Floyd (DIST 12)","Floyd (DIST 11)",1.1361000000000001,0.20760000000000001,null,"Floyd (DIST 11)",1.1361000000000001,0.20760000000000001,null,null,null,null,null,null,null,null,null,"Grant","(DIST 08)","Grant (DIST 08)",null,"Grant",null,"(859) 824-6511",null,"Graves (DIST 06)","GRAV06",1.0473999999999999,"GRAV","Graves","06","Graves (DIST 06)",null,null,null,"Floyd (DIST 12)",1.1415999999999999]
[null,null,null,null,"041ND","041","Grant","ND",null,null,"FLOY","Floyd","03613","Floyd","(DIST 13)","Floyd (DIST 13)","Floyd (DIST 13)","Floyd (DIST 12)",1.1361000000000001,0.20760000000000001,null,"Floyd (DIST 12)",1.1361000000000001,0.20760000000000001,null,null,null,null,null,null,null,null,null,"Grant","(DIST ND)","Grant (DIST ND)",null,"Grant",null,"(859) 824-6511",null,"Grayson (DIST 00)","GRAY00",0.88319999999999999,"GRAY","Grayson","00","Grayson (DIST 00)",null,null,null,"Floyd (DIST 13)",1.1415999999999999]
[null,null,null,null,"04201","042","Graves","01",null,null,"FLOY","Floyd","03614","Floyd","(DIST 14)","Floyd (DIST 14)","Floyd (DIST 14)","Floyd (DIST 13)",1.1361000000000001,0.30759999999999998,null,"Floyd (DIST 13)",1.1361000000000001,0.30759999999999998,null,null,null,null,null,null,null,null,null,"Graves","(DIST 01)","Graves (DIST 01)",null,"Graves",null,"(270) 247-3301",null,"Grayson (DIST 01)","GRAY01",1.1492,"GRAY","Grayson","01","Grayson (DIST 01)",null,null,null,"Floyd (DIST 14)",1.1415999999999999]
[null,null,null,null,"04202","042","Graves","02",null,null,"FLOY","Floyd","03615","Floyd","(DIST 15)","Floyd (DIST 15)","Floyd (DIST 15)","Floyd (DIST 14)",1.1361000000000001,0.20760000000000001,null,"Floyd (DIST 14)",1.1361000000000001,0.20760000000000001,null,null,null,null,null,null,null,null,null,"Graves","(DIST 02)","Graves (DIST 02)",null,"Graves",null,"(270) 247-3301",null,"Grayson (DIST 02)","GRAY02",1.1465000000000001,"GRAY","Grayson","02","Grayson (DIST 02)",null,null,null,"Floyd (DIST 15)",1.1415999999999999]
[null,null,null,null,"04204","042","Graves","04",null,null,"FLOY","Floyd","03616","Floyd","(DIST 16)","Floyd (DIST 16)","Floyd (DIST 16)","Floyd (DIST 15)",1.1361000000000001,0.30759999999999998,null,"Floyd (DIST 15)",1.1361000000000001,0.30759999999999998,null,null,null,null,null,null,null,null,null,"Graves","(DIST 04)","Graves (DIST 04)",null,"Graves",null,"(270) 247-3301",null,"Grayson (DIST 03)","GRAY03",0.98970000000000002,"GRAY","Grayson","03","Grayson (DIST 03)",null,null,null,"Floyd (DIST 16)",1.1415999999999999]
[null,null,null,null,"04205","042","Graves","05",null,null,"FLOY","Floyd","03617","Floyd","(DIST 17)","Floyd (DIST 17)","Floyd (DIST 17)","Floyd (DIST 16)",1.1361000000000001,0.30759999999999998,null,"Floyd (DIST 16)",1.1361000000000001,0.30759999999999998,null,null,null,null,null,null,null,null,null,"Graves","(DIST 05)","Graves (DIST 05)",null,"Graves",null,"(270) 247-3301",null,"Grayson (DIST 04)","GRAY04",1.1492,"GRAY","Grayson","04","Grayson (DIST 04)",null,null,null,"Floyd (DIST 17)",1.1415999999999999]
[null,null,null,null,"04206","042","Graves","06",null,null,"FLOY","Floyd","03618","Floyd","(DIST 18)","Floyd (DIST 18)","Floyd (DIST 18)","Floyd (DIST 17)",1.1361000000000001,0.30759999999999998,null,"Floyd (DIST 17)",1.1361000000000001,0.30759999999999998,null,null,null,null,null,null,null,null,null,"Graves","(DIST 06)","Graves (DIST 06)",null,"Graves",null,"(270) 247-3301",null,"Green (DIST 00)","GREE00",1.0035000000000001,"GREE","Green","00","Green (DIST 00)",null,null,null,"Floyd (DIST 18)",1.1415999999999999]
[null,null,null,null,"04300","043","Grayson","00",null,null,"FLOY","Floyd","UNKNOWN","Floyd","(DIST UNKNOWN)"," (DIST UNKNOWN)"," (DIST UNKNOWN)","Floyd (DIST 18)",1.1361000000000001,0.30759999999999998,null,"Floyd (DIST 18)",1.1361000000000001,0.30759999999999998,null,null,null,null,null,null,null,null,null,"Grayson","(DIST 00)","Grayson (DIST 00)",null,"Grayson",null,"(270) 259-4838",null,"Green (DIST 01)","GREE01",1.2495000000000001,"GREE","Green","01","Green (DIST 01)",null,null,null,"Floyd (UNKNOWN)",{"$error":"#N/A"}]
[null,null,null,null,"04301","043","Grayson","01",null,null,"FRAN","Franklin","03701","Franklin","(DIST 01)","Franklin (DIST 01)","Franklin (DIST 01)","Floyd (UNKNOWN)",1.0361,0.20760000000000001,null,"Floyd (UNKNOWN)",1.0361,0.20760000000000001,null,null,null,null,null,null,null,null,null,"Grayson","(DIST 01)","Grayson (DIST 01)",null,"Grayson",null,"(270) 259-4838",null,"Greenup (DIST 01)","GREU01",1.4784999999999999,"GREU","Greenup","01","Greenup (DIST 01)",null,null,null,"Franklin (DIST 01)",1.091]
[null,null,null,null,"04302","043","Grayson","02",null,null,"FRAN","Franklin","03702","Franklin","(DIST 02)","Franklin (DIST 02)","Franklin (DIST 02)","Franklin (DIST 01)",1.0762,6.9000000000000006E-2,null,"Franklin (DIST 01)",1.0762,6.9000000000000006E-2,null,null,null,null,null,null,null,null,null,"Grayson","(DIST 02)","Grayson (DIST 02)",null,"Grayson",null,"(270) 259-4838",null,"Greenup (DIST 02)","GREU02",1.7838000000000001,"GREU","Greenup","02","Greenup (DIST 02)",null,null,null,"Franklin (DIST 02)",1.2869999999999999]
[null,null,null,null,"04303","043","Grayson","03",null,null,"FRAN","Franklin","03703","Franklin","(DIST 03)","Franklin (DIST 03)","Franklin (DIST 03)","Franklin (DIST 02)",1.2732000000000001,6.9000000000000006E-2,null,"Franklin (DIST 02)",1.2732000000000001,6.9000000000000006E-2,null,null,null,null,null,null,null,null,null,"Grayson","(DIST 03)","Grayson (DIST 03)",null,"Grayson",null,"(270) 259-4838",null,"Greenup (DIST 03)","GREU03",2.3681000000000001,"GREU","Greenup","03","Greenup (DIST 03)",null,null,null,"Franklin (DIST 03)",0.59800000000000009]
[null,null,null,null,"04400","044","Green","00",null,null,"FRAN","Franklin","UNKNOWN","Franklin","(DIST UNKNOWN)"," (DIST UNKNOWN)"," (DIST UNKNOWN)","Franklin (DIST 03)",1.5871999999999999,6.9000000000000006E-2,null,"Franklin (DIST 03)",1.5871999999999999,6.9000000000000006E-2,null,null,null,null,null,null,null,null,null,"Green","(DIST 00)","Green (DIST 00)",null,"Green",null,"(270) 932-7518",null,"Greenup (DIST 04)","GREU04",1.5785,"GREU","Greenup","04","Greenup (DIST 04)",null,null,null,"Franklin (UNKNOWN)",{"$error":"#N/A"}]
[null,null,null,null,"04401","044","Green","01",null,null,"FULT","Fulton","03801","Fulton","(DIST 01)","Fulton (DIST 01)","Fulton (DIST 01)","Franklin (UNKNOWN)",1.0762,6.9000000000000006E-2,null,"Franklin (UNKNOWN)",1.0762,6.9000000000000006E-2,null,null,null,null,null,null,null,null,null,"Green","(DIST 01)","Green (DIST 01)",null,"Green",null,"(270) 932-7518",null,"Greenup (DIST 05)","GREU05",0.96550000000000002,"GREU","Greenup","05","Greenup (DIST 05)",null,null,null,"Fulton (DIST 01)",1.0939000000000001]
[null,null,null,null,"04501","045","Greenup","01",null,null,"FULT","Fulton","03802","Fulton","(DIST 02)","Fulton (DIST 02)","Fulton (DIST 02)","Fulton (DIST 01)",0.99920000000000009,0.2422,null,"Fulton (DIST 01)",0.99920000000000009,0.2422,null,null,null,null,null,null,null,null,null,"Greenup","(DIST 01)","Greenup (DIST 01)",null,"Greenup",null,"(606) 473-9984",null,"Greenup (DIST 06)","GREU06",1.3812,"GREU","Greenup","06","Greenup (DIST 06)",null,null,null,"Fulton (DIST 02)",1.4612000000000001]
[null,null,null,null,"04502","045","Greenup","02",null,null,"FULT","Fulton","03803","Fulton","(DIST 03)","Fulton (DIST 03)","Fulton (DIST 03)","Fulton (DIST 02)",1.4779,0.2422,null,"Fulton (DIST 02)",1.4779,0.2422,null,null,null,null,null,null,null,null,null,"Greenup","(DIST 02)","Greenup (DIST 02)",null,"Greenup",null,"(606) 473-9984",null,"Greenup (DIST 07)","GREU07",1.6025,"GREU","Greenup","07","Greenup (DIST 07)",null,null,null,"Fulton (DIST 03)",0.91789999999999994]
[null,null,null,null,"04503","045","Greenup","03",null,null,"FULT","Fulton","03804","Fulton","(DIST 04)","Fulton (DIST 04)","Fulton (DIST 04)","Fulton (DIST 03)",0.94419999999999993,0.2422,null,"Fulton (DIST 03)",0.94419999999999993,0.2422,null,null,null,null,null,null,null,null,null,"Greenup","(DIST 03)","Greenup (DIST 03)",null,"Greenup",null,"(606) 473-9984",null,"Greenup (DIST 08)","GREU08",1.6025,"GREU","Greenup","08","Greenup (DIST 08)",null,null,null,"Fulton (DIST 04)",1.5718999999999999]
[null,null,null,null,"04504","045","Greenup","04",null,null,"FULT","Fulton","UNKNOWN","Fulton","(DIST UNKNOWN)"," (DIST UNKNOWN)"," (DIST UNKNOWN)","Fulton (DIST 04)",1.4332,0.2422,null,"Fulton (DIST 04)",1.4332,0.2422,null,null,null,null,null,null,null,null,null,"Greenup","(DIST 04)","Greenup (DIST 04)",null,"Greenup",null,"(606) 473-9984",null,"Greenup (DIST 09)","GREU09",2.5989,"GREU","Greenup","09","Greenup (DIST 09)",null,null,null,"Fulton (UNKNOWN)",{"$error":"#N/A"}]
[null,null,null,null,"04505","045","Greenup","05",null,null,"GALL","Gallatin","03900","Gallatin","(DIST 00)","Gallatin (DIST 00)","Gallatin (DIST 00)","Fulton (UNKNOWN)",0.99919999999999998,0.2422,null,"Fulton (UNKNOWN)",0.99919999999999998,0.2422,null,null,null,null,null,null,null,null,null,"Greenup","(DIST 05)","Greenup (DIST 05)",null,"Greenup",null,"(606) 473-9984",null,"Greenup (DIST 10)","GREU10",1.7955000000000001,"GREU","Greenup","10","Greenup (DIST 10)",null,null,null,"Gallatin (DIST 00)",1.032]
[null,null,null,null,"04506","045","Greenup","06",null,null,"GALL","Gallatin","03901","Gallatin","(DIST 01)","Gallatin (DIST 01)","Gallatin (DIST 01)","Gallatin (DIST 00)",1.026,0.214,null,"Gallatin (DIST 00)",1.026,0.214,null,null,null,null,null,null,null,null,null,"Greenup","(DIST 06)","Greenup (DIST 06)",null,"Greenup",null,"(606) 473-9984",null,"Greenup (DIST 11)","GREU11",1.5785,"GREU","Greenup","11","Greenup (DIST 11)",null,null,null,"Gallatin (DIST 01)",1.0720000000000001]
[null,null,null,null,"04507","045","Greenup","07",null,null,"GALL","Gallatin","03902","Gallatin","(DIST 02)","Gallatin (DIST 02)","Gallatin (DIST 02)","Gallatin (DIST 01)",1.2170000000000001,0.214,null,"Gallatin (DIST 01)",1.2170000000000001,0.214,null,null,null,null,null,null,null,null,null,"Greenup","(DIST 07)","Greenup (DIST 07)",null,"Greenup",null,"(606) 473-9984",null,"Greenup (DIST 12)","GREU12",1.5785,"GREU","Greenup","12","Greenup (DIST 12)",null,null,null,"Gallatin (DIST 02)",1.222]
[null,null,null,null,"04508","045","Greenup","08",null,null,"GALL","Gallatin","03903","Gallatin","(DIST 03)","Gallatin (DIST 03)","Gallatin (DIST 03)","Gallatin (DIST 02)",1.216,0.214,null,"Gallatin (DIST 02)",1.216,0.214,null,null,null,null,null,null,null,null,null,"Greenup","(DIST 08)","Greenup (DIST 08)",null,"Greenup",null,"(606) 473-9984",null,"Greenup (DIST 13)","GREU13",0.87249999999999994,"GREU","Greenup","13","Greenup (DIST 13)",null,null,null,"Gallatin (DIST 03)",{"$f":"VLOOKUP(AZ260,AP$3:AR$691,3,FALSE)","v":1.2890000000000001}]
[null,null,null,null,"04509","045","Greenup","09",null,null,"GALL","Gallatin","03904","Gallatin","(DIST 04)","Gallatin (DIST 04)","Gallatin (DIST 04)","Gallatin (DIST 03)",1.26,0.214,null,"Gallatin (DIST 03)",1.26,0.214,null,null,null,null,null,null,null,null,null,"Greenup","(DIST 09)","Greenup (DIST 09)",null,"Greenup",null,"(606) 473-9984",null,"Greenup (DIST 14)","GREU14",1.7025000000000001,"GREU","Greenup","14","Greenup (DIST 14)",null,null,null,"Gallatin (DIST 04)",1.232]
[null,null,null,null,"04510","045","Greenup","10",null,null,"GALL","Gallatin","UNKNOWN","Gallatin","(DIST UNKNOWN)"," (DIST UNKNOWN)"," (DIST UNKNOWN)","Gallatin (DIST 04)",1.226,0.41399999999999998,null,"Gallatin (DIST 04)",1.226,0.41399999999999998,null,null,null,null,null,null,null,null,null,"Greenup","(DIST 10)","Greenup (DIST 10)",null,"Greenup",null,"(606) 473-9984",null,"Greenup (DIST 15)","GREU15",1.5785,"GREU","Greenup","15","Greenup (DIST 15)",null,null,null,"Gallatin (UNKNOWN)",{"$error":"#N/A"}]
[null,null,null,null,"04511","045","Greenup","11",null,null,"GARR","Garrard","04001","Garrard","(DIST 01)","Garrard (DIST 01)","Garrard (DIST 01)","Gallatin (UNKNOWN)",1.026,0.214,null,"Gallatin (UNKNOWN)",1.026,0.214,null,null,null,null,null,null,null,null,null,"Greenup","(DIST 11)","Greenup (DIST 11)",null,"Greenup",null,"(606) 473-9984",null,"Greenup (DIST 16)","GREU16",1.5785,"GREU","Greenup","16","Greenup (DIST 16)",null,null,null,"Garrard (DIST 01)",1.115]
[null,null,null,null,"04512","045","Greenup","12",null,null,"GARR","Garrard","04002","Garrard","(DIST 02)","Garrard (DIST 02)","Garrard (DIST 02)","Garrard (DIST 01)",1.0458000000000001,0.12959999999999999,null,"Garrard (DIST 01)",1.0458000000000001,0.12959999999999999,null,null,null,null,null,null,null,null,null,"Greenup","(DIST 12)","Greenup (DIST 12)",null,"Greenup",null,"(606) 473-9984",null,"Greenup (DIST 17)","GREU17",1.5785,"GREU","Greenup","17","Greenup (DIST 17)",null,null,null,"Garrard (DIST 02)",1.085]
[null,null,null,null,"04513","045","Greenup","13",null,null,"GARR","Garrard","04003","Garrard","(DIST 03)","Garrard (DIST 03)","Garrard (DIST 03)","Garrard (DIST 02)",1.0158,0.15759999999999999,null,"Garrard (DIST 02)",1.0158,0.15759999999999999,null,null,null,null,null,null,null,null,null,"Greenup","(DIST 13)","Greenup (DIST 13)",null,"Greenup",null,"(606) 473-9984",null,"Greenup (DIST 18)","GREU18",1.5785,"GREU","Greenup","18","Greenup (DIST 18)",null,null,null,"Garrard (DIST 03)",1.0840000000000001]
[null,null,null,null,"04514","045","Greenup","14",null,null,"GARR","Garrard","04004","Garrard","(DIST 04)","Garrard (DIST 04)","Garrard (DIST 04)","Garrard (DIST 03)",1.0147999999999999,0.2266,null,"Garrard (DIST 03)",1.0147999999999999,0.2266,null,null,null,null,null,null,null,null,null,"Greenup","(DIST 14)","Greenup (DIST 14)",null,"Greenup",null,"(606) 473-9984",null,"Greenup (DIST 19)","GREU19",1.5785,"GREU","Greenup","19","Greenup (DIST 19)",null,null,null,"Garrard (DIST 04)",1.0750000000000002]
[null,null,null,null,"04515","045","Greenup","15",null,null,"GARR","Garrard","04008","Garrard","(DIST 08)","Garrard (DIST 08)","Garrard (DIST 08)","Garrard (DIST 04)",1.0058,0.15759999999999999,null,"Garrard (DIST 04)",1.0058,0.15759999999999999,null,null,null,null,null,null,null,null,null,"Greenup","(DIST 15)","Greenup (DIST 15)",null,"Greenup",null,"(606) 473-9984",null,"Greenup (DIST 20)","GREU20",1.5785,"GREU","Greenup","20","Greenup (DIST 20)",null,null,null,"Garrard (DIST 08)",1.2750000000000001]
[null,null,null,null,"04516","045","Greenup","16",null,null,"GARR","Garrard","UNKNOWN","Garrard","(DIST UNKNOWN)"," (DIST UNKNOWN)"," (DIST UNKNOWN)","Garrard (DIST 08)",1.2058,0.15759999999999999,null,"Garrard (DIST 08)",1.2058,0.15759999999999999,null,null,null,null,null,null,null,null,null,"Greenup","(DIST 16)","Greenup (DIST 16)",null,"Greenup",null,"(606) 473-9984",null,"Greenup (DIST 24)","GREU24",1.7025000000000001,"GREU","Greenup","24","Greenup (DIST 24)",null,null,null,"Garrard (UNKNOWN)",{"$error":"#N/A"}]
[null,null,null,null,"04517","045","Greenup","17",null,null,"GRAN","Grant","04100","Grant","(DIST 00)","Grant (DIST 00)","Grant (DIST 00)","Garrard (UNKNOWN)",1.0058,0.15759999999999999,null,"Garrard (UNKNOWN)",1.0058,0.15759999999999999,null,null,null,null,null,null,null,null,null,"Greenup","(DIST 17)","Greenup (DIST 17)",null,"Greenup",null,"(606) 473-9984",null,{"$error":"#N/A"},"HANCK00",0,"HANC",{"$error":"#N/A"},"00",{"$error":"#N/A"},null,null,null,"Grant (DIST 00)",1.5508]
[null,null,null,null,"04518","045","Greenup","18",null,null,"GRAN","Grant","04101","Grant","(DIST 01)","Grant (DIST 01)","Grant (DIST 01)","Grant (DIST 00)",1.4714,0.3548,null,"Grant (DIST 00)",1.4714,0.3548,null,null,null,null,null,null,null,null,null,"Greenup","(DIST 18)","Greenup (DIST 18)",null,"Greenup",null,"(606) 473-9984",null,{"$error":"#N/A"},"HANCK01",0,"HANC",{"$error":"#N/A"},"01",{"$error":"#N/A"},null,null,null,"Grant (DIST 01)",1.0608]
[null,null,null,null,"04519","045","Greenup","19",null,null,"GRAN","Grant","04102","Grant","(DIST 02)","Grant (DIST 02)","Grant (DIST 02)","Grant (DIST 01)",0.98139999999999994,0.3548,null,"Grant (DIST 01)",0.98139999999999994,0.3548,null,null,null,null,null,null,null,null,null,"Greenup","(DIST 19)","Greenup (DIST 19)",null,"Greenup",null,"(606) 473-9984",null,{"$error":"#N/A"},"HANCK02",0,"HANC",{"$error":"#N/A"},"02",{"$error":"#N/A"},null,null,null,"Grant (DIST 02)",1.3608]
[null,null,null,null,"04520","045","Greenup","20",null,null,"GRAN","Grant","04103","Grant","(DIST 03)","Grant (DIST 03)","Grant (DIST 03)","Grant (DIST 02)",1.2813999999999999,0.3548,null,"Grant (DIST 02)",1.2813999999999999,0.3548,null,null,null,null,null,null,null,null,null,"Greenup","(DIST 20)","Greenup (DIST 20)",null,"Greenup",null,"(606) 473-9984",null,"Hardin (DIST 00)","HARD00",0.82669999999999999,"HARD","Hardin","00","Hardin (DIST 00)",null,null,null,"Grant (DIST 03)",1.3418000000000001]
[null,null,null,null,"04524","045","Greenup","24",null,null,"GRAN","Grant","04104","Grant","(DIST 04)","Grant (DIST 04)","Grant (DIST 04)","Grant (DIST 03)",1.5813999999999999,0.45479999999999998,null,"Grant (DIST 03)",1.5813999999999999,0.45479999999999998,null,null,null,null,null,null,null,null,null,"Greenup","(DIST 24)","Greenup (DIST 24)",null,"Greenup",null,"(606) 473-9984",null,"Hardin (DIST 02)","HARD02",0.94269999999999998,"HARD","Hardin","02","Hardin (DIST 02)",null,null,null,"Grant (DIST 04)",1.2698]
[null,null,null,null,"04536","045","Greenup","36",null,null,"GRAN","Grant","04105","Grant","(DIST 05)","Grant (DIST 05)","Grant (DIST 05)","Grant (DIST 04)",1.1703999999999999,0.37540000000000001,null,"Grant (DIST 04)",1.1703999999999999,0.37540000000000001,null,null,null,null,null,null,null,null,null,"Greenup","(DIST 36)","Greenup (DIST 36)",null,"Greenup",null,"(606) 473-9984",null,"Hardin (DIST 03)","HARD03",1.0006999999999999,"HARD","Hardin","03","Hardin (DIST 03)",null,null,null,"Grant (DIST 05)",1.8708]
[null,null,null,null,"04600","046","Hancock","00",null,null,"GRAN","Grant","04106","Grant","(DIST 06)","Grant (DIST 06)","Grant (DIST 06)","Grant (DIST 05)",1.7834000000000001,0.3548,null,"Grant (DIST 05)",1.7834000000000001,0.3548,null,null,null,null,null,null,null,null,null,"Hancock","(DIST 00)","Hancock (DIST 00)",null,"Hancock",null,"(270) 927-6846",null,"Hardin (DIST 04)","HARD04",1.0266999999999999,"HARD","Hardin","04","Hardin (DIST 04)",null,null,null,"Grant (DIST 06)",1.3808]
[null,null,null,null,"04601","046","Hancock","01",null,null,"GRAN","Grant","UNKNOWN","Grant","(DIST UNKNOWN)"," (DIST UNKNOWN)"," (DIST UNKNOWN)","Grant (DIST 06)",1.2934000000000001,0.3548,null,"Grant (DIST 06)",1.2934000000000001,0.3548,null,null,null,null,null,null,null,null,null,"Hancock","(DIST 01)","Hancock (DIST 01)",null,"Hancock",null,"(270) 927-6846",null,"Hardin (DIST 05)","HARD05",1.0767,"HARD","Hardin","05","Hardin (DIST 05)",null,null,null,"Grant (UNKNOWN)",{"$error":"#N/A"}]
[null,null,null,null,"04602","046","Hancock","02",null,null,"GRAV","Graves","04201","Graves","(DIST 01)","Graves (DIST 01)","Graves (DIST 01)","Grant (UNKNOWN)",0.98140000000000005,0.3548,null,"Grant (UNKNOWN)",0.98140000000000005,0.3548,null,null,null,null,null,null,null,null,null,"Hancock","(DIST 02)","Hancock (DIST 02)",null,"Hancock",null,"(270) 927-6846",null,"Hardin (DIST 06)","HARD06",1.0820000000000001,"HARD","Hardin","06","Hardin (DIST 06)",null,null,null,"Graves (DIST 01)",1.3073999999999999]
[null,null,null,null,"04700","047","Hardin","00",null,null,"GRAV","Graves","04202","Graves","(DIST 02)","Graves (DIST 02)","Graves (DIST 02)","Graves (DIST 01)",1.194,9.9900000000000003E-2,null,"Graves (DIST 01)",1.194,9.9900000000000003E-2,null,null,null,null,null,null,null,null,null,"Hardin","(DIST 00)","Hardin (DIST 00)",null,"Hardin",null,"(270) 765-2129",null,"Hardin (DIST 07)","HARD07",1.1737000000000002,"HARD","Hardin","07","Hardin (DIST 07)",null,null,null,"Graves (DIST 02)",0.75740000000000007]
[null,null,null,null,"04702","047","Hardin","02",null,null,"GRAV","Graves","04204","Graves","(DIST 04)","Graves (DIST 04)","Graves (DIST 04)","Graves (DIST 02)",0.7330000000000001,9.9900000000000003E-2,null,"Graves (DIST 02)",0.7330000000000001,9.9900000000000003E-2,null,null,null,null,null,null,null,null,null,"Hardin","(DIST 02)","Hardin (DIST 02)",null,"Hardin",null,"(270) 765-2129",null,"Hardin (DIST 08)","HARD08",0,"HARD","Hardin","08","Hardin (DIST 08)",null,null,null,"Graves (DIST 04)",1.2874000000000001]
[null,null,null,null,"04703","047","Hardin","03",null,null,"GRAV","Graves","04205","Graves","(DIST 05)","Graves (DIST 05)","Graves (DIST 05)","Graves (DIST 04)",1.2630000000000001,9.9900000000000003E-2,null,"Graves (DIST 04)",1.2630000000000001,9.9900000000000003E-2,null,null,null,null,null,null,null,null,null,"Hardin","(DIST 03)","Hardin (DIST 03)",null,"Hardin",null,"(270) 765-2129",null,"Hardin (DIST 09)","HARD09",1.1396999999999999,"HARD","Hardin","09","Hardin (DIST 09)",null,null,null,"Graves (DIST 05)",0.85740000000000005]
[null,null,null,null,"04704","047","Hardin","04",null,null,"GRAV","Graves","04206","Graves","(DIST 06)","Graves (DIST 06)","Graves (DIST 06)","Graves (DIST 05)",0.83300000000000007,9.9900000000000003E-2,null,"Graves (DIST 05)",0.83300000000000007,9.9900000000000003E-2,null,null,null,null,null,null,null,null,null,"Hardin","(DIST 04)","Hardin (DIST 04)",null,"Hardin",null,"(270) 765-2129",null,"Harlan (DIST 01)","HARL01",1.373,"HARL","Harlan","01","Harlan (DIST 01)",null,null,null,"Graves (DIST 06)",1.0473999999999999]
[null,null,null,null,"04705","047","Hardin","05",null,null,"GRAV","Graves","UNKNOWN","Graves","(DIST UNKNOWN)"," (DIST UNKNOWN)"," (DIST UNKNOWN)","Graves (DIST 06)",0.97300000000000009,9.9900000000000003E-2,null,"Graves (DIST 06)",0.97300000000000009,9.9900000000000003E-2,null,null,null,null,null,null,null,null,null,"Hardin","(DIST 05)","Hardin (DIST 05)",null,"Hardin",null,"(270) 765-2129",null,"Harlan (DIST 02)","HARL02",1.849,"HARL","Harlan","02","Harlan (DIST 02)",null,null,null,"Graves (UNKNOWN)",{"$error":"#N/A"}]
[null,null,null,null,"04706","047","Hardin","06",null,null,"GRAY","Grayson","04300","Grayson","(DIST 00)","Grayson (DIST 00)","Grayson (DIST 00)","Graves (UNKNOWN)",0.73299999999999998,9.9900000000000003E-2,null,"Graves (UNKNOWN)",0.73299999999999998,9.9900000000000003E-2,null,null,null,null,null,null,null,null,null,"Hardin","(DIST 06)","Hardin (DIST 06)",null,"Hardin",null,"(270) 765-2129",null,"Harlan (DIST 03)","HARL03",1.863,"HARL","Harlan","03","Harlan (DIST 03)",null,null,null,"Grayson (DIST 00)",0.88319999999999999]
[null,null,null,null,"04707","047","Hardin","07",null,null,"GRAY","Grayson","04301","Grayson","(DIST 01)","Grayson (DIST 01)","Grayson (DIST 01)","Grayson (DIST 00)",0.93829999999999991,0.2253,null,"Grayson (DIST 00)",0.93829999999999991,0.2253,null,null,null,null,null,null,null,null,null,"Hardin","(DIST 07)","Hardin (DIST 07)",null,"Hardin",null,"(270) 765-2129",null,"Harlan (DIST 04)","HARL04",1.359,"HARL","Harlan","04","Harlan (DIST 04)",null,null,null,"Grayson (DIST 01)",1.1492]
[null,null,null,null,"04709","047","Hardin","09",null,null,"GRAY","Grayson","04302","Grayson","(DIST 02)","Grayson (DIST 02)","Grayson (DIST 02)","Grayson (DIST 01)",1.1812999999999998,0.2253,null,"Grayson (DIST 01)",1.1812999999999998,0.2253,null,null,null,null,null,null,null,null,null,"Hardin","(DIST 09)","Hardin (DIST 09)",null,"Hardin",null,"(270) 765-2129",null,"Harlan (DIST 05)","HARL05",1.823,"HARL","Harlan","05","Harlan (DIST 05)",null,null,null,"Grayson (DIST 02)",1.1465000000000001]
[null,null,null,null,"04732","047","Hardin","32",null,null,"GRAY","Grayson","04303","Grayson","(DIST 03)","Grayson (DIST 03)","Grayson (DIST 03)","Grayson (DIST 02)",1.1581999999999999,0.2253,null,"Grayson (DIST 02)",1.1581999999999999,0.2253,null,null,null,null,null,null,null,null,null,"Hardin","(DIST 32)","Hardin (DIST 32)",null,"Hardin",null,"(270) 765-2129",null,"Harlan (DIST 06)","HARL06",1.788,"HARL","Harlan","06","Harlan (DIST 06)",null,null,null,"Grayson (DIST 03)",0.98970000000000002]
[null,null,null,null,"04801","048","Harlan","01",null,null,"GRAY","Grayson","04304","Grayson","(DIST 04)","Grayson (DIST 04)","Grayson (DIST 04)","Grayson (DIST 03)",1.1373,0.2253,null,"Grayson (DIST 03)",1.1373,0.2253,null,null,null,null,null,null,null,null,null,"Harlan","(DIST 01)","Harlan (DIST 01)",null,"Harlan",null,"(606) 573-1990",null,"Harlan (DIST 07)","HARL07",1.7730000000000001,"HARL","Harlan","07","Harlan (DIST 07)",null,null,null,"Grayson (DIST 04)",1.1492]
[null,null,null,null,"04802","048","Harlan","02",null,null,"GRAY","Grayson","UNKNOWN","Grayson","(DIST UNKNOWN)"," (DIST UNKNOWN)"," (DIST UNKNOWN)","Grayson (DIST 04)",1.1812999999999998,0.2253,null,"Grayson (DIST 04)",1.1812999999999998,0.2253,null,null,null,null,null,null,null,null,null,"Harlan","(DIST 02)","Harlan (DIST 02)",null,"Harlan",null,"(606) 573-1990",null,"Harlan (DIST 08)","HARL08",1.373,"HARL","Harlan","08","Harlan (DIST 08)",null,null,null,"Grayson (UNKNOWN)",{"$error":"#N/A"}]
[null,null,null,null,"04803","048","Harlan","03",null,null,"GREE","Green","04400","Green","(DIST 00)","Green (DIST 00)","Green (DIST 00)","Grayson (UNKNOWN)",0.93830000000000002,0.2253,null,"Grayson (UNKNOWN)",0.93830000000000002,0.2253,null,null,null,null,null,null,null,null,null,"Harlan","(DIST 03)","Harlan (DIST 03)",null,"Harlan",null,"(606) 573-1990",null,"Harlan (DIST 09)","HARL09",1.673,"HARL","Harlan","09","Harlan (DIST 09)",null,null,null,"Green (DIST 00)",1.0035000000000001]
[null,null,null,null,"04804","048","Harlan","04",null,null,"GREE","Green","04401","Green","(DIST 01)","Green (DIST 01)","Green (DIST 01)","Green (DIST 00)",0.92020000000000002,0.21,null,"Green (DIST 00)",0.92020000000000002,0.21,null,null,null,null,null,null,null,null,null,"Harlan","(DIST 04)","Harlan (DIST 04)",null,"Harlan",null,"(606) 573-1990",null,"Harlan (DIST 10)","HARL10",1.873,"HARL","Harlan","10","Harlan (DIST 10)",null,null,null,"Green (DIST 01)",1.2495000000000001]
[null,null,null,null,"04805","048","Harlan","05",null,null,"GREE","Green","UNKNOWN","Green","(DIST UNKNOWN)"," (DIST UNKNOWN)"," (DIST UNKNOWN)","Green (DIST 01)",1.1592,0.21,null,"Green (DIST 01)",1.1592,0.21,null,null,null,null,null,null,null,null,null,"Harlan","(DIST 05)","Harlan (DIST 05)",null,"Harlan",null,"(606) 573-1990",null,"Harrison (DIST 00)","HARR00",1.0484,"HARR","Harrison","00","Harrison (DIST 00)",null,null,null,"Green (UNKNOWN)",{"$error":"#N/A"}]
[null,null,null,null,"04806","048","Harlan","06",null,null,"GREU","Greenup","04501","Greenup","(DIST 01)","Greenup (DIST 01)","Greenup (DIST 01)","Green (UNKNOWN)",0.92020000000000002,0.21,null,"Green (UNKNOWN)",0.92020000000000002,0.21,null,null,null,null,null,null,null,null,null,"Harlan","(DIST 06)","Harlan (DIST 06)",null,"Harlan",null,"(606) 573-1990",null,"Harrison (DIST 01)","HARR01",1.2265999999999999,"HARR","Harrison","01","Harrison (DIST 01)",null,null,null,"Greenup (DIST 01)",1.4784999999999999]
[null,null,null,null,"04807","048","Harlan","07",null,null,"GREU","Greenup","04502","Greenup","(DIST 02)","Greenup (DIST 02)","Greenup (DIST 02)","Greenup (DIST 01)",1.5846,0.16259999999999999,null,"Greenup (DIST 01)",1.5846,0.16259999999999999,null,null,null,null,null,null,null,null,null,"Harlan","(DIST 07)","Harlan (DIST 07)",null,"Harlan",null,"(606) 573-1990",null,"Harrison (DIST 02)","HARR02",1.1874,"HARR","Harrison","02","Harrison (DIST 02)",null,null,null,"Greenup (DIST 02)",1.7838000000000001]
[null,null,null,null,"04900","049","Harrison","00",null,null,"GREU","Greenup","04503","Greenup","(DIST 03)","Greenup (DIST 03)","Greenup (DIST 03)","Greenup (DIST 02)",1.8245,0.2626,null,"Greenup (DIST 02)",1.8245,0.2626,null,null,null,null,null,null,null,null,null,"Harrison","(DIST 00)","Harrison (DIST 00)",null,"Harrison",null,"(859) 234-7133",null,"Hart (DIST 01)","HART01",0.97419999999999995,"HART","Hart","01","Hart (DIST 01)",null,null,null,"Greenup (DIST 03)",2.3681000000000001]
[null,null,null,null,"04901","049","Harrison","01",null,null,"GREU","Greenup","04504","Greenup","(DIST 04)","Greenup (DIST 04)","Greenup (DIST 04)","Greenup (DIST 03)",2.2725999999999997,0.36259999999999998,null,"Greenup (DIST 03)",2.2725999999999997,0.36259999999999998,null,null,null,null,null,null,null,null,null,"Harrison","(DIST 01)","Harrison (DIST 01)",null,"Harrison",null,"(859) 234-7133",null,"Hart (DIST 02)","HART02",1.2631999999999999,"HART","Hart","02","Hart (DIST 02)",null,null,null,"Greenup (DIST 04)",1.5785]
[null,null,null,null,"04902","049","Harrison","02",null,null,"GREU","Greenup","04505","Greenup","(DIST 05)","Greenup (DIST 05)","Greenup (DIST 05)","Greenup (DIST 04)",1.6846000000000001,0.16259999999999999,null,"Greenup (DIST 04)",1.6846000000000001,0.16259999999999999,null,null,null,null,null,null,null,null,null,"Harrison","(DIST 02)","Harrison (DIST 02)",null,"Harrison",null,"(859) 234-7133",null,"Hart (DIST 03)","HART03",1.1361999999999999,"HART","Hart","03","Hart (DIST 03)",null,null,null,"Greenup (DIST 05)",0.96550000000000002]
[null,null,null,null,"05001","050","Hart","01",null,null,"GREU","Greenup","04506","Greenup","(DIST 06)","Greenup (DIST 06)","Greenup (DIST 06)","Greenup (DIST 05)",1.8095999999999999,0.2626,null,"Greenup (DIST 05)",1.8095999999999999,0.2626,null,null,null,null,null,null,null,null,null,"Hart","(DIST 01)","Hart (DIST 01)",null,"Hart",null,"(270) 524-2321",null,"Hart (DIST 04)","HART04",1.5238,"HART","Hart","04","Hart (DIST 04)",null,null,null,"Greenup (DIST 06)",1.3812]
[null,null,null,null,"05002","050","Hart","02",null,null,"GREU","Greenup","04507","Greenup","(DIST 07)","Greenup (DIST 07)","Greenup (DIST 07)","Greenup (DIST 06)",2.2195999999999998,0.2626,null,"Greenup (DIST 06)",2.2195999999999998,0.2626,null,null,null,null,null,null,null,null,null,"Hart","(DIST 02)","Hart (DIST 02)",null,"Hart",null,"(270) 524-2321",null,"Hart (DIST 05)","HART05",1.1961999999999999,"HART","Hart","05","Hart (DIST 05)",null,null,null,"Greenup (DIST 07)",1.6025]
[null,null,null,null,"05003","050","Hart","03",null,null,"GREU","Greenup","04508","Greenup","(DIST 08)","Greenup (DIST 08)","Greenup (DIST 08)","Greenup (DIST 07)",2.0095999999999998,0.2626,null,"Greenup (DIST 07)",2.0095999999999998,0.2626,null,null,null,null,null,null,null,null,null,"Hart","(DIST 03)","Hart (DIST 03)",null,"Hart",null,"(270) 524-2321",null,"Henderson (DIST 00)","HEND00",1.0882000000000001,"HEND","Henderson","00","Henderson (DIST 00)",null,null,null,"Greenup (DIST 08)",1.6025]
[null,null,null,null,"05004","050","Hart","04",null,null,"GREU","Greenup","04509","Greenup","(DIST 09)","Greenup (DIST 09)","Greenup (DIST 09)","Greenup (DIST 08)",1.6415999999999999,0.2626,null,"Greenup (DIST 08)",1.6415999999999999,0.2626,null,null,null,null,null,null,null,null,null,"Hart","(DIST 04)","Hart (DIST 04)",null,"Hart",null,"(270) 524-2321",null,"Henderson (DIST 01)","HEND01",1.8182,"HEND","Henderson","01","Henderson (DIST 01)",null,null,null,"Greenup (DIST 09)",2.5989]
[null,null,null,null,"05005","050","Hart","05",null,null,"GREU","Greenup","04510","Greenup","(DIST 10)","Greenup (DIST 10)","Greenup (DIST 10)","Greenup (DIST 09)",2.5548999999999999,0.2626,null,"Greenup (DIST 09)",2.5548999999999999,0.2626,null,null,null,null,null,null,null,null,null,"Hart","(DIST 05)","Hart (DIST 05)",null,"Hart",null,"(270) 524-2321",null,"Henderson (DIST 02)","HEND02",1.3287,"HEND","Henderson","02","Henderson (DIST 02)",null,null,null,"Greenup (DIST 10)",1.7955000000000001]
[null,null,null,null,"05024","050","Hart","24",null,null,"GREU","Greenup","04511","Greenup","(DIST 11)","Greenup (DIST 11)","Greenup (DIST 11)","Greenup (DIST 10)",1.6415999999999999,0.2626,null,"Greenup (DIST 10)",1.6415999999999999,0.2626,null,null,null,null,null,null,null,null,null,"Hart","(DIST 24)","Hart (DIST 24)",null,"Hart",null,"(270) 524-2321",null,"Henderson (DIST 03)","HEND03",1.1082000000000001,"HEND","Henderson","03","Henderson (DIST 03)",null,null,null,"Greenup (DIST 11)",1.5785]
[null,null,null,null,"05100","051","Henderson","00",null,null,"GREU","Greenup","04512","Greenup","(DIST 12)","Greenup (DIST 12)","Greenup (DIST 12)","Greenup (DIST 11)",1.6846000000000001,0.16259999999999999,null,"Greenup (DIST 11)",1.6846000000000001,0.16259999999999999,null,null,null,null,null,null,null,null,null,"Henderson","(DIST 00)","Henderson (DIST 00)",null,"Henderson",null,"(270) 827-6024",null,"Henry (DIST 00)","HENR00",1.2137,"HENR","Henry","00","Henry (DIST 00)",null,null,null,"Greenup (DIST 12)",1.5785]
[null,null,null,null,"05101","051","Henderson","01",null,null,"GREU","Greenup","04513","Greenup","(DIST 13)","Greenup (DIST 13)","Greenup (DIST 13)","Greenup (DIST 12)",1.6846000000000001,0.2626,null,"Greenup (DIST 12)",1.6846000000000001,0.2626,null,null,null,null,null,null,null,null,null,"Henderson","(DIST 01)","Henderson (DIST 01)",null,"Henderson",null,"(270) 827-6024",null,"Henry (DIST 02)","HENR02",1.4047000000000001,"HENR","Henry","02","Henry (DIST 02)",null,null,null,"Greenup (DIST 13)",0.87249999999999994]
[null,null,null,null,"05102","051","Henderson","02",null,null,"GREU","Greenup","04514","Greenup","(DIST 14)","Greenup (DIST 14)","Greenup (DIST 14)","Greenup (DIST 13)",1.9095999999999997,0.36259999999999998,null,"Greenup (DIST 13)",1.9095999999999997,0.36259999999999998,null,null,null,null,null,null,null,null,null,"Henderson","(DIST 02)","Henderson (DIST 02)",null,"Henderson",null,"(270) 827-6024",null,"Henry (DIST 03)","HENR03",1.4645999999999999,"HENR","Henry","03","Henry (DIST 03)",null,null,null,"Greenup (DIST 14)",1.7025000000000001]
[null,null,null,null,"05131","051","Henderson","31",null,null,"GREU","Greenup","04515","Greenup","(DIST 15)","Greenup (DIST 15)","Greenup (DIST 15)","Greenup (DIST 14)",1.7416,0.36259999999999998,null,"Greenup (DIST 14)",1.7416,0.36259999999999998,null,null,null,null,null,null,null,null,null,"Henderson","(DIST 31)","Henderson (DIST 31)",null,"Henderson",null,"(270) 827-6024",null,"Henry (DIST 04)","HENR04",1.5927000000000002,"HENR","Henry","04","Henry (DIST 04)",null,null,null,"Greenup (DIST 15)",1.5785]
[null,null,null,null,"05132","051","Henderson","32",null,null,"GREU","Greenup","04516","Greenup","(DIST 16)","Greenup (DIST 16)","Greenup (DIST 16)","Greenup (DIST 15)",1.6846000000000001,0.2626,null,"Greenup (DIST 15)",1.6846000000000001,0.2626,null,null,null,null,null,null,null,null,null,"Henderson","(DIST 32)","Henderson (DIST 32)",null,"Henderson",null,"(270) 827-6024",null,"Henry (DIST 05)","HENR05",1.2807000000000002,"HENR","Henry","05","Henry (DIST 05)",null,null,null,"Greenup (DIST 16)",1.5785]
[null,null,null,null,"05200","052","Henry","00",null,null,"GREU","Greenup","04517","Greenup","(DIST 17)","Greenup (DIST 17)","Greenup (DIST 17)","Greenup (DIST 16)",1.6845999999999999,0.2626,null,"Greenup (DIST 16)",1.6845999999999999,0.2626,null,null,null,null,null,null,null,null,null,"Henry","(DIST 00)","Henry (DIST 00)",null,"Henry",null,"(502) 845-5740",null,"Henry (DIST 06)","HENR06",1.3456999999999999,"HENR","Henry","06","Henry (DIST 06)",null,null,null,"Greenup (DIST 17)",1.5785]
[null,null,null,null,"05202","052","Henry","02",null,null,"GREU","Greenup","04518","Greenup","(DIST 18)","Greenup (DIST 18)","Greenup (DIST 18)","Greenup (DIST 17)",1.6846000000000001,0.16259999999999999,null,"Greenup (DIST 17)",1.6846000000000001,0.16259999999999999,null,null,null,null,null,null,null,null,null,"Henry","(DIST 02)","Henry (DIST 02)",null,"Henry",null,"(502) 845-5740",null,"Henry (DIST 07)","HENR07",1.3756999999999999,"HENR","Henry","07","Henry (DIST 07)",null,null,null,"Greenup (DIST 18)",1.5785]
[null,null,null,null,"05203","052","Henry","03",null,null,"GREU","Greenup","04519","Greenup","(DIST 19)","Greenup (DIST 19)","Greenup (DIST 19)","Greenup (DIST 18)",1.6846000000000001,0.16259999999999999,null,"Greenup (DIST 18)",1.6846000000000001,0.16259999999999999,null,null,null,null,null,null,null,null,null,"Henry","(DIST 03)","Henry (DIST 03)",null,"Henry",null,"(502) 845-5740",null,"Hickman (DIST 00)","HICK00",0.79299999999999993,"HICK","Hickman","00","Hickman (DIST 00)",null,null,null,"Greenup (DIST 19)",1.5785]
[null,null,null,null,"05204","052","Henry","04",null,null,"GREU","Greenup","04520","Greenup","(DIST 20)","Greenup (DIST 20)","Greenup (DIST 20)","Greenup (DIST 19)",1.6846000000000001,0.2626,null,"Greenup (DIST 19)",1.6846000000000001,0.2626,null,null,null,null,null,null,null,null,null,"Henry","(DIST 04)","Henry (DIST 04)",null,"Henry",null,"(502) 845-5740",null,"Hickman (DIST 01)","HICK01",1.157,"HICK","Hickman","01","Hickman (DIST 01)",null,null,null,"Greenup (DIST 20)",1.5785]
[null,null,null,null,"05205","052","Henry","05",null,null,"GREU","Greenup","04524","Greenup","(DIST 24)","Greenup (DIST 24)","Greenup (DIST 24)","Greenup (DIST 20)",1.6846000000000001,0,null,"Greenup (DIST 20)",1.6846000000000001,0,null,null,null,null,null,null,null,null,null,"Henry","(DIST 05)","Henry (DIST 05)",null,"Henry",null,"(502) 845-5740",null,"Hickman (DIST 02)","HICK02",0.89300000000000002,"HICK","Hickman","02","Hickman (DIST 02)",null,null,null,"Greenup (DIST 24)",1.7025000000000001]
[null,null,null,null,"05206","052","Henry","06",null,null,"GREU","Greenup","UNKNOWN","Greenup","(DIST UNKNOWN)"," (DIST UNKNOWN)"," (DIST UNKNOWN)","Greenup (DIST 23 / 24)",1.7416,0.36259999999999998,null,"Greenup (DIST 23 / 24)",1.7416,0.36259999999999998,null,null,null,null,null,null,null,null,null,"Henry","(DIST 06)","Henry (DIST 06)",null,"Henry",null,"(502) 845-5740",null,"Hickman (DIST 03)","HICK03",0.89300000000000002,"HICK","Hickman","03","Hickman (DIST 03)",null,null,null,"Greenup (UNKNOWN)",{"$error":"#N/A"}]
[null,null,null,null,"05207","052","Henry","07",null,null,"HANCK","Hancock","04600","Hancock","(DIST 00)","Hancock (DIST 00)","Hancock (DIST 00)","Greenup (UNKNOWN)",0.73299999999999998,0.16259999999999999,null,"Greenup (UNKNOWN)",0.73299999999999998,0.16259999999999999,null,null,null,null,null,null,null,null,null,"Henry","(DIST 07)","Henry (DIST 07)",null,"Henry",null,"(502) 845-5740",null,"Hickman (DIST 04)","HICK04",0.79299999999999993,"HICK","Hickman","04","Hickman (DIST 04)",null,null,null,"Hancock (DIST 00)",{"$error":"#N/A"}]
[null,null,null,null,"05300","053","Hickman","00",null,null,"HANCK","Hancock","04601","Hancock","(DIST 01)","Hancock (DIST 01)","Hancock (DIST 01)","Hancock (DIST 00)",0.94950000000000001,0.1545,null,"Hancock (DIST 00)",0.94950000000000001,0.1545,null,null,null,null,null,null,null,null,null,"Hickman","(DIST 00)","Hickman (DIST 00)",null,"Hickman",null,"(270) 653-5521",null,"Hopkins (DIST 01)","HOPK01",0.93470000000000009,"HOPK","Hopkins","01","Hopkins (DIST 01)",null,null,null,"Hancock (DIST 01)",{"$error":"#N/A"}]
[null,null,null,null,"05301","053","Hickman","01",null,null,"HANCK","Hancock","04602","Hancock","(DIST 02)","Hancock (DIST 02)","Hancock (DIST 02)","Hancock (DIST 01)",1.1475,0.1545,null,"Hancock (DIST 01)",1.1475,0.1545,null,null,null,null,null,null,null,null,null,"Hickman","(DIST 01)","Hickman (DIST 01)",null,"Hickman",null,"(270) 653-5521",null,"Hopkins (DIST 02)","HOPK02",1.5291000000000001,"HOPK","Hopkins","02","Hopkins (DIST 02)",null,null,null,"Hancock (DIST 02)",{"$error":"#N/A"}]
[null,null,null,null,"05302","053","Hickman","02",null,null,"HANCK","Hancock","UNKNOWN","Hancock","(DIST UNKNOWN)"," (DIST UNKNOWN)"," (DIST UNKNOWN)","Hancock (DIST 02)",1.6995,0.1545,null,"Hancock (DIST 02)",1.6995,0.1545,null,null,null,null,null,null,null,null,null,"Hickman","(DIST 02)","Hickman (DIST 02)",null,"Hickman",null,"(270) 653-5521",null,"Hopkins (DIST 04)","HOPK04",1.1004,"HOPK","Hopkins","04","Hopkins (DIST 04)",null,null,null,"Hancock (UNKNOWN)",{"$error":"#N/A"}]
[null,null,null,null,"05303","053","Hickman","03",null,null,"HARD","Hardin","04700","Hardin","(DIST 00)","Hardin (DIST 00)","Hardin (DIST 00)","Hancock (UNKNOWN)",0.94950000000000001,0.1545,null,"Hancock (UNKNOWN)",0.94950000000000001,0.1545,null,null,null,null,null,null,null,null,null,"Hickman","(DIST 03)","Hickman (DIST 03)",null,"Hickman",null,"(270) 653-5521",null,"Hopkins (DIST 05)","HOPK05",1.2000000000000002,"HOPK","Hopkins","05","Hopkins (DIST 05)",null,null,null,"Hardin (DIST 00)",0.82669999999999999]
[null,null,null,null,"05401","054","Hopkins","01",null,null,"HARD","Hardin","04702","Hardin","(DIST 02)","Hardin (DIST 02)","Hardin (DIST 02)","Hardin (DIST 00)",0.81180000000000008,4.6800000000000001E-2,null,"Hardin (DIST 00)",0.81180000000000008,4.6800000000000001E-2,null,null,null,null,null,null,null,null,null,"Hopkins","(DIST 01)","Hopkins (DIST 01)",null,"Hopkins",null,"(270) 821-3092",null,"Hopkins (DIST 06)","HOPK06",1.2914000000000001,"HOPK","Hopkins","06","Hopkins (DIST 06)",null,null,null,"Hardin (DIST 02)",0.94269999999999998]
[null,null,null,null,"05402","054","Hopkins","02",null,null,"HARD","Hardin","04703","Hardin","(DIST 03)","Hardin (DIST 03)","Hardin (DIST 03)","Hardin (DIST 02)",0.92180000000000006,4.6800000000000001E-2,null,"Hardin (DIST 02)",0.92180000000000006,4.6800000000000001E-2,null,null,null,null,null,null,null,null,null,"Hopkins","(DIST 02)","Hopkins (DIST 02)",null,"Hopkins",null,"(270) 821-3092",null,"Hopkins (DIST 07)","HOPK07",0.95900000000000007,"HOPK","Hopkins","07","Hopkins (DIST 07)",null,null,null,"Hardin (DIST 03)",1.0006999999999999]
[null,null,null,null,"05404","054","Hopkins","04",null,null,"HARD","Hardin","04704","Hardin","(DIST 04)","Hardin (DIST 04)","Hardin (DIST 04)","Hardin (DIST 03)",0.97980000000000012,4.6800000000000001E-2,null,"Hardin (DIST 03)",0.97980000000000012,4.6800000000000001E-2,null,null,null,null,null,null,null,null,null,"Hopkins","(DIST 04)","Hopkins (DIST 04)",null,"Hopkins",null,"(270) 821-3092",null,"Hopkins (DIST 08)","HOPK08",1.3211000000000002,"HOPK","Hopkins","08","Hopkins (DIST 08)",null,null,null,"Hardin (DIST 04)",1.0266999999999999]
[null,null,null,null,"05405","054","Hopkins","05",null,null,"HARD","Hardin","04705","Hardin","(DIST 05)","Hardin (DIST 05)","Hardin (DIST 05)","Hardin (DIST 04)",1.0118,4.6800000000000001E-2,null,"Hardin (DIST 04)",1.0118,4.6800000000000001E-2,null,null,null,null,null,null,null,null,null,"Hopkins","(DIST 05)","Hopkins (DIST 05)",null,"Hopkins",null,"(270) 821-3092",null,"Hopkins (DIST 09)","HOPK09",1.0617000000000001,"HOPK","Hopkins","09","Hopkins (DIST 09)",null,null,null,"Hardin (DIST 05)",1.0767]
[null,null,null,null,"05406","054","Hopkins","06",null,null,"HARD","Hardin","04706","Hardin","(DIST 06)","Hardin (DIST 06)","Hardin (DIST 06)","Hardin (DIST 05)",1.0618000000000001,4.6800000000000001E-2,null,"Hardin (DIST 05)",1.0618000000000001,4.6800000000000001E-2,null,null,null,null,null,null,null,null,null,"Hopkins","(DIST 06)","Hopkins (DIST 06)",null,"Hopkins",null,"(270) 821-3092",null,"Hopkins (DIST 10)","HOPK10",0.97950000000000004,"HOPK","Hopkins","10","Hopkins (DIST 10)",null,null,null,"Hardin (DIST 06)",1.0820000000000001]
[null,null,null,null,"05407","054","Hopkins","07",null,null,"HARD","Hardin","04707","Hardin","(DIST 07)","Hardin (DIST 07)","Hardin (DIST 07)","Hardin (DIST 06)",1.1480000000000001,4.6800000000000001E-2,null,"Hardin (DIST 06)",1.1480000000000001,4.6800000000000001E-2,null,null,null,null,null,null,null,null,null,"Hopkins","(DIST 07)","Hopkins (DIST 07)",null,"Hopkins",null,"(270) 821-3092",null,"Hopkins (DIST 11)","HOPK11",1.1077000000000001,"HOPK","Hopkins","11","Hopkins (DIST 11)",null,null,null,"Hardin (DIST 07)",{"$f":"VLOOKUP(AZ324,AP$3:AR$691,3,FALSE)","v":1.1737000000000002}]
[null,null,null,null,"05408","054","Hopkins","08",null,null,"HARD","Hardin","04708","Hardin","(DIST 08)","Hardin (DIST 08)","Hardin (DIST 08)","Hardin (DIST 07)",1.1568000000000001,4.6800000000000001E-2,null,"Hardin (DIST 07)",1.1568000000000001,4.6800000000000001E-2,null,null,null,null,null,null,null,null,null,"Hopkins","(DIST 08)","Hopkins (DIST 08)",null,"Hopkins",null,"(270) 821-3092",null,"Jackson (DIST 00)","JACK00",1.1306,"JACK","Jackson","00","Jackson (DIST 00)",null,null,null,"Hardin (DIST 08)",0]
[null,null,null,null,"05409","054","Hopkins","09",null,null,"HARD","Hardin","04709","Hardin","(DIST 09)","Hardin (DIST 09)","Hardin (DIST 09)","Hardin (DIST 08)",0,4.6800000000000001E-2,null,"Hardin (DIST 08)",0,4.6800000000000001E-2,null,null,null,null,null,null,null,null,null,"Hopkins","(DIST 09)","Hopkins (DIST 09)",null,"Hopkins",null,"(270) 821-3092",null,"Jackson (DIST 01)","JACK01",1.2926,"JACK","Jackson","01","Jackson (DIST 01)",null,null,null,"Hardin (DIST 09)",1.1396999999999999]
[null,null,null,null,"05410","054","Hopkins","10",null,null,"HARD","Hardin","UNKNOWN","Hardin","(DIST UNKNOWN)"," (DIST UNKNOWN)"," (DIST UNKNOWN)","Hardin (DIST 09)",1.1017999999999999,4.6800000000000001E-2,null,"Hardin (DIST 09)",1.1017999999999999,4.6800000000000001E-2,null,null,null,null,null,null,null,null,null,"Hopkins","(DIST 10)","Hopkins (DIST 10)",null,"Hopkins",null,"(270) 821-3092",null,"Jefferson (DIST 01)","JEFF01",1.1120000000000001,"JEFF","Jefferson","01","Jefferson (DIST 01)",null,null,null,"Hardin (UNKNOWN)",{"$error":"#N/A"}]
[null,null,null,null,"05411","054","Hopkins","11",null,null,"HARL","Harlan","04801","Harlan","(DIST 01)","Harlan (DIST 01)","Harlan (DIST 01)","Hardin (UNKNOWN)",0.81179999999999997,4.6800000000000001E-2,null,"Hardin (UNKNOWN)",0.81179999999999997,4.6800000000000001E-2,null,null,null,null,null,null,null,null,null,"Hopkins","(DIST 11)","Hopkins (DIST 11)",null,"Hopkins",null,"(270) 821-3092",null,"Jefferson (DIST 03)","JEFF03",1.1620000000000001,"JEFF","Jefferson","03","Jefferson (DIST 03)",null,null,null,"Harlan (DIST 01)",1.373]
[null,null,null,null,"05500","055","Jackson","00",null,null,"HARL","Harlan","04802","Harlan","(DIST 02)","Harlan (DIST 02)","Harlan (DIST 02)","Harlan (DIST 01)",1.3113000000000001,0.22500000000000001,null,"Harlan (DIST 01)",1.3113000000000001,0.22500000000000001,null,null,null,null,null,null,null,null,null,"Jackson","(DIST 00)","Jackson (DIST 00)",null,"Jackson",null,"(606) 287-7634",null,"Jefferson (DIST 06)","JEFF06",1.1320000000000001,"JEFF","Jefferson","06","Jefferson (DIST 06)",null,null,null,"Harlan (DIST 02)",1.849]
[null,null,null,null,"05501","055","Jackson","01",null,null,"HARL","Harlan","04803","Harlan","(DIST 03)","Harlan (DIST 03)","Harlan (DIST 03)","Harlan (DIST 02)",1.7722,0.22500000000000001,null,"Harlan (DIST 02)",1.7722,0.22500000000000001,null,null,null,null,null,null,null,null,null,"Jackson","(DIST 01)","Jackson (DIST 01)",null,"Jackson",null,"(606) 287-7634",null,"Jefferson (DIST 07)","JEFF07",0,"JEFF","Jefferson","07","Jefferson (DIST 07)",null,null,null,"Harlan (DIST 03)",1.863]
[null,null,null,null,"055ND","055","Jackson","ND",null,null,"HARL","Harlan","04804","Harlan","(DIST 04)","Harlan (DIST 04)","Harlan (DIST 04)","Harlan (DIST 03)",1.7992000000000001,0.22500000000000001,null,"Harlan (DIST 03)",1.7992000000000001,0.22500000000000001,null,null,null,null,null,null,null,null,null,"Jackson","(DIST ND)","Jackson (DIST ND)",null,"Jackson",null,"(606) 287-7634",null,"Jefferson (DIST 08)","JEFF08",0,"JEFF","Jefferson","08","Jefferson (DIST 08)",null,null,null,"Harlan (DIST 04)",1.359]
[null,null,null,null,"05601","056","Jefferson","01",null,null,"HARL","Harlan","04805","Harlan","(DIST 05)","Harlan (DIST 05)","Harlan (DIST 05)","Harlan (DIST 04)",1.2843,0.22500000000000001,null,"Harlan (DIST 04)",1.2843,0.22500000000000001,null,null,null,null,null,null,null,null,null,"Jefferson","(DIST 01)","Jefferson (DIST 01)",null,"Jefferson",null,"(502) 574-6380",null,"Jefferson (DIST 09)","JEFF09",1.1619999999999999,"JEFF","Jefferson","09","Jefferson (DIST 09)",null,null,null,"Harlan (DIST 05)",1.823]
[null,null,null,null,"05603","056","Jefferson","03",null,null,"HARL","Harlan","04806","Harlan","(DIST 06)","Harlan (DIST 06)","Harlan (DIST 06)","Harlan (DIST 05)",1.6813000000000002,0.22500000000000001,null,"Harlan (DIST 05)",1.6813000000000002,0.22500000000000001,null,null,null,null,null,null,null,null,null,"Jefferson","(DIST 03)","Jefferson (DIST 03)",null,"Jefferson",null,"(502) 574-6380",null,"Jefferson (DIST 11)","JEFF11",1.1419999999999999,"JEFF","Jefferson","11","Jefferson (DIST 11)",null,null,null,"Harlan (DIST 06)",1.788]
[null,null,null,null,"05606","056","Jefferson","06",null,null,"HARL","Harlan","04807","Harlan","(DIST 07)","Harlan (DIST 07)","Harlan (DIST 07)","Harlan (DIST 06)",1.7263000000000002,0.22500000000000001,null,"Harlan (DIST 06)",1.7263000000000002,0.22500000000000001,null,null,null,null,null,null,null,null,null,"Jefferson","(DIST 06)","Jefferson (DIST 06)",null,"Jefferson",null,"(502) 574-6380",null,"Jefferson (DIST 12)","JEFF12",0,"JEFF","Jefferson","12","Jefferson (DIST 12)",null,null,null,"Harlan (DIST 07)",1.7730000000000001]
[null,null,null,null,"05607","056","Jefferson","07",null,null,"HARL","Harlan","04808","Harlan","(DIST 08)","Harlan (DIST 08)","Harlan (DIST 08)","Harlan (DIST 07)",1.7113,0.22500000000000001,null,"Harlan (DIST 07)",1.7113,0.22500000000000001,null,null,null,null,null,null,null,null,null,"Jefferson","(DIST 07)","Jefferson (DIST 07)",null,"Jefferson",null,"(502) 574-6380",null,"Jefferson (DIST 13)","JEFF13",1.1220000000000001,"JEFF","Jefferson","13","Jefferson (DIST 13)",null,null,null,"Harlan (DIST 08)",1.373]
[null,null,null,null,"05608","056","Jefferson","08",null,null,"HARL","Harlan","04809","Harlan","(DIST 09)","Harlan (DIST 09)","Harlan (DIST 09)","Harlan (DIST 08)",1.3113000000000001,0.22500000000000001,null,"Harlan (DIST 08)",1.3113000000000001,0.22500000000000001,null,null,null,null,null,null,null,null,null,"Jefferson","(DIST 08)","Jefferson (DIST 08)",null,"Jefferson",null,"(502) 574-6380",null,"Jefferson (DIST 15)","JEFF15",1.1320000000000001,"JEFF","Jefferson","15","Jefferson (DIST 15)",null,null,null,"Harlan (DIST 09)",1.673]
[null,null,null,null,"05609","056","Jefferson","09",null,null,"HARL","Harlan","04810","Harlan","(DIST 10)","Harlan (DIST 10)","Harlan (DIST 10)","Harlan (DIST 09)",1.6612999999999998,0.22500000000000001,null,"Harlan (DIST 09)",1.6612999999999998,0.22500000000000001,null,null,null,null,null,null,null,null,null,"Jefferson","(DIST 09)","Jefferson (DIST 09)",null,"Jefferson",null,"(502) 574-6380",null,"Jefferson (DIST 17)","JEFF17",1.1619999999999999,"JEFF","Jefferson","17","Jefferson (DIST 17)",null,null,null,"Harlan (DIST 10)",1.873]
[null,null,null,null,"05611","056","Jefferson","11",null,null,"HARL","Harlan","UNKNOWN","Harlan","(DIST UNKNOWN)"," (DIST UNKNOWN)"," (DIST UNKNOWN)","Harlan (DIST 10)",1.8113000000000001,0.22500000000000001,null,"Harlan (DIST 10)",1.8113000000000001,0.22500000000000001,null,null,null,null,null,null,null,null,null,"Jefferson","(DIST 11)","Jefferson (DIST 11)",null,"Jefferson",null,"(502) 574-6380",null,"Jefferson (DIST 18)","JEFF18",0,"JEFF","Jefferson","18","Jefferson (DIST 18)",null,null,null,"Harlan (UNKNOWN)",{"$error":"#N/A"}]
[null,null,null,null,"05612","056","Jefferson","12",null,null,"HARR","Harrison","04900","Harrison","(DIST 00)","Harrison (DIST 00)","Harrison (DIST 00)","Harlan (UNKNOWN)",1.2843,0.22500000000000001,null,"Harlan (UNKNOWN)",1.2843,0.22500000000000001,null,null,null,null,null,null,null,null,null,"Jefferson","(DIST 12)","Jefferson (DIST 12)",null,"Jefferson",null,"(502) 574-6380",null,"Jefferson (DIST 19)","JEFF19",1.0620000000000001,"JEFF","Jefferson","19","Jefferson (DIST 19)",null,null,null,"Harrison (DIST 00)",1.0484]
[null,null,null,null,"05613","056","Jefferson","13",null,null,"HARR","Harrison","04901","Harrison","(DIST 01)","Harrison (DIST 01)","Harrison (DIST 01)","Harrison (DIST 00)",1.0997000000000001,0.2321,null,"Harrison (DIST 00)",1.0997000000000001,0.2321,null,null,null,null,null,null,null,null,null,"Jefferson","(DIST 13)","Jefferson (DIST 13)",null,"Jefferson",null,"(502) 574-6380",null,"Jefferson (DIST 20)","JEFF20",1.4510000000000001,"JEFF","Jefferson","20","Jefferson (DIST 20)",null,null,null,"Harrison (DIST 01)",1.2265999999999999]
[null,null,null,null,"05615","056","Jefferson","15",null,null,"HARR","Harrison","04902","Harrison","(DIST 02)","Harrison (DIST 02)","Harrison (DIST 02)","Harrison (DIST 01)",1.2731000000000001,0.1741,null,"Harrison (DIST 01)",1.2731000000000001,0.1741,null,null,null,null,null,null,null,null,null,"Jefferson","(DIST 15)","Jefferson (DIST 15)",null,"Jefferson",null,"(502) 574-6380",null,"Jefferson (DIST 21)","JEFF21",1.6509999999999998,"JEFF","Jefferson","21","Jefferson (DIST 21)",null,null,null,"Harrison (DIST 02)",1.1874]
[null,null,null,null,"05617","056","Jefferson","17",null,null,"HARR","Harrison","UNKNOWN","Harrison","(DIST UNKNOWN)"," (DIST UNKNOWN)"," (DIST UNKNOWN)","Harrison (DIST 02)",1.2417,0.1741,null,"Harrison (DIST 02)",1.2417,0.1741,null,null,null,null,null,null,null,null,null,"Jefferson","(DIST 17)","Jefferson (DIST 17)",null,"Jefferson",null,"(502) 574-6380",null,"Jefferson (DIST 22)","JEFF22",0.96200000000000008,"JEFF","Jefferson","22","Jefferson (DIST 22)",null,null,null,"Harrison (UNKNOWN)",{"$error":"#N/A"}]
[null,null,null,null,"05618","056","Jefferson","18",null,null,"HART","Hart","05001","Hart","(DIST 01)","Hart (DIST 01)","Hart (DIST 01)","Harrison (UNKNOWN)",1.0997000000000001,0.1741,null,"Harrison (UNKNOWN)",1.0997000000000001,0.1741,null,null,null,null,null,null,null,null,null,"Jefferson","(DIST 18)","Jefferson (DIST 18)",null,"Jefferson",null,"(502) 574-6380",null,"Jefferson (DIST 23)","JEFF23",1.528,"JEFF","Jefferson","23","Jefferson (DIST 23)",null,null,null,"Hart (DIST 01)",0.97419999999999995]
[null,null,null,null,"05619","056","Jefferson","19",null,null,"HART","Hart","05002","Hart","(DIST 02)","Hart (DIST 02)","Hart (DIST 02)","Hart (DIST 01)",0.96260000000000001,0.1447,null,"Hart (DIST 01)",0.96260000000000001,0.1447,null,null,null,null,null,null,null,null,null,"Jefferson","(DIST 19)","Jefferson (DIST 19)",null,"Jefferson",null,"(502) 574-6380",null,"Jefferson (DIST 24)","JEFF24",1.339,"JEFF","Jefferson","24","Jefferson (DIST 24)",null,null,null,"Hart (DIST 02)",1.2631999999999999]
[null,null,null,null,"05620","056","Jefferson","20",null,null,"HART","Hart","05003","Hart","(DIST 03)","Hart (DIST 03)","Hart (DIST 03)","Hart (DIST 02)",1.2336,0.1447,null,"Hart (DIST 02)",1.2336,0.1447,null,null,null,null,null,null,null,null,null,"Jefferson","(DIST 20)","Jefferson (DIST 20)",null,"Jefferson",null,"(502) 574-6380",null,"Jefferson (DIST 25)","JEFF25",1.1120000000000001,"JEFF","Jefferson","25","Jefferson (DIST 25)",null,null,null,"Hart (DIST 03)",1.1361999999999999]
[null,null,null,null,"05621","056","Jefferson","21",null,null,"HART","Hart","05004","Hart","(DIST 04)","Hart (DIST 04)","Hart (DIST 04)","Hart (DIST 03)",1.0956000000000001,0.1447,null,"Hart (DIST 03)",1.0956000000000001,0.1447,null,null,null,null,null,null,null,null,null,"Jefferson","(DIST 21)","Jefferson (DIST 21)",null,"Jefferson",null,"(502) 574-6380",null,"Jefferson (DIST 26)","JEFF26",1.1120000000000001,"JEFF","Jefferson","26","Jefferson (DIST 26)",null,null,null,"Hart (DIST 04)",1.5238]
[null,null,null,null,"05622","056","Jefferson","22",null,null,"HART","Hart","05005","Hart","(DIST 05)","Hart (DIST 05)","Hart (DIST 05)","Hart (DIST 04)",1.1405999999999998,0.1447,null,"Hart (DIST 04)",1.1405999999999998,0.1447,null,null,null,null,null,null,null,null,null,"Jefferson","(DIST 22)","Jefferson (DIST 22)",null,"Jefferson",null,"(502) 574-6380",null,"Jefferson (DIST 28)","JEFF28",1.1120000000000001,"JEFF","Jefferson","28","Jefferson (DIST 28)",null,null,null,"Hart (DIST 05)",1.1961999999999999]
[null,null,null,null,"05623","056","Jefferson","23",null,null,"HART","Hart","UNKNOWN","Hart","(DIST UNKNOWN)"," (DIST UNKNOWN)"," (DIST UNKNOWN)","Hart (DIST 05 / DIST 06)",1.1406000000000001,0.1447,null,"Hart (DIST 05 / DIST 06)",1.1406000000000001,0.1447,null,null,null,null,null,null,null,null,null,"Jefferson","(DIST 23)","Jefferson (DIST 23)",null,"Jefferson",null,"(502) 574-6380",null,"Jefferson (DIST 30)","JEFF30",1.1320000000000001,"JEFF","Jefferson","30","Jefferson (DIST 30)",null,null,null,"Hart (UNKNOWN)",{"$error":"#N/A"}]
[null,null,null,null,"05624","056","Jefferson","24",null,null,"HEND","Henderson","05100","Henderson","(DIST 00)","Henderson (DIST 00)","Henderson (DIST 00)","Hart (UNKNOWN)",0.96260000000000001,0.1447,null,"Hart (UNKNOWN)",0.96260000000000001,0.1447,null,null,null,null,null,null,null,null,null,"Jefferson","(DIST 24)","Jefferson (DIST 24)",null,"Jefferson",null,"(502) 574-6380",null,"Jefferson (DIST 31)","JEFF31",1.2120000000000002,"JEFF","Jefferson","31","Jefferson (DIST 31)",null,null,null,"Henderson (DIST 00)",1.0882000000000001]
[null,null,null,null,"05625","056","Jefferson","25",null,null,"HEND","Henderson","05101","Henderson","(DIST 01)","Henderson (DIST 01)","Henderson (DIST 01)","Henderson (DIST 00)",1.0933999999999999,0.23340000000000002,null,"Henderson (DIST 00)",1.0933999999999999,0.23340000000000002,null,null,null,null,null,null,null,null,null,"Jefferson","(DIST 25)","Jefferson (DIST 25)",null,"Jefferson",null,"(502) 574-6380",null,"Jefferson (DIST 32)","JEFF32",1.1819999999999999,"JEFF","Jefferson","32","Jefferson (DIST 32)",null,null,null,"Henderson (DIST 01)",1.8182]
[null,null,null,null,"05626","056","Jefferson","26",null,null,"HEND","Henderson","05102","Henderson","(DIST 02)","Henderson (DIST 02)","Henderson (DIST 02)","Henderson (DIST 01)",1.7383999999999999,0.23340000000000002,null,"Henderson (DIST 01)",1.7383999999999999,0.23340000000000002,null,null,null,null,null,null,null,null,null,"Jefferson","(DIST 26)","Jefferson (DIST 26)",null,"Jefferson",null,"(502) 574-6380",null,"Jefferson (DIST 33)","JEFF33",1.212,"JEFF","Jefferson","33","Jefferson (DIST 33)",null,null,null,"Henderson (DIST 02)",1.3287]
[null,null,null,null,"05628","056","Jefferson","28",null,null,"HEND","Henderson","05103","Henderson","(DIST 03)","Henderson (DIST 03)","Henderson (DIST 03)","Henderson (DIST 02)",1.3134999999999999,0.31840000000000002,null,"Henderson (DIST 02)",1.3134999999999999,0.31840000000000002,null,null,null,null,null,null,null,null,null,"Jefferson","(DIST 28)","Jefferson (DIST 28)",null,"Jefferson",null,"(502) 574-6380",null,"Jefferson (DIST 34)","JEFF34",0,"JEFF","Jefferson","34","Jefferson (DIST 34)",null,null,null,"Henderson (DIST 03)",1.1082000000000001]
[null,null,null,null,"05630","056","Jefferson","30",null,null,"HEND","Henderson","UNKNOWN","Henderson","(DIST UNKNOWN)"," (DIST UNKNOWN)"," (DIST UNKNOWN)","Henderson (DIST 03)",1.1133999999999999,0.2334,null,"Henderson (DIST 03)",1.1133999999999999,0.2334,null,null,null,null,null,null,null,null,null,"Jefferson","(DIST 30)","Jefferson (DIST 30)",null,"Jefferson",null,"(502) 574-6380",null,"Jessamine (DIST 00)","JESS00",1.2917000000000001,"JESS","Jessamine","00","Jessamine (DIST 00)",null,null,null,"Henderson (UNKNOWN)",{"$error":"#N/A"}]
[null,null,null,null,"05631","056","Jefferson","31",null,null,"HENR","Henry","05200","Henry","(DIST 00)","Henry (DIST 00)","Henry (DIST 00)","Henderson (UNKNOWN)",1.0933999999999999,0.2334,null,"Henderson (UNKNOWN)",1.0933999999999999,0.2334,null,null,null,null,null,null,null,null,null,"Jefferson","(DIST 31)","Jefferson (DIST 31)",null,"Jefferson",null,"(502) 574-6380",null,"Jessamine (DIST 01)","JESS01",1.3377000000000001,"JESS","Jessamine","01","Jessamine (DIST 01)",null,null,null,"Henry (DIST 00)",1.2137]
[null,null,null,null,"05632","056","Jefferson","32",null,null,"HENR","Henry","05202","Henry","(DIST 02)","Henry (DIST 02)","Henry (DIST 02)","Henry (DIST 00)",1.0966,0.27760000000000001,null,"Henry (DIST 00)",1.0966,0.27760000000000001,null,null,null,null,null,null,null,null,null,"Jefferson","(DIST 32)","Jefferson (DIST 32)",null,"Jefferson",null,"(502) 574-6380",null,"Jessamine (DIST 02)","JESS02",2.0482999999999998,"JESS","Jessamine","02","Jessamine (DIST 02)",null,null,null,"Henry (DIST 02)",1.4047000000000001]
[null,null,null,null,"05633","056","Jefferson","33",null,null,"HENR","Henry","05203","Henry","(DIST 03)","Henry (DIST 03)","Henry (DIST 03)","Henry (DIST 02)",1.2366000000000001,0.27760000000000001,null,"Henry (DIST 02)",1.2366000000000001,0.27760000000000001,null,null,null,null,null,null,null,null,null,"Jefferson","(DIST 33)","Jefferson (DIST 33)",null,"Jefferson",null,"(502) 574-6380",null,"Jessamine (DIST 03)","JESS03",1.4257,"JESS","Jessamine","03","Jessamine (DIST 03)",null,null,null,"Henry (DIST 03)",1.4645999999999999]
[null,null,null,null,"05658","056","Jefferson","58",null,null,"HENR","Henry","05204","Henry","(DIST 04)","Henry (DIST 04)","Henry (DIST 04)","Henry (DIST 03)",1.2924,0.27760000000000001,null,"Henry (DIST 03)",1.2924,0.27760000000000001,null,null,null,null,null,null,null,null,null,"Jefferson","(DIST 58)","Jefferson (DIST 58)",null,"Jefferson",null,"(502) 574-6380",null,"Johnson (DIST 00)","JOHN00",0.92239999999999989,"JOHN","Johnson","00","Johnson (DIST 00)",null,null,null,"Henry (DIST 04)",1.5927000000000002]
[null,null,null,null,"05668","056","Jefferson","68",null,null,"HENR","Henry","05205","Henry","(DIST 05)","Henry (DIST 05)","Henry (DIST 05)","Henry (DIST 04)",1.3206000000000002,0.27760000000000001,null,"Henry (DIST 04)",1.3206000000000002,0.27760000000000001,null,null,null,null,null,null,null,null,null,"Jefferson","(DIST 68)","Jefferson (DIST 68)",null,"Jefferson",null,"(502) 574-6380",null,"Johnson (DIST 01)","JOHN01",0.92239999999999989,"JOHN","Johnson","01","Johnson (DIST 01)",null,null,null,"Henry (DIST 05)",1.2807000000000002]
[null,null,null,null,"05671","056","Jefferson","71",null,null,"HENR","Henry","05206","Henry","(DIST 06)","Henry (DIST 06)","Henry (DIST 06)","Henry (DIST 05)",1.0756000000000001,0.27760000000000001,null,"Henry (DIST 05)",1.0756000000000001,0.27760000000000001,null,null,null,null,null,null,null,null,null,"Jefferson","(DIST 71)","Jefferson (DIST 71)",null,"Jefferson",null,"(502) 574-6380",null,"Johnson (DIST 02)","JOHN02",1.1374,"JOHN","Johnson","02","Johnson (DIST 02)",null,null,null,"Henry (DIST 06)",1.3456999999999999]
[null,null,null,null,"05673","056","Jefferson","73",null,null,"HENR","Henry","05207","Henry","(DIST 07)","Henry (DIST 07)","Henry (DIST 07)","Henry (DIST 06)",1.2286000000000001,0.27760000000000001,null,"Henry (DIST 06)",1.2286000000000001,0.27760000000000001,null,null,null,null,null,null,null,null,null,"Jefferson","(DIST 73)","Jefferson (DIST 73)",null,"Jefferson",null,"(502) 574-6380",null,"Johnson (DIST 03)","JOHN03",1.2684,"JOHN","Johnson","03","Johnson (DIST 03)",null,null,null,"Henry (DIST 07)",1.3756999999999999]
[null,null,null,null,"05676","056","Jefferson","76",null,null,"HENR","Henry","UNKNOWN","Henry","(DIST UNKNOWN)"," (DIST UNKNOWN)"," (DIST UNKNOWN)","Henry (DIST 07)",1.2505999999999999,0.27760000000000001,null,"Henry (DIST 07)",1.2505999999999999,0.27760000000000001,null,null,null,null,null,null,null,null,null,"Jefferson","(DIST 76)","Jefferson (DIST 76)",null,"Jefferson",null,"(502) 574-6380",null,"Johnson (DIST 04)","JOHN04",1.4834000000000001,"JOHN","Johnson","04","Johnson (DIST 04)",null,null,null,"Henry (UNKNOWN)",{"$error":"#N/A"}]
[null,null,null,null,"05678","056","Jefferson","78",null,null,"HICK","Hickman","05300","Hickman","(DIST 00)","Hickman (DIST 00)","Hickman (DIST 00)","Henry (UNKNOWN)",1.0755999999999999,0.27760000000000001,null,"Henry (UNKNOWN)",1.0755999999999999,0.27760000000000001,null,null,null,null,null,null,null,null,null,"Jefferson","(DIST 78)","Jefferson (DIST 78)",null,"Jefferson",null,"(502) 574-6380",null,"Kenton (DIST 01)","KENT01",0.87980000000000003,"KENT","Kenton","01","Kenton (DIST 01)",null,null,null,"Hickman (DIST 00)",0.79299999999999993]
[null,null,null,null,"05679","056","Jefferson","79",null,null,"HICK","Hickman","05301","Hickman","(DIST 01)","Hickman (DIST 01)","Hickman (DIST 01)","Hickman (DIST 00)",0.76899999999999991,8.8999999999999996E-2,null,"Hickman (DIST 00)",0.76899999999999991,8.8999999999999996E-2,null,null,null,null,null,null,null,null,null,"Jefferson","(DIST 79)","Jefferson (DIST 79)",null,"Jefferson",null,"(502) 574-6380",null,"Kenton (DIST 02)","KENT02",1.7308000000000001,"KENT","Kenton","02","Kenton (DIST 02)",null,null,null,"Hickman (DIST 01)",1.157]
[null,null,null,null,"05681","056","Jefferson","81",null,null,"HICK","Hickman","05302","Hickman","(DIST 02)","Hickman (DIST 02)","Hickman (DIST 02)","Hickman (DIST 01)",1.133,8.8999999999999996E-2,null,"Hickman (DIST 01)",1.133,8.8999999999999996E-2,null,null,null,null,null,null,null,null,null,"Jefferson","(DIST 81)","Jefferson (DIST 81)",null,"Jefferson",null,"(502) 574-6380",null,"Kenton (DIST 03)","KENT03",0.76780000000000004,"KENT","Kenton","03","Kenton (DIST 03)",null,null,null,"Hickman (DIST 02)",0.89300000000000002]
[null,null,null,null,"05682","056","Jefferson","82",null,null,"HICK","Hickman","05303","Hickman","(DIST 03)","Hickman (DIST 03)","Hickman (DIST 03)","Hickman (DIST 02)",0.86899999999999999,8.8999999999999996E-2,null,"Hickman (DIST 02)",0.86899999999999999,8.8999999999999996E-2,null,null,null,null,null,null,null,null,null,"Jefferson","(DIST 82)","Jefferson (DIST 82)",null,"Jefferson",null,"(502) 574-6380",null,"Kenton (DIST 04)","KENT04",0.86880000000000002,"KENT","Kenton","04","Kenton (DIST 04)",null,null,null,"Hickman (DIST 03)",0.89300000000000002]
[null,null,null,null,"05683","056","Jefferson","83",null,null,"HICK","Hickman","05304","Hickman","(DIST 04)","Hickman (DIST 04)","Hickman (DIST 04)","Hickman (DIST 03)",0.86899999999999999,8.8999999999999996E-2,null,"Hickman (DIST 03)",0.86899999999999999,8.8999999999999996E-2,null,null,null,null,null,null,null,null,null,"Jefferson","(DIST 83)","Jefferson (DIST 83)",null,"Jefferson",null,"(502) 574-6380",null,"Kenton (DIST 06)","KENT06",1.4108000000000001,"KENT","Kenton","06","Kenton (DIST 06)",null,null,null,"Hickman (DIST 04)",0.79299999999999993]
[null,null,null,null,"05685","056","Jefferson","85",null,null,"HICK","Hickman","UNKNOWN","Hickman","(DIST UNKNOWN)"," (DIST UNKNOWN)"," (DIST UNKNOWN)","Hickman (DIST 04)",0.76899999999999991,8.8999999999999996E-2,null,"Hickman (DIST 04)",0.76899999999999991,8.8999999999999996E-2,null,null,null,null,null,null,null,null,null,"Jefferson","(DIST 85)","Jefferson (DIST 85)",null,"Jefferson",null,"(502) 574-6380",null,"Kenton (DIST 07)","KENT07",1.5928,"KENT","Kenton","07","Kenton (DIST 07)",null,null,null,"Hickman (UNKNOWN)",{"$error":"#N/A"}]
[null,null,null,null,"05687","056","Jefferson","87",null,null,"HOPK","Hopkins","05401","Hopkins","(DIST 01)","Hopkins (DIST 01)","Hopkins (DIST 01)","Hickman (UNKNOWN)",0.76900000000000002,8.8999999999999996E-2,null,"Hickman (UNKNOWN)",0.76900000000000002,8.8999999999999996E-2,null,null,null,null,null,null,null,null,null,"Jefferson","(DIST 87)","Jefferson (DIST 87)",null,"Jefferson",null,"(502) 574-6380",null,"Kenton (DIST 08)","KENT08",1.8197999999999999,"KENT","Kenton","08","Kenton (DIST 08)",null,null,null,"Hopkins (DIST 01)",0.93470000000000009]
[null,null,null,null,"05688","056","Jefferson","88",null,null,"HOPK","Hopkins","05402","Hopkins","(DIST 02)","Hopkins (DIST 02)","Hopkins (DIST 02)","Hopkins (DIST 01)",0.9043000000000001,7.7299999999999994E-2,null,"Hopkins (DIST 01)",0.9043000000000001,7.7299999999999994E-2,null,null,null,null,null,null,null,null,null,"Jefferson","(DIST 88)","Jefferson (DIST 88)",null,"Jefferson",null,"(502) 574-6380",null,"Kenton (DIST 09)","KENT09",1.4678,"KENT","Kenton","09","Kenton (DIST 09)",null,null,null,"Hopkins (DIST 02)",1.5291000000000001]
[null,null,null,null,"05689","056","Jefferson","89",null,null,"HOPK","Hopkins","05404","Hopkins","(DIST 04)","Hopkins (DIST 04)","Hopkins (DIST 04)","Hopkins (DIST 02)",1.7193000000000001,7.7730999999999995E-2,null,"Hopkins (DIST 02)",1.7193000000000001,7.7730999999999995E-2,null,null,null,null,null,null,null,null,null,"Jefferson","(DIST 89)","Jefferson (DIST 89)",null,"Jefferson",null,"(502) 574-6380",null,"Kenton (DIST 10)","KENT10",1.4258,"KENT","Kenton","10","Kenton (DIST 10)",null,null,null,"Hopkins (DIST 04)",1.1004]
[null,null,null,null,"05692","056","Jefferson","92",null,null,"HOPK","Hopkins","05405","Hopkins","(DIST 05)","Hopkins (DIST 05)","Hopkins (DIST 05)","Hopkins (DIST 04)",1.0592000000000001,7.7299999999999994E-2,null,"Hopkins (DIST 04)",1.0592000000000001,7.7299999999999994E-2,null,null,null,null,null,null,null,null,null,"Jefferson","(DIST 92)","Jefferson (DIST 92)",null,"Jefferson",null,"(502) 574-6380",null,"Kenton (DIST 11)","KENT11",1.4157999999999999,"KENT","Kenton","11","Kenton (DIST 11)",null,null,null,"Hopkins (DIST 05)",1.2000000000000002]
[null,null,null,null,"05693","056","Jefferson","93",null,null,"HOPK","Hopkins","05406","Hopkins","(DIST 06)","Hopkins (DIST 06)","Hopkins (DIST 06)","Hopkins (DIST 05)",1.0143000000000002,7.7730999999999995E-2,null,"Hopkins (DIST 05)",1.0143000000000002,7.7730999999999995E-2,null,null,null,null,null,null,null,null,null,"Jefferson","(DIST 93)","Jefferson (DIST 93)",null,"Jefferson",null,"(502) 574-6380",null,"Kenton (DIST 12)","KENT12",1.5167999999999999,"KENT","Kenton","12","Kenton (DIST 12)",null,null,null,"Hopkins (DIST 06)",1.2914000000000001]
[null,null,null,null,"05697","056","Jefferson","97",null,null,"HOPK","Hopkins","05407","Hopkins","(DIST 07)","Hopkins (DIST 07)","Hopkins (DIST 07)","Hopkins (DIST 06)",1.3045,7.7730999999999995E-2,null,"Hopkins (DIST 06)",1.3045,7.7730999999999995E-2,null,null,null,null,null,null,null,null,null,"Jefferson","(DIST 97)","Jefferson (DIST 97)",null,"Jefferson",null,"(502) 574-6380",null,"Kenton (DIST 13)","KENT13",1.4488000000000001,"KENT","Kenton","13","Kenton (DIST 13)",null,null,null,"Hopkins (DIST 07)",0.95900000000000007]
[null,null,null,null,"05700","057","Jessamine","00",null,null,"HOPK","Hopkins","05408","Hopkins","(DIST 08)","Hopkins (DIST 08)","Hopkins (DIST 08)","Hopkins (DIST 07)",0.92830000000000013,7.7299999999999994E-2,null,"Hopkins (DIST 07)",0.92830000000000013,7.7299999999999994E-2,null,null,null,null,null,null,null,null,null,"Jessamine","(DIST 00)","Jessamine (DIST 00)",null,"Jessamine",null,"(859) 885-4931",null,"Kenton (DIST 15)","KENT15",1.3138000000000001,"KENT","Kenton","15","Kenton (DIST 15)",null,null,null,"Hopkins (DIST 08)",1.3211000000000002]
[null,null,null,null,"05701","057","Jessamine","01",null,null,"HOPK","Hopkins","05409","Hopkins","(DIST 09)","Hopkins (DIST 09)","Hopkins (DIST 09)","Hopkins (DIST 08)",1.3164000000000002,7.7730999999999995E-2,null,"Hopkins (DIST 08)",1.3164000000000002,7.7730999999999995E-2,null,null,null,null,null,null,null,null,null,"Jessamine","(DIST 01)","Jessamine (DIST 01)",null,"Jessamine",null,"(859) 885-4931",null,"Kenton (DIST 16)","KENT16",1.1188,"KENT","Kenton","16","Kenton (DIST 16)",null,null,null,"Hopkins (DIST 09)",1.0617000000000001]
[null,null,null,null,"05702","057","Jessamine","02",null,null,"HOPK","Hopkins","05410","Hopkins","(DIST 10)","Hopkins (DIST 10)","Hopkins (DIST 10)","Hopkins (DIST 09)",1.0063000000000002,7.7730999999999995E-2,null,"Hopkins (DIST 09)",1.0063000000000002,7.7730999999999995E-2,null,null,null,null,null,null,null,null,null,"Jessamine","(DIST 02)","Jessamine (DIST 02)",null,"Jessamine",null,"(859) 885-4931",null,"Kenton (DIST 19)","KENT19",1.2838000000000001,"KENT","Kenton","19","Kenton (DIST 19)",null,null,null,"Hopkins (DIST 10)",0.97950000000000004]
[null,null,null,null,"05703","057","Jessamine","03",null,null,"HOPK","Hopkins","05411","Hopkins","(DIST 11)","Hopkins (DIST 11)","Hopkins (DIST 11)","Hopkins (DIST 10)",0.94430000000000014,7.7730999999999995E-2,null,"Hopkins (DIST 10)",0.94430000000000014,7.7730999999999995E-2,null,null,null,null,null,null,null,null,null,"Jessamine","(DIST 03)","Jessamine (DIST 03)",null,"Jessamine",null,"(859) 885-4931",null,"Kenton (DIST 21)","KENT21",1.1188,"KENT","Kenton","21","Kenton (DIST 21)",null,null,null,"Hopkins (DIST 11)",1.1077000000000001]
[null,null,null,null,"05763","057","Jessamine","63",null,null,"HOPK","Hopkins","UNKNOWN","Hopkins","(DIST UNKNOWN)"," (DIST UNKNOWN)"," (DIST UNKNOWN)","Hopkins (DIST 11)",1.0773000000000001,7.7730999999999995E-2,null,"Hopkins (DIST 11)",1.0773000000000001,7.7730999999999995E-2,null,null,null,null,null,null,null,null,null,"Jessamine","(DIST 63)","Jessamine (DIST 63)",null,"Jessamine",null,"(859) 885-4931",null,"Kenton (DIST 22)","KENT22",1.5278,"KENT","Kenton","22","Kenton (DIST 22)",null,null,null,"Hopkins (UNKNOWN)",{"$error":"#N/A"}]
[null,null,null,null,"05800","058","Johnson","00",null,null,"JACK","Jackson","05500","Jackson","(DIST 00)","Jackson (DIST 00)","Jackson (DIST 00)","Hopkins (UNKNOWN)",0.90429999999999999,7.7730999999999995E-2,null,"Hopkins (UNKNOWN)",0.90429999999999999,7.7730999999999995E-2,null,null,null,null,null,null,null,null,null,"Johnson","(DIST 00)","Johnson (DIST 00)",null,"Johnson",null,"(606) 789-2564",null,"Kenton (DIST 25)","KENT25",1.9137999999999999,"KENT","Kenton","25","Kenton (DIST 25)",null,null,null,"Jackson (DIST 00)",1.1306]
[null,null,null,null,"05802","058","Johnson","02",null,null,"JACK","Jackson","05501","Jackson","(DIST 01)","Jackson (DIST 01)","Jackson (DIST 01)","Jackson (DIST 00)",1.1527999999999998,7.4999999999999997E-2,null,"Jackson (DIST 00)",1.1527999999999998,7.4999999999999997E-2,null,null,null,null,null,null,null,null,null,"Johnson","(DIST 02)","Johnson (DIST 02)",null,"Johnson",null,"(606) 789-2564",null,"Kenton (DIST 27)","KENT27",1.3008,"KENT","Kenton","27","Kenton (DIST 27)",null,null,null,"Jackson (DIST 01)",1.2926]
[null,null,null,null,"05803","058","Johnson","03",null,null,"JACK","Jackson","UNKNOWN","Jackson","(DIST UNKNOWN)"," (DIST UNKNOWN)"," (DIST UNKNOWN)","Jackson (DIST 01)",1.3147999999999997,7.4999999999999997E-2,null,"Jackson (DIST 01)",1.3147999999999997,7.4999999999999997E-2,null,null,null,null,null,null,null,null,null,"Johnson","(DIST 03)","Johnson (DIST 03)",null,"Johnson",null,"(606) 789-2564",null,"Kenton (DIST 29)","KENT29",1.8688,"KENT","Kenton","29","Kenton (DIST 29)",null,null,null,"Jackson (UNKNOWN)",{"$error":"#N/A"}]
[null,null,null,null,"05804","058","Johnson","04",null,null,"JEFF","Jefferson","05601","Jefferson","(DIST 01)","Jefferson (DIST 01)","Jefferson (DIST 01)","Jackson (UNKNOWN)",1.3148,7.4999999999999997E-2,null,"Jackson (UNKNOWN)",1.3148,7.4999999999999997E-2,null,null,null,null,null,null,null,null,null,"Johnson","(DIST 04)","Johnson (DIST 04)",null,"Johnson",null,"(606) 789-2564",null,"Kenton (DIST 30)","KENT30",1.4378,"KENT","Kenton","30","Kenton (DIST 30)",null,null,null,"Jefferson (DIST 01)",1.1120000000000001]
[null,null,null,null,"058ND","058","Johnson","ND",null,null,"JEFF","Jefferson","05603","Jefferson","(DIST 03)","Jefferson (DIST 03)","Jefferson (DIST 03)","Jefferson (DIST 01)",1.1040000000000001,0.17,null,"Jefferson (DIST 01)",1.1040000000000001,0.17,null,null,null,null,null,null,null,null,null,"Johnson","(DIST ND)","Johnson (DIST ND)",null,"Johnson",null,"(606) 789-2564",null,"Kenton (DIST 31)","KENT31",1.7378,"KENT","Kenton","31","Kenton (DIST 31)",null,null,null,"Jefferson (DIST 03)",1.1620000000000001]
[null,null,null,null,"05901","059","Kenton","01",null,null,"JEFF","Jefferson","05606","Jefferson","(DIST 06)","Jefferson (DIST 06)","Jefferson (DIST 06)","Jefferson (DIST 03)",0,0,null,"Jefferson (DIST 03)",0,0,null,null,null,null,null,null,null,null,null,"Kenton","(DIST 01)","Kenton (DIST 01)",null,"Kenton",null,"(859) 392-1750",null,"Kenton (DIST 33)","KENT33",1.9028,"KENT","Kenton","33","Kenton (DIST 33)",null,null,null,"Jefferson (DIST 06)",1.1320000000000001]
[null,null,null,null,"05902","059","Kenton","02",null,null,"JEFF","Jefferson","05607","Jefferson","(DIST 07)","Jefferson (DIST 07)","Jefferson (DIST 07)","Jefferson (DIST 06)",1.1040000000000001,0.17,"deleted","Jefferson (DIST 06)",1.1040000000000001,0.17,null,null,null,null,null,null,null,null,null,"Kenton","(DIST 02)","Kenton (DIST 02)",null,"Kenton",null,"(859) 392-1750",null,"Kenton (DIST 36)","KENT36",1.1808000000000001,"KENT","Kenton","36","Kenton (DIST 36)",null,null,null,"Jefferson (DIST 07)",0]
[null,null,null,null,"05903","059","Kenton","03",null,null,"JEFF","Jefferson","05608","Jefferson","(DIST 08)","Jefferson (DIST 08)","Jefferson (DIST 08)","Jefferson (DIST 07)",0,0,null,"Jefferson (DIST 07)",0,0,null,null,null,null,null,null,null,null,null,"Kenton","(DIST 03)","Kenton (DIST 03)",null,"Kenton",null,"(859) 392-1750",null,"Kenton (DIST 37)","KENT37",1.1188,"KENT","Kenton","37","Kenton (DIST 37)",null,null,null,"Jefferson (DIST 08)",0]
[null,null,null,null,"05904","059","Kenton","04",null,null,"JEFF","Jefferson","05609","Jefferson","(DIST 09)","Jefferson (DIST 09)","Jefferson (DIST 09)","Jefferson (DIST 08)",0,0,null,"Jefferson (DIST 08)",0,0,null,null,null,null,null,null,null,null,null,"Kenton","(DIST 04)","Kenton (DIST 04)",null,"Kenton",null,"(859) 392-1750",null,"Kenton (DIST 38)","KENT38",1.3188,"KENT","Kenton","38","Kenton (DIST 38)",null,null,null,"Jefferson (DIST 09)",1.1619999999999999]
[null,null,null,null,"05906","059","Kenton","06",null,null,"JEFF","Jefferson","05611","Jefferson","(DIST 11)","Jefferson (DIST 11)","Jefferson (DIST 11)","Jefferson (DIST 09)",1.1339999999999999,0.2,null,"Jefferson (DIST 09)",1.1339999999999999,0.2,null,null,null,null,null,null,null,null,null,"Kenton","(DIST 06)","Kenton (DIST 06)",null,"Kenton",null,"(859) 392-1750",null,"Kenton (DIST 39)","KENT39",1.3188,"KENT","Kenton","39","Kenton (DIST 39)",null,null,null,"Jefferson (DIST 11)",{"$f":"VLOOKUP(AZ388,AP$3:AR$691,3,FALSE)","v":1.1419999999999999}]
[null,null,null,null,"05908","059","Kenton","08",null,null,"JEFF","Jefferson","05612","Jefferson","(DIST 12)","Jefferson (DIST 12)","Jefferson (DIST 12)","Jefferson (DIST 11)",0,0,null,"Jefferson (DIST 11)",0,0,null,null,null,null,null,null,null,null,null,"Kenton","(DIST 08)","Kenton (DIST 08)",null,"Kenton",null,"(859) 392-1750",null,"Kenton (DIST 40)","KENT40",0,"KENT","Kenton","40","Kenton (DIST 40)",null,null,null,"Jefferson (DIST 12)",0]
[null,null,null,null,"05909","059","Kenton","09",null,null,"JEFF","Jefferson","05613","Jefferson","(DIST 13)","Jefferson (DIST 13)","Jefferson (DIST 13)","Jefferson (DIST 12)",0,0,null,"Jefferson (DIST 12)",0,0,null,null,null,null,null,null,null,null,null,"Kenton","(DIST 09)","Kenton (DIST 09)",null,"Kenton",null,"(859) 392-1750",null,"Kenton (DIST 41)","KENT41",1.2838000000000001,"KENT","Kenton","41","Kenton (DIST 41)",null,null,null,"Jefferson (DIST 13)",1.1220000000000001]
[null,null,null,null,"05910","059","Kenton","10",null,null,"JEFF","Jefferson","05615","Jefferson","(DIST 15)","Jefferson (DIST 15)","Jefferson (DIST 15)","Jefferson (DIST 13)",1.0940000000000001,0.16,null,"Jefferson (DIST 13)",1.0940000000000001,0.16,null,null,null,null,null,null,null,null,null,"Kenton","(DIST 10)","Kenton (DIST 10)",null,"Kenton",null,"(859) 392-1750",null,"Kenton (DIST 42)","KENT42",1.3188,"KENT","Kenton","42","Kenton (DIST 42)",null,null,null,"Jefferson (DIST 15)",1.1320000000000001]
[null,null,null,null,"05911","059","Kenton","11",null,null,"JEFF","Jefferson","05617","Jefferson","(DIST 17)","Jefferson (DIST 17)","Jefferson (DIST 17)","Jefferson (DIST 15)",1.1139999999999999,0.18,null,"Jefferson (DIST 15)",1.1139999999999999,0.18,null,null,null,null,null,null,null,null,null,"Kenton","(DIST 11)","Kenton (DIST 11)",null,"Kenton",null,"(859) 392-1750",null,"Kenton (DIST 45)","KENT45",1.3188,"KENT","Kenton","45","Kenton (DIST 45)",null,null,null,"Jefferson (DIST 17)",1.1619999999999999]
[null,null,null,null,"05912","059","Kenton","12",null,null,"JEFF","Jefferson","05618","Jefferson","(DIST 18)","Jefferson (DIST 18)","Jefferson (DIST 18)","Jefferson (DIST 17)",0,0,null,"Jefferson (DIST 17)",0,0,null,null,null,null,null,null,null,null,null,"Kenton","(DIST 12)","Kenton (DIST 12)",null,"Kenton",null,"(859) 392-1750",null,"Kenton (DIST 47)","KENT47",1.4647999999999999,"KENT","Kenton","47","Kenton (DIST 47)",null,null,null,"Jefferson (DIST 18)",0]
[null,null,null,null,"05913","059","Kenton","13",null,null,"JEFF","Jefferson","05619","Jefferson","(DIST 19)","Jefferson (DIST 19)","Jefferson (DIST 19)","Jefferson (DIST 18)",0,0,null,"Jefferson (DIST 18)",0,0,null,null,null,null,null,null,null,null,null,"Kenton","(DIST 13)","Kenton (DIST 13)",null,"Kenton",null,"(859) 392-1750",null,"Kenton (DIST 48)","KENT48",0.76580000000000004,"KENT","Kenton","48","Kenton (DIST 48)",null,null,null,"Jefferson (DIST 19)",1.0620000000000001]
[null,null,null,null,"05915","059","Kenton","15",null,null,"JEFF","Jefferson","05620","Jefferson","(DIST 20)","Jefferson (DIST 20)","Jefferson (DIST 20)","Jefferson (DIST 19)",1.034,0.1,null,"Jefferson (DIST 19)",1.034,0.1,null,null,null,null,null,null,null,null,null,"Kenton","(DIST 15)","Kenton (DIST 15)",null,"Kenton",null,"(859) 392-1750",null,"Kenton (DIST 49)","KENT49",0.91180000000000005,"KENT","Kenton","49","Kenton (DIST 49)",null,null,null,"Jefferson (DIST 20)",1.4510000000000001]
[null,null,null,null,"05916","059","Kenton","16",null,null,"JEFF","Jefferson","05621","Jefferson","(DIST 21)","Jefferson (DIST 21)","Jefferson (DIST 21)","Jefferson (DIST 20)",1.423,0.16,null,"Jefferson (DIST 20)",1.423,0.16,null,null,null,null,null,null,null,null,null,"Kenton","(DIST 16)","Kenton (DIST 16)",null,"Kenton",null,"(859) 392-1750",null,"Kenton (DIST 55)","KENT55",1.1188,"KENT","Kenton","55","Kenton (DIST 55)",null,null,null,"Jefferson (DIST 21)",1.6509999999999998]
[null,null,null,null,"05919","059","Kenton","19",null,null,"JEFF","Jefferson","05622","Jefferson","(DIST 22)","Jefferson (DIST 22)","Jefferson (DIST 22)","Jefferson (DIST 21)",1.6509999999999998,0.16,null,"Jefferson (DIST 21)",1.6509999999999998,0.16,null,null,null,null,null,null,null,null,null,"Kenton","(DIST 19)","Kenton (DIST 19)",null,"Kenton",null,"(859) 392-1750",null,"Kenton (DIST 56)","KENT56",0.4708,"KENT","Kenton","56","Kenton (DIST 56)",null,null,null,"Jefferson (DIST 22)",0.96200000000000008]
[null,null,null,null,"05921","059","Kenton","21",null,null,"JEFF","Jefferson","05623","Jefferson","(DIST 23)","Jefferson (DIST 23)","Jefferson (DIST 23)","Jefferson (DIST 22)",0.93400000000000005,0,null,"Jefferson (DIST 22)",0.93400000000000005,0,null,null,null,null,null,null,null,null,null,"Kenton","(DIST 21)","Kenton (DIST 21)",null,"Kenton",null,"(859) 392-1750",null,"Kenton (DIST 57)","KENT57",1.3498000000000001,"KENT","Kenton","57","Kenton (DIST 57)",null,null,null,"Jefferson (DIST 23)",1.528]
[null,null,null,null,"05922","059","Kenton","22",null,null,"JEFF","Jefferson","05624","Jefferson","(DIST 24)","Jefferson (DIST 24)","Jefferson (DIST 24)","Jefferson (DIST 23)",1.5,0,null,"Jefferson (DIST 23)",1.5,0,null,null,null,null,null,null,null,null,null,"Kenton","(DIST 22)","Kenton (DIST 22)",null,"Kenton",null,"(859) 392-1750",null,"Knott (DIST 00)","KNOT00",1.1105,"KNOT","Knott","00","Knott (DIST 00)",null,null,null,"Jefferson (DIST 24)",1.339]
[null,null,null,null,"05925","059","Kenton","25",null,null,"JEFF","Jefferson","05625","Jefferson","(DIST 25)","Jefferson (DIST 25)","Jefferson (DIST 25)","Jefferson (DIST 24)",1.3109999999999999,0,null,"Jefferson (DIST 24)",1.3109999999999999,0,null,null,null,null,null,null,null,null,null,"Kenton","(DIST 25)","Kenton (DIST 25)",null,"Kenton",null,"(859) 392-1750",null,"Knott (DIST 01)","KNOT01",1.2705,"KNOT","Knott","01","Knott (DIST 01)",null,null,null,"Jefferson (DIST 25)",1.1120000000000001]
[null,null,null,null,"05927","059","Kenton","27",null,null,"JEFF","Jefferson","05626","Jefferson","(DIST 26)","Jefferson (DIST 26)","Jefferson (DIST 26)","Jefferson (DIST 25)",1.0840000000000001,0.15,null,"Jefferson (DIST 25)",1.0840000000000001,0.15,null,null,null,null,null,null,null,null,null,"Kenton","(DIST 27)","Kenton (DIST 27)",null,"Kenton",null,"(859) 392-1750",null,"Knox (DIST 01)","KNOX01",1.2611000000000001,"KNOX","Knox","01","Knox (DIST 01)",null,null,null,"Jefferson (DIST 26)",1.1120000000000001]
[null,null,null,null,"05929","059","Kenton","29",null,null,"JEFF","Jefferson","05628","Jefferson","(DIST 28)","Jefferson (DIST 28)","Jefferson (DIST 28)","Jefferson (DIST 26)",1.0840000000000001,0.15,null,"Jefferson (DIST 26)",1.0840000000000001,0.15,null,null,null,null,null,null,null,null,null,"Kenton","(DIST 29)","Kenton (DIST 29)",null,"Kenton",null,"(859) 392-1750",null,"Knox (DIST 02)","KNOX02",1.8293999999999999,"KNOX","Knox","02","Knox (DIST 02)",null,null,null,"Jefferson (DIST 28)",1.1120000000000001]
[null,null,null,null,"05930","059","Kenton","30",null,null,"JEFF","Jefferson","05630","Jefferson","(DIST 30)","Jefferson (DIST 30)","Jefferson (DIST 30)","Jefferson (DIST 28)",1.1040000000000001,0.17,null,"Jefferson (DIST 28)",1.1040000000000001,0.17,null,null,null,null,null,null,null,null,null,"Kenton","(DIST 30)","Kenton (DIST 30)",null,"Kenton",null,"(859) 392-1750",null,"Knox (DIST 03)","KNOX03",1.6761000000000001,"KNOX","Knox","03","Knox (DIST 03)",null,null,null,"Jefferson (DIST 30)",1.1320000000000001]
[null,null,null,null,"05931","059","Kenton","31",null,null,"JEFF","Jefferson","05631","Jefferson","(DIST 31)","Jefferson (DIST 31)","Jefferson (DIST 31)","Jefferson (DIST 30)",1.1040000000000001,0.17,null,"Jefferson (DIST 30)",1.1040000000000001,0.17,null,null,null,null,null,null,null,null,null,"Kenton","(DIST 31)","Kenton (DIST 31)",null,"Kenton",null,"(859) 392-1750",null,"Knox (DIST 05)","KNOX05",1.5321,"KNOX","Knox","05","Knox (DIST 05)",null,null,null,"Jefferson (DIST 31)",1.2120000000000002]
[null,null,null,null,"05936","059","Kenton","36",null,null,"JEFF","Jefferson","05632","Jefferson","(DIST 32)","Jefferson (DIST 32)","Jefferson (DIST 32)","Jefferson (DIST 31)",1.1640000000000001,0,null,"Jefferson (DIST 31)",1.1640000000000001,0,null,null,null,null,null,null,null,null,null,"Kenton","(DIST 36)","Kenton (DIST 36)",null,"Kenton",null,"(859) 392-1750",null,"Knox (DIST 09)","KNOX09",1.6584000000000001,"KNOX","Knox","09","Knox (DIST 09)",null,null,null,"Jefferson (DIST 32)",1.1819999999999999]
[null,null,null,null,"05937","059","Kenton","37",null,null,"JEFF","Jefferson","05633","Jefferson","(DIST 33)","Jefferson (DIST 33)","Jefferson (DIST 33)","Jefferson (DIST 32)",1.1540000000000001,0.17,null,"Jefferson (DIST 32)",1.1540000000000001,0.17,null,null,null,null,null,null,null,null,null,"Kenton","(DIST 37)","Kenton (DIST 37)",null,"Kenton",null,"(859) 392-1750",null,"LaRue (DIST 00)","LARU00",0.96310000000000007,"LARU","LaRue","00","LaRue (DIST 00)",null,null,null,"Jefferson (DIST 33)",1.212]
[null,null,null,null,"05938","059","Kenton","38",null,null,"JEFF","Jefferson","05634","Jefferson","(DIST 34)","Jefferson (DIST 34)","Jefferson (DIST 34)","Jefferson (DIST 33)",0,0,null,"Jefferson (DIST 33)",0,0,null,null,null,null,null,null,null,null,null,"Kenton","(DIST 38)","Kenton (DIST 38)",null,"Kenton",null,"(859) 392-1750",null,"LaRue (DIST 01)","LARU01",1.2131000000000001,"LARU","LaRue","01","LaRue (DIST 01)",null,null,null,"Jefferson (DIST 34)",0]
[null,null,null,null,"05939","059","Kenton","39",null,null,"JEFF","Jefferson","UNKNOWN","Jefferson","(DIST UNKNOWN)"," (DIST UNKNOWN)"," (DIST UNKNOWN)","Jefferson (DIST 34)",0,0,null,"Jefferson (DIST 34)",0,0,null,null,null,null,null,null,null,null,null,"Kenton","(DIST 39)","Kenton (DIST 39)",null,"Kenton",null,"(859) 392-1750",null,"LaRue (DIST 02)","LARU02",1.0921000000000001,"LARU","LaRue","02","LaRue (DIST 02)",null,null,null,"Jefferson (UNKNOWN)",{"$error":"#N/A"}]
[null,null,null,null,"05940","059","Kenton","40",null,null,"JESS","Jessamine","05700","Jessamine","(DIST 00)","Jessamine (DIST 00)","Jessamine (DIST 00)","Jefferson (UNKNOWN)",0.93400000000000005,0,null,"Jefferson (UNKNOWN)",0.93400000000000005,0,null,null,null,null,null,null,null,null,null,"Kenton","(DIST 40)","Kenton (DIST 40)",null,"Kenton",null,"(859) 392-1750",null,"LaRue (DIST 03)","LARU03",0.96310000000000007,"LARU","LaRue","03","LaRue (DIST 03)",null,null,null,"Jessamine (DIST 00)",1.2917000000000001]
[null,null,null,null,"05941","059","Kenton","41",null,null,"JESS","Jessamine","05701","Jessamine","(DIST 01)","Jessamine (DIST 01)","Jessamine (DIST 01)","Jessamine (DIST 00)",1.2857000000000003,0.20799999999999999,null,"Jessamine (DIST 00)",1.2857000000000003,0.20799999999999999,null,null,null,null,null,null,null,null,null,"Kenton","(DIST 41)","Kenton (DIST 41)",null,"Kenton",null,"(859) 392-1750",null,"Laurel (DIST 00)","LAUR00",0.78259999999999996,"LAUR","Laurel","00","Laurel (DIST 00)",null,null,null,"Jessamine (DIST 01)",1.3377000000000001]
[null,null,null,null,"05942","059","Kenton","42",null,null,"JESS","Jessamine","05702","Jessamine","(DIST 02)","Jessamine (DIST 02)","Jessamine (DIST 02)","Jessamine (DIST 01)",1.3277000000000001,0.30599999999999999,null,"Jessamine (DIST 01)",1.3277000000000001,0.30599999999999999,null,null,null,null,null,null,null,null,null,"Kenton","(DIST 42)","Kenton (DIST 42)",null,"Kenton",null,"(859) 392-1750",null,"Laurel (DIST 01)","LAUR01",0.86859999999999993,"LAUR","Laurel","01","Laurel (DIST 01)",null,null,null,"Jessamine (DIST 02)",2.0482999999999998]
[null,null,null,null,"05945","059","Kenton","45",null,null,"JESS","Jessamine","05703","Jessamine","(DIST 03)","Jessamine (DIST 03)","Jessamine (DIST 03)","Jessamine (DIST 02)",2.1058000000000003,0.20799999999999999,null,"Jessamine (DIST 02)",2.1058000000000003,0.20799999999999999,null,null,null,null,null,null,null,null,null,"Kenton","(DIST 45)","Kenton (DIST 45)",null,"Kenton",null,"(859) 392-1750",null,"Laurel (DIST 02)","LAUR02",0.83260000000000001,"LAUR","Laurel","02","Laurel (DIST 02)",null,null,null,"Jessamine (DIST 03)",1.4257]
[null,null,null,null,"05947","059","Kenton","47",null,null,"JESS","Jessamine","UNKNOWN","Jessamine","(DIST UNKNOWN)"," (DIST UNKNOWN)"," (DIST UNKNOWN)","Jessamine (DIST 03)",1.4157,0.20799999999999999,null,"Jessamine (DIST 03)",1.4157,0.20799999999999999,null,null,null,null,null,null,null,null,null,"Kenton","(DIST 47)","Kenton (DIST 47)",null,"Kenton",null,"(859) 392-1750",null,"Lawrence (DIST 00)","LAWR00",1.0609,"LAWR","Lawrence","00","Lawrence (DIST 00)",null,null,null,"Jessamine (UNKNOWN)",{"$error":"#N/A"}]
[null,null,null,null,"05948","059","Kenton","48",null,null,"JOHN","Johnson","05800","Johnson","(DIST 00)","Johnson (DIST 00)","Johnson (DIST 00)","Jessamine (UNKNOWN)",1.2857000000000003,0.20799999999999999,null,"Jessamine (UNKNOWN)",1.2857000000000003,0.20799999999999999,null,null,null,null,null,null,null,null,null,"Kenton","(DIST 48)","Kenton (DIST 48)",null,"Kenton",null,"(859) 392-1750",null,"Lawrence (DIST 01)","LAWR01",1.0609,"LAWR","Lawrence","01","Lawrence (DIST 01)",null,null,null,"Johnson (DIST 00)",0.92239999999999989]
[null,null,null,null,"05949","059","Kenton","49",null,null,"JOHN","Johnson","05801","Johnson","(DIST 01)","Johnson (DIST 01)","Johnson (DIST 01)","Johnson (DIST 00)",0.94689999999999996,0.18609999999999999,null,"Johnson (DIST 00)",0.94689999999999996,0.18609999999999999,null,null,null,null,null,null,null,null,null,"Kenton","(DIST 49)","Kenton (DIST 49)",null,"Kenton",null,"(859) 392-1750",null,"Lawrence (DIST 02)","LAWR02",1.3008999999999999,"LAWR","Lawrence","02","Lawrence (DIST 02)",null,null,null,"Johnson (DIST 01)",0.92239999999999989]
[null,null,null,null,"05955","059","Kenton","55",null,null,"JOHN","Johnson","05802","Johnson","(DIST 02)","Johnson (DIST 02)","Johnson (DIST 02)","Johnson (DIST 01)",0.94689999999999996,0.18609999999999999,null,"Johnson (DIST 01)",0.94689999999999996,0.18609999999999999,null,null,null,null,null,null,null,null,null,"Kenton","(DIST 55)","Kenton (DIST 55)",null,"Kenton",null,"(859) 392-1750",null,{"$error":"#N/A"},"LEE00",1.2829999999999999,"LEE0",{"$error":"#N/A"},"00",{"$error":"#N/A"},null,null,null,"Johnson (DIST 02)",1.1374]
[null,null,null,null,"05956","059","Kenton","56",null,null,"JOHN","Johnson","05803","Johnson","(DIST 03)","Johnson (DIST 03)","Johnson (DIST 03)","Johnson (DIST 02)",1.1618999999999999,0.18609999999999999,null,"Johnson (DIST 02)",1.1618999999999999,0.18609999999999999,null,null,null,null,null,null,null,null,null,"Kenton","(DIST 56)","Kenton (DIST 56)",null,"Kenton",null,"(859) 392-1750",null,{"$error":"#N/A"},"LEE01",1.5919999999999999,"LEE0",{"$error":"#N/A"},"01",{"$error":"#N/A"},null,null,null,"Johnson (DIST 03)",1.2684]
[null,null,null,null,"05957","059","Kenton","57",null,null,"JOHN","Johnson","05804","Johnson","(DIST 04)","Johnson (DIST 04)","Johnson (DIST 04)","Johnson (DIST 03)",1.3109,0.18609999999999999,null,"Johnson (DIST 03)",1.3109,0.18609999999999999,null,null,null,null,null,null,null,null,null,"Kenton","(DIST 57)","Kenton (DIST 57)",null,"Kenton",null,"(859) 392-1750",null,"Leslie (DIST 00)","LESL00",1.2398,"LESL","Leslie","00","Leslie (DIST 00)",null,null,null,"Johnson (DIST 04)",1.4834000000000001]
[null,null,null,null,"06000","060","Knott","00",null,null,"JOHN","Johnson","UNKNOWN","Johnson","(DIST UNKNOWN)"," (DIST UNKNOWN)"," (DIST UNKNOWN)","Johnson (DIST 04)",1.5259,0.18609999999999999,null,"Johnson (DIST 04)",1.5259,0.18609999999999999,null,null,null,null,null,null,null,null,null,"Knott","(DIST 00)","Knott (DIST 00)",null,"Knott",null,"(606) 785-5569",null,"Leslie (DIST 01)","LESL01",1.2398,"LESL","Leslie","01","Leslie (DIST 01)",null,null,null,"Johnson (UNKNOWN)",{"$error":"#N/A"}]
[null,null,null,null,"06001","060","Knott","01",null,null,"KENT","Kenton","05901","Kenton","(DIST 01)","Kenton (DIST 01)","Kenton (DIST 01)","Johnson (UNKNOWN)",0.94689999999999996,0.18609999999999999,null,"Johnson (UNKNOWN)",0.94689999999999996,0.18609999999999999,null,null,null,null,null,null,null,null,null,"Knott","(DIST 01)","Knott (DIST 01)",null,"Knott",null,"(606) 785-5569",null,"Letcher (DIST 01)","LETC01",1.4667999999999999,"LETC","Letcher","01","Letcher (DIST 01)",null,null,null,"Kenton (DIST 01)",0.87980000000000003]
[null,null,null,null,"06050","060","Knott","50",null,null,"KENT","Kenton","05902","Kenton","(DIST 02)","Kenton (DIST 02)","Kenton (DIST 02)","Kenton (DIST 01)",1.7202999999999999,4.3999999999999997E-2,null,"Kenton (DIST 01)",1.7202999999999999,4.3999999999999997E-2,null,null,null,null,null,null,null,null,null,"Knott","(DIST 50)","Knott (DIST 50)",null,"Knott",null,"(606) 785-5569",null,"Letcher (DIST 02)","LETC02",1.8068,"LETC","Letcher","02","Letcher (DIST 02)",null,null,null,"Kenton (DIST 02)",1.7308000000000001]
[null,null,null,null,"06101","061","Knox","01",null,null,"KENT","Kenton","05903","Kenton","(DIST 03)","Kenton (DIST 03)","Kenton (DIST 03)","Kenton (DIST 02)",3.2142999999999997,4.3999999999999997E-2,null,"Kenton (DIST 02)",3.2142999999999997,4.3999999999999997E-2,null,null,null,null,null,null,null,null,null,"Knox","(DIST 01)","Knox (DIST 01)",null,"Knox",null,"(606) 546-4113",null,"Letcher (DIST 03)","LETC03",1.9716999999999998,"LETC","Letcher","03","Letcher (DIST 03)",null,null,null,"Kenton (DIST 03)",0.76780000000000004]
[null,null,null,null,"06102","061","Knox","02",null,null,"KENT","Kenton","05904","Kenton","(DIST 04)","Kenton (DIST 04)","Kenton (DIST 04)","Kenton (DIST 03)",1.4853000000000001,4.3999999999999997E-2,null,"Kenton (DIST 03)",1.4853000000000001,4.3999999999999997E-2,null,null,null,null,null,null,null,null,null,"Knox","(DIST 02)","Knox (DIST 02)",null,"Knox",null,"(606) 546-4113",null,"Letcher (DIST 04)","LETC04",1.9167999999999998,"LETC","Letcher","04","Letcher (DIST 04)",null,null,null,"Kenton (DIST 04)",0.86880000000000002]
[null,null,null,null,"06103","061","Knox","03",null,null,"KENT","Kenton","05906","Kenton","(DIST 06)","Kenton (DIST 06)","Kenton (DIST 06)","Kenton (DIST 04)",1.6773000000000002,0.24399999999999999,null,"Kenton (DIST 04)",1.6773000000000002,0.24399999999999999,null,null,null,null,null,null,null,null,null,"Knox","(DIST 03)","Knox (DIST 03)",null,"Knox",null,"(606) 546-4113",null,"Letcher (DIST 05)","LETC05",1.6217999999999999,"LETC","Letcher","05","Letcher (DIST 05)",null,null,null,"Kenton (DIST 06)",1.4108000000000001]
[null,null,null,null,"06105","061","Knox","05",null,null,"KENT","Kenton","05907","Kenton","(DIST 07)","Kenton (DIST 07)","Kenton (DIST 07)","Kenton (DIST 06)",1.3473000000000002,4.3999999999999997E-2,null,"Kenton (DIST 06)",1.3473000000000002,4.3999999999999997E-2,null,null,null,null,null,null,null,null,null,"Knox","(DIST 05)","Knox (DIST 05)",null,"Knox",null,"(606) 546-4113",null,"Letcher (DIST 06)","LETC06",1.4667999999999999,"LETC","Letcher","06","Letcher (DIST 06)",null,null,null,"Kenton (DIST 07)",1.5928]
[null,null,null,null,"06109","061","Knox","09",null,null,"KENT","Kenton","05908","Kenton","(DIST 08)","Kenton (DIST 08)","Kenton (DIST 08)","Kenton (DIST 07)",2.8573000000000004,4.3999999999999997E-2,null,"Kenton (DIST 07)",2.8573000000000004,4.3999999999999997E-2,null,null,null,null,null,null,null,null,null,"Knox","(DIST 09)","Knox (DIST 09)",null,"Knox",null,"(606) 546-4113",null,"Lewis (DIST 00)","LEWI00",0.90620000000000001,"LEWI","Lewis","00","Lewis (DIST 00)",null,null,null,"Kenton (DIST 08)",1.8197999999999999]
[null,null,null,null,"06200","062","LaRue","00",null,null,"KENT","Kenton","05909","Kenton","(DIST 09)","Kenton (DIST 09)","Kenton (DIST 09)","Kenton (DIST 08)",1.7933000000000001,4.3999999999999997E-2,null,"Kenton (DIST 08)",1.7933000000000001,4.3999999999999997E-2,null,null,null,null,null,null,null,null,null,"LaRue","(DIST 00)","LaRue (DIST 00)",null,"LaRue",null,"(270) 358-4202",null,"Lewis (DIST 01)","LEWI01",1.0462,"LEWI","Lewis","01","Lewis (DIST 01)",null,null,null,"Kenton (DIST 09)",1.4678]
[null,null,null,null,"06201","062","LaRue","01",null,null,"KENT","Kenton","05910","Kenton","(DIST 10)","Kenton (DIST 10)","Kenton (DIST 10)","Kenton (DIST 09)",1.4133,4.3999999999999997E-2,null,"Kenton (DIST 09)",1.4133,4.3999999999999997E-2,null,null,null,null,null,null,null,null,null,"LaRue","(DIST 01)","LaRue (DIST 01)",null,"LaRue",null,"(270) 358-4202",null,"Lewis (DIST 02)","LEWI02",1.0062,"LEWI","Lewis","02","Lewis (DIST 02)",null,null,null,"Kenton (DIST 10)",1.4258]
[null,null,null,null,"06202","062","LaRue","02",null,null,"KENT","Kenton","05911","Kenton","(DIST 11)","Kenton (DIST 11)","Kenton (DIST 11)","Kenton (DIST 10)",2.8963000000000001,4.3999999999999997E-2,null,"Kenton (DIST 10)",2.8963000000000001,4.3999999999999997E-2,null,null,null,null,null,null,null,null,null,"LaRue","(DIST 02)","LaRue (DIST 02)",null,"LaRue",null,"(270) 358-4202",null,"Lewis (DIST 03)","LEWI03",1.0062,"LEWI","Lewis","03","Lewis (DIST 03)",null,null,null,"Kenton (DIST 11)",1.4157999999999999]
[null,null,null,null,"06300","063","Laurel","00",null,null,"KENT","Kenton","05912","Kenton","(DIST 12)","Kenton (DIST 12)","Kenton (DIST 12)","Kenton (DIST 11)",1.2523,4.3999999999999997E-2,null,"Kenton (DIST 11)",1.2523,4.3999999999999997E-2,null,null,null,null,null,null,null,null,null,"Laurel","(DIST 00)","Laurel (DIST 00)",null,"Laurel",null,"(606) 864-2889",null,"Lewis (DIST 04)","LEWI04",1.0062,"LEWI","Lewis","04","Lewis (DIST 04)",null,null,null,"Kenton (DIST 12)",1.5167999999999999]
[null,null,null,null,"06301","063","Laurel","01",null,null,"KENT","Kenton","05913","Kenton","(DIST 13)","Kenton (DIST 13)","Kenton (DIST 13)","Kenton (DIST 12)",1.4442999999999999,0.24399999999999999,null,"Kenton (DIST 12)",1.4442999999999999,0.24399999999999999,null,null,null,null,null,null,null,null,null,"Laurel","(DIST 01)","Laurel (DIST 01)",null,"Laurel",null,"(606) 864-2889",null,"Lewis (DIST 05)","LEWI05",1.0062,"LEWI","Lewis","05","Lewis (DIST 05)",null,null,null,"Kenton (DIST 13)",1.4488000000000001]
[null,null,null,null,"06302","063","Laurel","02",null,null,"KENT","Kenton","05915","Kenton","(DIST 15)","Kenton (DIST 15)","Kenton (DIST 15)","Kenton (DIST 13)",1.3743000000000001,4.3999999999999997E-2,null,"Kenton (DIST 13)",1.3743000000000001,4.3999999999999997E-2,null,null,null,null,null,null,null,null,null,"Laurel","(DIST 02)","Laurel (DIST 02)",null,"Laurel",null,"(606) 864-2889",null,"Lewis (DIST 06)","LEWI06",1.0062,"LEWI","Lewis","06","Lewis (DIST 06)",null,null,null,"Kenton (DIST 15)",1.3138000000000001]
[null,null,null,null,"06350","063","Laurel","50",null,null,"KENT","Kenton","05916","Kenton","(DIST 16)","Kenton (DIST 16)","Kenton (DIST 16)","Kenton (DIST 15)",1.3033000000000001,4.3999999999999997E-2,null,"Kenton (DIST 15)",1.3033000000000001,4.3999999999999997E-2,null,null,null,null,null,null,null,null,null,"Laurel","(DIST 50)","Laurel (DIST 50)",null,"Laurel",null,"(606) 864-2889",null,"Lewis (DIST 07)","LEWI07",1.0062,"LEWI","Lewis","07","Lewis (DIST 07)",null,null,null,"Kenton (DIST 16)",1.1188]
[null,null,null,null,"06400","064","Lawrence","00",null,null,"KENT","Kenton","05919","Kenton","(DIST 19)","Kenton (DIST 19)","Kenton (DIST 19)","Kenton (DIST 16)",1.0543,4.3999999999999997E-2,null,"Kenton (DIST 16)",1.0543,4.3999999999999997E-2,null,null,null,null,null,null,null,null,null,"Lawrence","(DIST 00)","Lawrence (DIST 00)",null,"Lawrence",null,"(606) 638-4743",null,"Lewis (DIST 08)","LEWI08",1.0062,"LEWI","Lewis","08","Lewis (DIST 08)",null,null,null,"Kenton (DIST 19)",1.2838000000000001]
[null,null,null,null,"06402","064","Lawrence","02",null,null,"KENT","Kenton","05921","Kenton","(DIST 21)","Kenton (DIST 21)","Kenton (DIST 21)","Kenton (DIST 19)",1.2213000000000003,4.3999999999999997E-2,null,"Kenton (DIST 19)",1.2213000000000003,4.3999999999999997E-2,null,null,null,null,null,null,null,null,null,"Lawrence","(DIST 02)","Lawrence (DIST 02)",null,"Lawrence",null,"(606) 638-4743",null,"Lincoln (DIST 00)","LINC00",0.96890000000000009,"LINC","Lincoln","00","Lincoln (DIST 00)",null,null,null,"Kenton (DIST 21)",1.1188]
[null,null,null,null,"06500","065","Lee ","00",null,null,"KENT","Kenton","05922","Kenton","(DIST 22)","Kenton (DIST 22)","Kenton (DIST 22)","Kenton (DIST 21)",1.0543,4.3999999999999997E-2,null,"Kenton (DIST 21)",1.0543,4.3999999999999997E-2,null,null,null,null,null,null,null,null,null,"Lee ","(DIST 00)","Lee  (DIST 00)",null,"Lee ",null,{"$error":"#N/A"},null,"Lincoln (DIST 02)","LINC02",1.0209000000000001,"LINC","Lincoln","02","Lincoln (DIST 02)",null,null,null,"Kenton (DIST 22)",1.5278]
[null,null,null,null,"06501","065","Lee ","01",null,null,"KENT","Kenton","05925","Kenton","(DIST 25)","Kenton (DIST 25)","Kenton (DIST 25)","Kenton (DIST 22)",1.5003,4.3999999999999997E-2,null,"Kenton (DIST 22)",1.5003,4.3999999999999997E-2,null,null,null,null,null,null,null,null,null,"Lee ","(DIST 01)","Lee  (DIST 01)",null,"Lee ",null,{"$error":"#N/A"},null,"Lincoln (DIST 03)","LINC03",1.2409000000000001,"LINC","Lincoln","03","Lincoln (DIST 03)",null,null,null,"Kenton (DIST 25)",1.9137999999999999]
[null,null,null,null,"06600","066","Leslie","00",null,null,"KENT","Kenton","05927","Kenton","(DIST 27)","Kenton (DIST 27)","Kenton (DIST 27)","Kenton (DIST 25)",1.7883,0.24399999999999999,null,"Kenton (DIST 25)",1.7883,0.24399999999999999,null,null,null,null,null,null,null,null,null,"Leslie","(DIST 00)","Leslie (DIST 00)",null,"Leslie",null,"(606) 672-2456",null,"Lincoln (DIST 04)","LINC04",1.0269000000000001,"LINC","Lincoln","04","Lincoln (DIST 04)",null,null,null,"Kenton (DIST 27)",1.3008]
[null,null,null,null,"06701","067","Letcher","01",null,null,"KENT","Kenton","05929","Kenton","(DIST 29)","Kenton (DIST 29)","Kenton (DIST 29)","Kenton (DIST 27)",2.5643000000000002,4.3999999999999997E-2,null,"Kenton (DIST 27)",2.5643000000000002,4.3999999999999997E-2,null,null,null,null,null,null,null,null,null,"Letcher","(DIST 01)","Letcher (DIST 01)",null,"Letcher",null,"(606) 633-2182",null,"Lincoln (DIST 05)","LINC05",1.1029,"LINC","Lincoln","05","Lincoln (DIST 05)",null,null,null,"Kenton (DIST 29)",1.8688]
[null,null,null,null,"06702","067","Letcher","02",null,null,"KENT","Kenton","05930","Kenton","(DIST 30)","Kenton (DIST 30)","Kenton (DIST 30)","Kenton (DIST 29)",1.8043,4.3999999999999997E-2,null,"Kenton (DIST 29)",1.8043,4.3999999999999997E-2,null,null,null,null,null,null,null,null,null,"Letcher","(DIST 02)","Letcher (DIST 02)",null,"Letcher",null,"(606) 633-2182",null,"Livingston (DIST 01)","LIVI01",0.72050000000000003,"LIVI","Livingston","01","Livingston (DIST 01)",null,null,null,"Kenton (DIST 30)",1.4378]
[null,null,null,null,"06703","067","Letcher","03",null,null,"KENT","Kenton","05931","Kenton","(DIST 31)","Kenton (DIST 31)","Kenton (DIST 31)","Kenton (DIST 30)",1.3783000000000003,4.3999999999999997E-2,null,"Kenton (DIST 30)",1.3783000000000003,4.3999999999999997E-2,null,null,null,null,null,null,null,null,null,"Letcher","(DIST 03)","Letcher (DIST 03)",null,"Letcher",null,"(606) 633-2182",null,"Livingston (DIST 02)","LIVI02",0.82050000000000001,"LIVI","Livingston","02","Livingston (DIST 02)",null,null,null,"Kenton (DIST 31)",1.7378]
[null,null,null,null,"06704","067","Letcher","04",null,null,"KENT","Kenton","05933","Kenton","(DIST 33)","Kenton (DIST 33)","Kenton (DIST 33)","Kenton (DIST 31)",1.6113000000000002,4.3999999999999997E-2,null,"Kenton (DIST 31)",1.6113000000000002,4.3999999999999997E-2,null,null,null,null,null,null,null,null,null,"Letcher","(DIST 04)","Letcher (DIST 04)",null,"Letcher",null,"(606) 633-2182",null,"Livingston (DIST 03)","LIVI03",0.82050000000000001,"LIVI","Livingston","03","Livingston (DIST 03)",null,null,null,"Kenton (DIST 33)",1.9028]
[null,null,null,null,"06705","067","Letcher","05",null,null,"KENT","Kenton","05936","Kenton","(DIST 36)","Kenton (DIST 36)","Kenton (DIST 36)","Kenton (DIST 33)",1.7783000000000002,4.3999999999999997E-2,null,"Kenton (DIST 33)",1.7783000000000002,4.3999999999999997E-2,null,null,null,null,null,null,null,null,null,"Letcher","(DIST 05)","Letcher (DIST 05)",null,"Letcher",null,"(606) 633-2182",null,"Livingston (DIST 04)","LIVI04",1.0455000000000001,"LIVI","Livingston","04","Livingston (DIST 04)",null,null,null,"Kenton (DIST 36)",1.1808000000000001]
[null,null,null,null,"06800","068","Lewis","00",null,null,"KENT","Kenton","05937","Kenton","(DIST 37)","Kenton (DIST 37)","Kenton (DIST 37)","Kenton (DIST 36)",1.1563000000000001,4.3999999999999997E-2,null,"Kenton (DIST 36)",1.1563000000000001,4.3999999999999997E-2,null,null,null,null,null,null,null,null,null,"Lewis","(DIST 00)","Lewis (DIST 00)",null,"Lewis",null,"(606) 796-2622",null,"Livingston (DIST 05)","LIVI05",1.4081000000000001,"LIVI","Livingston","05","Livingston (DIST 05)",null,null,null,"Kenton (DIST 37)",1.1188]
[null,null,null,null,"06801","068","Lewis","01",null,null,"KENT","Kenton","05938","Kenton","(DIST 38)","Kenton (DIST 38)","Kenton (DIST 38)","Kenton (DIST 37)",1.0543,4.3999999999999997E-2,null,"Kenton (DIST 37)",1.0543,4.3999999999999997E-2,null,null,null,null,null,null,null,null,null,"Lewis","(DIST 01)","Lewis (DIST 01)",null,"Lewis",null,"(606) 796-2622",null,"Livingston (DIST 06)","LIVI06",1.0155000000000001,"LIVI","Livingston","06","Livingston (DIST 06)",null,null,null,"Kenton (DIST 38)",1.3188]
[null,null,null,null,"06802","068","Lewis","02",null,null,"KENT","Kenton","05939","Kenton","(DIST 39)","Kenton (DIST 39)","Kenton (DIST 39)","Kenton (DIST 38)",1.2543000000000002,0.24399999999999999,null,"Kenton (DIST 38)",1.2543000000000002,0.24399999999999999,null,null,null,null,null,null,null,null,null,"Lewis","(DIST 02)","Lewis (DIST 02)",null,"Lewis",null,"(606) 796-2622",null,"Livingston (DIST 07)","LIVI07",0.82050000000000001,"LIVI","Livingston","07","Livingston (DIST 07)",null,null,null,"Kenton (DIST 39)",1.3188]
[null,null,null,null,"06803","068","Lewis","03",null,null,"KENT","Kenton","05940","Kenton","(DIST 40)","Kenton (DIST 40)","Kenton (DIST 40)","Kenton (DIST 39)",1.2543000000000002,0.24399999999999999,null,"Kenton (DIST 39)",1.2543000000000002,0.24399999999999999,null,null,null,null,null,null,null,null,null,"Lewis","(DIST 03)","Lewis (DIST 03)",null,"Lewis",null,"(606) 796-2622",null,"Livingston (DIST 08)","LIVI08",0.72050000000000003,"LIVI","Livingston","08","Livingston (DIST 08)",null,null,null,"Kenton (DIST 40)",0]
[null,null,null,null,"06804","068","Lewis","04",null,null,"KENT","Kenton","05941","Kenton","(DIST 41)","Kenton (DIST 41)","Kenton (DIST 41)","Kenton (DIST 40)",0,0,null,"Kenton (DIST 40)",0,0,null,null,null,null,null,null,null,null,null,"Lewis","(DIST 04)","Lewis (DIST 04)",null,"Lewis",null,"(606) 796-2622",null,"Logan (DIST 01)","LOGA01",0.88640000000000008,"LOGA","Logan","01","Logan (DIST 01)",null,null,null,"Kenton (DIST 41)",1.2838000000000001]
[null,null,null,null,"06805","068","Lewis","05",null,null,"KENT","Kenton","05942","Kenton","(DIST 42)","Kenton (DIST 42)","Kenton (DIST 42)","Kenton (DIST 41)",1.2213000000000003,4.3999999999999997E-2,null,"Kenton (DIST 41)",1.2213000000000003,4.3999999999999997E-2,null,null,null,null,null,null,null,null,null,"Lewis","(DIST 05)","Lewis (DIST 05)",null,"Lewis",null,"(606) 796-2622",null,"Logan (DIST 02)","LOGA02",1.6144000000000001,"LOGA","Logan","02","Logan (DIST 02)",null,null,null,"Kenton (DIST 42)",1.3188]
[null,null,null,null,"06806","068","Lewis","06",null,null,"KENT","Kenton","05945","Kenton","(DIST 45)","Kenton (DIST 45)","Kenton (DIST 45)","Kenton (DIST 42)",1.2543000000000002,0.24399999999999999,null,"Kenton (DIST 42)",1.2543000000000002,0.24399999999999999,null,null,null,null,null,null,null,null,null,"Lewis","(DIST 06)","Lewis (DIST 06)",null,"Lewis",null,"(606) 796-2622",null,"Logan (DIST 03)","LOGA03",1.2154,"LOGA","Logan","03","Logan (DIST 03)",null,null,null,"Kenton (DIST 45)",1.3188]
[null,null,null,null,"06807","068","Lewis","07",null,null,"KENT","Kenton","05947","Kenton","(DIST 47)","Kenton (DIST 47)","Kenton (DIST 47)","Kenton (DIST 45)",1.2543000000000002,0,null,"Kenton (DIST 45)",1.2543000000000002,0,null,null,null,null,null,null,null,null,null,"Lewis","(DIST 07)","Lewis (DIST 07)",null,"Lewis",null,"(606) 796-2622",null,"Logan (DIST 04)","LOGA04",1.2864,"LOGA","Logan","04","Logan (DIST 04)",null,null,null,"Kenton (DIST 47)",1.4647999999999999]
[null,null,null,null,"06808","068","Lewis","08",null,null,"KENT","Kenton","05948","Kenton","(DIST 48)","Kenton (DIST 48)","Kenton (DIST 48)","Kenton (DIST 47)",1.3733000000000002,0.24399999999999999,null,"Kenton (DIST 47)",1.3733000000000002,0.24399999999999999,null,null,null,null,null,null,null,null,null,"Lewis","(DIST 08)","Lewis (DIST 08)",null,"Lewis",null,"(606) 796-2622",null,"Logan (DIST 05)","LOGA05",1.1764000000000001,"LOGA","Logan","05","Logan (DIST 05)",null,null,null,"Kenton (DIST 48)",{"$f":"VLOOKUP(AZ452,AP$3:AR$691,3,FALSE)","v":0.76580000000000004}]
[null,null,null,null,"06900","069","Lincoln","00",null,null,"KENT","Kenton","05949","Kenton","(DIST 49)","Kenton (DIST 49)","Kenton (DIST 49)","Kenton (DIST 48)",1.7133,0.24399999999999999,null,"Kenton (DIST 48)",1.7133,0.24399999999999999,null,null,null,null,null,null,null,null,null,"Lincoln","(DIST 00)","Lincoln (DIST 00)",null,"Lincoln",null,"(606) 365-4550",null,"Logan (DIST 06)","LOGA06",1.3774000000000002,"LOGA","Logan","06","Logan (DIST 06)",null,null,null,"Kenton (DIST 49)",0.91180000000000005]
[null,null,null,null,"06902","069","Lincoln","02",null,null,"KENT","Kenton","05955","Kenton","(DIST 55)","Kenton (DIST 55)","Kenton (DIST 55)","Kenton (DIST 49)",1.8323000000000003,0.24399999999999999,null,"Kenton (DIST 49)",1.8323000000000003,0.24399999999999999,null,null,null,null,null,null,null,null,null,"Lincoln","(DIST 02)","Lincoln (DIST 02)",null,"Lincoln",null,"(606) 365-4550",null,"Logan (DIST 07)","LOGA07",1.2854000000000001,"LOGA","Logan","07","Logan (DIST 07)",null,null,null,"Kenton (DIST 55)",1.1188]
[null,null,null,null,"06903","069","Lincoln","03",null,null,"KENT","Kenton","05956","Kenton","(DIST 56)","Kenton (DIST 56)","Kenton (DIST 56)","Kenton (DIST 55)",1.0543,4.3999999999999997E-2,null,"Kenton (DIST 55)",1.0543,4.3999999999999997E-2,null,null,null,null,null,null,null,null,null,"Lincoln","(DIST 03)","Lincoln (DIST 03)",null,"Lincoln",null,"(606) 365-4550",null,"Lyon (DIST 00)","LYON00",0.82440000000000002,"LYON","Lyon","00","Lyon (DIST 00)",null,null,null,"Kenton (DIST 56)",0.4708]
[null,null,null,null,"06904","069","Lincoln","04",null,null,"KENT","Kenton","05957","Kenton","(DIST 57)","Kenton (DIST 57)","Kenton (DIST 57)","Kenton (DIST 56)",1.2873000000000001,4.3999999999999997E-2,null,"Kenton (DIST 56)",1.2873000000000001,4.3999999999999997E-2,null,null,null,null,null,null,null,null,null,"Lincoln","(DIST 04)","Lincoln (DIST 04)",null,"Lincoln",null,"(606) 365-4550",null,"Lyon (DIST 01)","LYON01",1.1166,"LYON","Lyon","01","Lyon (DIST 01)",null,null,null,"Kenton (DIST 57)",1.3498000000000001]
[null,null,null,null,"06905","069","Lincoln","05",null,null,"KENT","Kenton","UNKNOWN","Kenton","(DIST UNKNOWN)"," (DIST UNKNOWN)"," (DIST UNKNOWN)","Kenton (DIST 57)",1.2803,4.3999999999999997E-2,null,"Kenton (DIST 57)",1.2803,4.3999999999999997E-2,null,null,null,null,null,null,null,null,null,"Lincoln","(DIST 05)","Lincoln (DIST 05)",null,"Lincoln",null,"(606) 365-4550",null,"Lyon (DIST 02)","LYON02",1.1496,"LYON","Lyon","02","Lyon (DIST 02)",null,null,null,"Kenton (UNKNOWN)",{"$error":"#N/A"}]
[null,null,null,null,"07001","070","Livingston","01",null,null,"KNOT","Knott","06000","Knott","(DIST 00)","Knott (DIST 00)","Knott (DIST 00)","Kenton (UNKNOWN)",1.0543,4.3999999999999997E-2,null,"Kenton (UNKNOWN)",1.0543,4.3999999999999997E-2,null,null,null,null,null,null,null,null,null,"Livingston","(DIST 01)","Livingston (DIST 01)",null,"Livingston",null,"(270) 928-2524",null,"Lyon (DIST 03)","LYON03",0.8972,"LYON","Lyon","03","Lyon (DIST 03)",null,null,null,"Knott (DIST 00)",1.1105]
[null,null,null,null,"07002","070","Livingston","02",null,null,"KNOT","Knott","06001","Knott","(DIST 01)","Knott (DIST 01)","Knott (DIST 01)","Knott (DIST 00)",1.0851999999999999,0,null,"Knott (DIST 00)",1.0851999999999999,0,null,null,null,null,null,null,null,null,null,"Livingston","(DIST 02)","Livingston (DIST 02)",null,"Livingston",null,"(270) 928-2524",null,"Lyon (DIST 04)","LYON04",0.89180000000000004,"LYON","Lyon","04","Lyon (DIST 04)",null,null,null,"Knott (DIST 01)",1.2705]
[null,null,null,null,"07003","070","Livingston","03",null,null,"KNOT","Knott","UNKNOWN","Knott","(DIST UNKNOWN)"," (DIST UNKNOWN)"," (DIST UNKNOWN)","Knott (DIST 01)",1.2451999999999999,0,null,"Knott (DIST 01)",1.2451999999999999,0,null,null,null,null,null,null,null,null,null,"Livingston","(DIST 03)","Livingston (DIST 03)",null,"Livingston",null,"(270) 928-2524",null,"Lyon (DIST 05)","LYON05",1.2169999999999999,"LYON","Lyon","05","Lyon (DIST 05)",null,null,null,"Knott (UNKNOWN)",{"$error":"#N/A"}]
[null,null,null,null,"07004","070","Livingston","04",null,null,"KNOX","Knox","06101","Knox","(DIST 01)","Knox (DIST 01)","Knox (DIST 01)","Knott (UNKNOWN)",1.0851999999999999,0,null,"Knott (UNKNOWN)",1.0851999999999999,0,null,null,null,null,null,null,null,null,null,"Livingston","(DIST 04)","Livingston (DIST 04)",null,"Livingston",null,"(270) 928-2524",null,"Madison (DIST 01)","MADI01",0.95040000000000002,"MADI","Madison","01","Madison (DIST 01)",null,null,null,"Knox (DIST 01)",1.2611000000000001]
[null,null,null,null,"07005","070","Livingston","05",null,null,"KNOX","Knox","06102","Knox","(DIST 02)","Knox (DIST 02)","Knox (DIST 02)","Knox (DIST 01)",1.2441000000000002,0.28889999999999999,null,"Knox (DIST 01)",1.2441000000000002,0.28889999999999999,null,null,null,null,null,null,null,null,null,"Livingston","(DIST 05)","Livingston (DIST 05)",null,"Livingston",null,"(270) 928-2524",null,"Madison (DIST 02)","MADI02",1.1133999999999999,"MADI","Madison","02","Madison (DIST 02)",null,null,null,"Knox (DIST 02)",1.8293999999999999]
[null,null,null,null,"07006","070","Livingston","06",null,null,"KNOX","Knox","06103","Knox","(DIST 03)","Knox (DIST 03)","Knox (DIST 03)","Knox (DIST 02)",1.7107999999999999,0.28889999999999999,null,"Knox (DIST 02)",1.7107999999999999,0.28889999999999999,null,null,null,null,null,null,null,null,null,"Livingston","(DIST 06)","Livingston (DIST 06)",null,"Livingston",null,"(270) 928-2524",null,"Madison (DIST 03)","MADI03",1.0494000000000001,"MADI","Madison","03","Madison (DIST 03)",null,null,null,"Knox (DIST 03)",1.6761000000000001]
[null,null,null,null,"07007","070","Livingston","07",null,null,"KNOX","Knox","06105","Knox","(DIST 05)","Knox (DIST 05)","Knox (DIST 05)","Knox (DIST 03)",1.6601000000000001,0.28889999999999999,null,"Knox (DIST 03)",1.6601000000000001,0.28889999999999999,null,null,null,null,null,null,null,null,null,"Livingston","(DIST 07)","Livingston (DIST 07)",null,"Livingston",null,"(270) 928-2524",null,"Madison (DIST 04)","MADI04",1.1133999999999999,"MADI","Madison","04","Madison (DIST 04)",null,null,null,"Knox (DIST 05)",1.5321]
[null,null,null,null,"07008","070","Livingston","08",null,null,"KNOX","Knox","06109","Knox","(DIST 09)","Knox (DIST 09)","Knox (DIST 09)","Knox (DIST 05)",1.5311000000000001,0.45889999999999997,null,"Knox (DIST 05)",1.5311000000000001,0.45889999999999997,null,null,null,null,null,null,null,null,null,"Livingston","(DIST 08)","Livingston (DIST 08)",null,"Livingston",null,"(270) 928-2524",null,"Madison (DIST 06)","MADI06",1.3943999999999999,"MADI","Madison","06","Madison (DIST 06)",null,null,null,"Knox (DIST 09)",1.6584000000000001]
[null,null,null,null,"07101","071","Logan","01",null,null,"KNOX","Knox","UNKNOWN","Knox","(DIST UNKNOWN)"," (DIST UNKNOWN)"," (DIST UNKNOWN)","Knox (DIST 09)",1.5588000000000002,0.28889999999999999,null,"Knox (DIST 09)",1.5588000000000002,0.28889999999999999,null,null,null,null,null,null,null,null,null,"Logan","(DIST 01)","Logan (DIST 01)",null,"Logan",null,"(270) 726-8334",null,"Magoffin (DIST 00)","MAGO00",1.496,"MAGO","Magoffin","00","Magoffin (DIST 00)",null,null,null,"Knox (UNKNOWN)",{"$error":"#N/A"}]
[null,null,null,null,"07102","071","Logan","02",null,null,"LARU","LaRue","06200","LaRue","(DIST 00)","LaRue (DIST 00)","LaRue (DIST 00)","Knox (UNKNOWN)",1.2441000000000002,0.28889999999999999,null,"Knox (UNKNOWN)",1.2441000000000002,0.28889999999999999,null,null,null,null,null,null,null,null,null,"Logan","(DIST 02)","Logan (DIST 02)",null,"Logan",null,"(270) 726-8334",null,"Magoffin (DIST 01)","MAGO01",2.3260000000000001,"MAGO","Magoffin","01","Magoffin (DIST 01)",null,null,null,"LaRue (DIST 00)",0.96310000000000007]
[null,null,null,null,"07103","071","Logan","03",null,null,"LARU","LaRue","06201","LaRue","(DIST 01)","LaRue (DIST 01)","LaRue (DIST 01)","LaRue (DIST 00)",0.95040000000000013,6.13E-2,null,"LaRue (DIST 00)",0.95040000000000013,6.13E-2,null,null,null,null,null,null,null,null,null,"Logan","(DIST 03)","Logan (DIST 03)",null,"Logan",null,"(270) 726-8334",null,"Marion (DIST 00)","MARI00",0.83349999999999991,"MARI","Marion","00","Marion (DIST 00)",null,null,null,"LaRue (DIST 01)",1.2131000000000001]
[null,null,null,null,"07104","071","Logan","04",null,null,"LARU","LaRue","06202","LaRue","(DIST 02)","LaRue (DIST 02)","LaRue (DIST 02)","LaRue (DIST 01)",1.2004000000000001,6.13E-2,null,"LaRue (DIST 01)",1.2004000000000001,6.13E-2,null,null,null,null,null,null,null,null,null,"Logan","(DIST 04)","Logan (DIST 04)",null,"Logan",null,"(270) 726-8334",null,"Marion (DIST 01)","MARI01",1.085,"MARI","Marion","01","Marion (DIST 01)",null,null,null,"LaRue (DIST 02)",1.0921000000000001]
[null,null,null,null,"07105","071","Logan","05",null,null,"LARU","LaRue","06203","LaRue","(DIST 03)","LaRue (DIST 03)","LaRue (DIST 03)","LaRue (DIST 02)",1.0684,6.13E-2,null,"LaRue (DIST 02)",1.0684,6.13E-2,null,null,null,null,null,null,null,null,null,"Logan","(DIST 05)","Logan (DIST 05)",null,"Logan",null,"(270) 726-8334",null,"Marion (DIST 02)","MARI02",0.95849999999999991,"MARI","Marion","02","Marion (DIST 02)",null,null,null,"LaRue (DIST 03)",0.96310000000000007]
[null,null,null,null,"07106","071","Logan","06",null,null,"LARU","LaRue","UNKNOWN","LaRue","(DIST UNKNOWN)"," (DIST UNKNOWN)"," (DIST UNKNOWN)","LaRue (DIST 03)",0.95040000000000013,6.13E-2,null,"LaRue (DIST 03)",0.95040000000000013,6.13E-2,null,null,null,null,null,null,null,null,null,"Logan","(DIST 06)","Logan (DIST 06)",null,"Logan",null,"(270) 726-8334",null,"Marshall (DIST 01)","MARS01",0.89589999999999992,"MARS","Marshall","01","Marshall (DIST 01)",null,null,null,"LaRue (UNKNOWN)",{"$error":"#N/A"}]
[null,null,null,null,"07107","071","Logan","07",null,null,"LAUR","Laurel","06300","Laurel","(DIST 00)","Laurel (DIST 00)","Laurel (DIST 00)","LaRue (UNKNOWN)",0.95040000000000013,6.13E-2,null,"LaRue (UNKNOWN)",0.95040000000000013,6.13E-2,null,null,null,null,null,null,null,null,null,"Logan","(DIST 07)","Logan (DIST 07)",null,"Logan",null,"(270) 726-8334",null,"Marshall (DIST 02)","MARS02",1.0684,"MARS","Marshall","02","Marshall (DIST 02)",null,null,null,"Laurel (DIST 00)",0.78259999999999996]
[null,null,null,null,"07200","072","Lyon","00",null,null,"LAUR","Laurel","06301","Laurel","(DIST 01)","Laurel (DIST 01)","Laurel (DIST 01)","Laurel (DIST 00)",0.75940000000000007,0.24340000000000001,null,"Laurel (DIST 00)",0.75940000000000007,0.24340000000000001,null,null,null,null,null,null,null,null,null,"Lyon","(DIST 00)","Lyon (DIST 00)",null,"Lyon",null,"(270) 388-7271",null,"Marshall (DIST 04)","MARS04",1.2418,"MARS","Marshall","04","Marshall (DIST 04)",null,null,null,"Laurel (DIST 01)",0.86859999999999993]
[null,null,null,null,"07201","072","Lyon","01",null,null,"LAUR","Laurel","06302","Laurel","(DIST 02)","Laurel (DIST 02)","Laurel (DIST 02)","Laurel (DIST 01)",0.83740000000000003,0.24340000000000001,null,"Laurel (DIST 01)",0.83740000000000003,0.24340000000000001,null,null,null,null,null,null,null,null,null,"Lyon","(DIST 01)","Lyon (DIST 01)",null,"Lyon",null,"(270) 388-7271",null,"Marshall (DIST 05)","MARS05",0.98089999999999999,"MARS","Marshall","05","Marshall (DIST 05)",null,null,null,"Laurel (DIST 02)",0.83260000000000001]
[null,null,null,null,"07202","072","Lyon","02",null,null,"LAUR","Laurel","UNKNOWN","Laurel","(DIST UNKNOWN)"," (DIST UNKNOWN)"," (DIST UNKNOWN)","Laurel (DIST 02)",0.75839999999999996,0.24340000000000001,null,"Laurel (DIST 02)",0.75839999999999996,0.24340000000000001,null,null,null,null,null,null,null,null,null,"Lyon","(DIST 02)","Lyon (DIST 02)",null,"Lyon",null,"(270) 388-7271",null,"Marshall (DIST 06)","MARS06",0.9899,"MARS","Marshall","06","Marshall (DIST 06)",null,null,null,"Laurel (UNKNOWN)",{"$error":"#N/A"}]
[null,null,null,null,"07203","072","Lyon","03",null,null,"LAWR","Lawrence","06400","Lawrence","(DIST 00)","Lawrence (DIST 00)","Lawrence (DIST 00)","Laurel (UNKNOWN)",0.75839999999999996,0.24340000000000001,null,"Laurel (UNKNOWN)",0.75839999999999996,0.24340000000000001,null,null,null,null,null,null,null,null,null,"Lyon","(DIST 03)","Lyon (DIST 03)",null,"Lyon",null,"(270) 388-7271",null,"Marshall (DIST 07)","MARS07",0.96389999999999998,"MARS","Marshall","07","Marshall (DIST 07)",null,null,null,"Lawrence (DIST 00)",1.0609]
[null,null,null,null,"07204","072","Lyon","04",null,null,"LAWR","Lawrence","06401","Lawrence","(DIST 01)","Lawrence (DIST 01)","Lawrence (DIST 01)","Lawrence (DIST 00)",0.9887999999999999,0,null,"Lawrence (DIST 00)",0.9887999999999999,0,null,null,null,null,null,null,null,null,null,"Lyon","(DIST 04)","Lyon (DIST 04)",null,"Lyon",null,"(270) 388-7271",null,"Marshall (DIST 08)","MARS08",0.99590000000000001,"MARS","Marshall","08","Marshall (DIST 08)",null,null,null,"Lawrence (DIST 01)",1.0609]
[null,null,null,null,"07301","073","McCracken","01",null,null,"LAWR","Lawrence","06402","Lawrence","(DIST 02)","Lawrence (DIST 02)","Lawrence (DIST 02)","Lawrence (DIST 01)",0.9887999999999999,0,null,"Lawrence (DIST 01)",0.9887999999999999,0,null,null,null,null,null,null,null,null,null,"McCracken","(DIST 01)","McCracken (DIST 01)",null,"McCracken",null,"(270) 444-4712",null,"Marshall (DIST 09)","MARS09",1.3109,"MARS","Marshall","09","Marshall (DIST 09)",null,null,null,"Lawrence (DIST 02)",1.3008999999999999]
[null,null,null,null,"07302","073","McCracken","02",null,null,"LAWR","Lawrence","UNKNOWN","Lawrence","(DIST UNKNOWN)"," (DIST UNKNOWN)"," (DIST UNKNOWN)","Lawrence (DIST 02)",1.2267999999999999,0,null,"Lawrence (DIST 02)",1.2267999999999999,0,null,null,null,null,null,null,null,null,null,"McCracken","(DIST 02)","McCracken (DIST 02)",null,"McCracken",null,"(270) 444-4712",null,"Marshall (DIST 12)","MARS12",0.9958999999999999,"MARS","Marshall","12","Marshall (DIST 12)",null,null,null,"Lawrence (UNKNOWN)",{"$error":"#N/A"}]
[null,null,null,null,"07303","073","McCracken","03",null,null,"LEE","Lee ","06500","Lee ","(DIST 00)","Lee  (DIST 00)","Lee  (DIST 00)","Lawrence (UNKNOWN)",0.9887999999999999,0,null,"Lawrence (UNKNOWN)",0.9887999999999999,0,null,null,null,null,null,null,null,null,null,"McCracken","(DIST 03)","McCracken (DIST 03)",null,"McCracken",null,"(270) 444-4712",null,"Marshall (DIST 14)","MARS14",0.97589999999999999,"MARS","Marshall","14","Marshall (DIST 14)",null,null,null,"Lee  (DIST 00)",{"$error":"#N/A"}]
[null,null,null,null,"07304","073","McCracken","04",null,null,"LEE","Lee ","06501","Lee ","(DIST 01)","Lee  (DIST 01)","Lee  (DIST 01)","Lee  (DIST 00)",1.2525999999999999,0.14599999999999999,null,"Lee  (DIST 00)",1.2525999999999999,0.14599999999999999,null,null,null,null,null,null,null,null,null,"McCracken","(DIST 04)","McCracken (DIST 04)",null,"McCracken",null,"(270) 444-4712",null,"Marshall (DIST 15)","MARS15",0.99089999999999989,"MARS","Marshall","15","Marshall (DIST 15)",null,null,null,"Lee  (DIST 01)",{"$error":"#N/A"}]
[null,null,null,null,"07305","073","McCracken","05",null,null,"LEE","Lee ","UNKNOWN","Lee ","(DIST UNKNOWN)"," (DIST UNKNOWN)"," (DIST UNKNOWN)","Lee  (DIST 01)",1.5615999999999999,0.14599999999999999,null,"Lee  (DIST 01)",1.5615999999999999,0.14599999999999999,null,null,null,null,null,null,null,null,null,"McCracken","(DIST 05)","McCracken (DIST 05)",null,"McCracken",null,"(270) 444-4712",null,"Martin (DIST 00)","MART00",1.3254999999999999,"MART","Martin","00","Martin (DIST 00)",null,null,null,"Lee  (UNKNOWN)",{"$error":"#N/A"}]
[null,null,null,null,"07306","073","McCracken","06",null,null,"LESL","Leslie","06600","Leslie","(DIST 00)","Leslie (DIST 00)","Leslie (DIST 00)","Lee  (UNKNOWN)",1.2525999999999999,0.14599999999999999,null,"Lee  (UNKNOWN)",1.2525999999999999,0.14599999999999999,null,null,null,null,null,null,null,null,null,"McCracken","(DIST 06)","McCracken (DIST 06)",null,"McCracken",null,"(270) 444-4712",null,"Martin (DIST 01)","MART01",1.4175,"MART","Martin","01","Martin (DIST 01)",null,null,null,"Leslie (DIST 00)",1.2398]
[null,null,null,null,"07308","073","McCracken","08",null,null,"LESL","Leslie","06601","Leslie","(DIST 01)","Leslie (DIST 01)","Leslie (DIST 01)","Leslie (DIST 00)",1.232,0.17699999999999999,null,"Leslie (DIST 00)",1.232,0.17699999999999999,null,null,null,null,null,null,null,null,null,"McCracken","(DIST 08)","McCracken (DIST 08)",null,"McCracken",null,"(270) 444-4712",null,"Martin (DIST 02)","MART02",1.4235,"MART","Martin","02","Martin (DIST 02)",null,null,null,"Leslie (DIST 01)",1.2398]
[null,null,null,null,"07309","073","McCracken","09",null,null,"LESL","Leslie","UNKNOWN","Leslie","(DIST UNKNOWN)"," (DIST UNKNOWN)"," (DIST UNKNOWN)","Leslie (DIST 01)",1.232,0.17699999999999999,null,"Leslie (DIST 01)",1.232,0.17699999999999999,null,null,null,null,null,null,null,null,null,"McCracken","(DIST 09)","McCracken (DIST 09)",null,"McCracken",null,"(270) 444-4712",null,"Mason (DIST 01)","MASO01",0.96710000000000007,"MASO","Mason","01","Mason (DIST 01)",null,null,null,"Leslie (UNKNOWN)",{"$error":"#N/A"}]
[null,null,null,null,"07310","073","McCracken","10",null,null,"LETC","Letcher","06701","Letcher","(DIST 01)","Letcher (DIST 01)","Letcher (DIST 01)","Leslie (UNKNOWN)",1.232,0.17699999999999999,null,"Leslie (UNKNOWN)",1.232,0.17699999999999999,null,null,null,null,null,null,null,null,null,"McCracken","(DIST 10)","McCracken (DIST 10)",null,"McCracken",null,"(270) 444-4712",null,"Mason (DIST 02)","MASO02",1.1331,"MASO","Mason","02","Mason (DIST 02)",null,null,null,"Letcher (DIST 01)",1.4667999999999999]
[null,null,null,null,"07372","073","McCracken","72",null,null,"LETC","Letcher","06702","Letcher","(DIST 02)","Letcher (DIST 02)","Letcher (DIST 02)","Letcher (DIST 01)",1.4222999999999999,0.1799,null,"Letcher (DIST 01)",1.4222999999999999,0.1799,null,null,null,null,null,null,null,null,null,"McCracken","(DIST 72)","McCracken (DIST 72)",null,"McCracken",null,"(270) 444-4712",null,"Mason (DIST 03)","MASO03",0.96710000000000007,"MASO","Mason","03","Mason (DIST 03)",null,null,null,"Letcher (DIST 02)",1.8068]
[null,null,null,null,"07375","073","McCracken","75",null,null,"LETC","Letcher","06703","Letcher","(DIST 03)","Letcher (DIST 03)","Letcher (DIST 03)","Letcher (DIST 02)",1.7623,0.1799,null,"Letcher (DIST 02)",1.7623,0.1799,null,null,null,null,null,null,null,null,null,"McCracken","(DIST 75)","McCracken (DIST 75)",null,"McCracken",null,"(270) 444-4712",null,"McCracken (DIST 01)","MCCK01",0.94040000000000012,"MCCK","McCracken","01","McCracken (DIST 01)",null,null,null,"Letcher (DIST 03)",1.9716999999999998]
[null,null,null,null,"07376","073","McCracken","76",null,null,"LETC","Letcher","06704","Letcher","(DIST 04)","Letcher (DIST 04)","Letcher (DIST 04)","Letcher (DIST 03)",1.9272,0.1799,null,"Letcher (DIST 03)",1.9272,0.1799,null,null,null,null,null,null,null,null,null,"McCracken","(DIST 76)","McCracken (DIST 76)",null,"McCracken",null,"(270) 444-4712",null,"McCracken (DIST 02)","MCCK02",1.0114000000000001,"MCCK","McCracken","02","McCracken (DIST 02)",null,null,null,"Letcher (DIST 04)",1.9167999999999998]
[null,null,null,null,"07378","073","McCracken","78",null,null,"LETC","Letcher","06705","Letcher","(DIST 05)","Letcher (DIST 05)","Letcher (DIST 05)","Letcher (DIST 04)",1.8722999999999999,0.1799,null,"Letcher (DIST 04)",1.8722999999999999,0.1799,null,null,null,null,null,null,null,null,null,"McCracken","(DIST 78)","McCracken (DIST 78)",null,"McCracken",null,"(270) 444-4712",null,"McCracken (DIST 03)","MCCK03",1.0159,"MCCK","McCracken","03","McCracken (DIST 03)",null,null,null,"Letcher (DIST 05)",1.6217999999999999]
[null,null,null,null,"07379","073","McCracken","79",null,null,"LETC","Letcher","06706","Letcher","(DIST 06)","Letcher (DIST 06)","Letcher (DIST 06)","Letcher (DIST 05)",1.5772999999999999,0.1799,null,"Letcher (DIST 05)",1.5772999999999999,0.1799,null,null,null,null,null,null,null,null,null,"McCracken","(DIST 79)","McCracken (DIST 79)",null,"McCracken",null,"(270) 444-4712",null,"McCracken (DIST 04)","MCCK04",1.0094000000000001,"MCCK","McCracken","04","McCracken (DIST 04)",null,null,null,"Letcher (DIST 06)",1.4667999999999999]
[null,null,null,null,"07388","073","McCracken","88",null,null,"LETC","Letcher","UNKNOWN","Letcher","(DIST UNKNOWN)"," (DIST UNKNOWN)"," (DIST UNKNOWN)","Letcher (DIST 06)",1.4222999999999999,0.1799,null,"Letcher (DIST 06)",1.4222999999999999,0.1799,null,null,null,null,null,null,null,null,null,"McCracken","(DIST 88)","McCracken (DIST 88)",null,"McCracken",null,"(270) 444-4712",null,"McCracken (DIST 05)","MCCK05",1.0154000000000001,"MCCK","McCracken","05","McCracken (DIST 05)",null,null,null,"Letcher (UNKNOWN)",{"$error":"#N/A"}]
[null,null,null,null,"07390","073","McCracken","90",null,null,"LEWI","Lewis","06800","Lewis","(DIST 00)","Lewis (DIST 00)","Lewis (DIST 00)","Letcher (UNKNOWN)",1.4222999999999999,0.1799,null,"Letcher (UNKNOWN)",1.4222999999999999,0.1799,null,null,null,null,null,null,null,null,null,"McCracken","(DIST 90)","McCracken (DIST 90)",null,"McCracken",null,"(270) 444-4712",null,"McCracken (DIST 06)","MCCK06",0.99239999999999995,"MCCK","McCracken","06","McCracken (DIST 06)",null,null,null,"Lewis (DIST 00)",0.90620000000000001]
[null,null,null,null,"07401","074","McCreary","01",null,null,"LEWI","Lewis","06801","Lewis","(DIST 01)","Lewis (DIST 01)","Lewis (DIST 01)","Lewis (DIST 00)",0.98830000000000007,0.31059999999999999,null,"Lewis (DIST 00)",0.98830000000000007,0.31059999999999999,null,null,null,null,null,null,null,null,null,"McCreary","(DIST 01)","McCreary (DIST 01)",null,"McCreary",null,"(606) 376-2514",null,"McCracken (DIST 07)","MCCK07",0.99239999999999995,"MCCK","McCracken","07","McCracken (DIST 07)",null,null,null,"Lewis (DIST 01)",1.0462]
[null,null,null,null,"07402","074","McCreary","02",null,null,"LEWI","Lewis","06802","Lewis","(DIST 02)","Lewis (DIST 02)","Lewis (DIST 02)","Lewis (DIST 01)",1.1283000000000003,0.21060000000000001,null,"Lewis (DIST 01)",1.1283000000000003,0.21060000000000001,null,null,null,null,null,null,null,null,null,"McCreary","(DIST 02)","McCreary (DIST 02)",null,"McCreary",null,"(606) 376-2514",null,"McCracken (DIST 08)","MCCK08",1.6564000000000001,"MCCK","McCracken","08","McCracken (DIST 08)",null,null,null,"Lewis (DIST 02)",1.0062]
[null,null,null,null,"07403","074","McCreary","03",null,null,"LEWI","Lewis","06803","Lewis","(DIST 03)","Lewis (DIST 03)","Lewis (DIST 03)","Lewis (DIST 02)",1.0883,0.31059999999999999,null,"Lewis (DIST 02)",1.0883,0.31059999999999999,null,null,null,null,null,null,null,null,null,"McCreary","(DIST 03)","McCreary (DIST 03)",null,"McCreary",null,"(606) 376-2514",null,"McCracken (DIST 09)","MCCK09",1.3304,"MCCK","McCracken","09","McCracken (DIST 09)",null,null,null,"Lewis (DIST 03)",1.0062]
[null,null,null,null,"07404","074","McCreary","04",null,null,"LEWI","Lewis","06804","Lewis","(DIST 04)","Lewis (DIST 04)","Lewis (DIST 04)","Lewis (DIST 03)",1.0883,0.21060000000000001,null,"Lewis (DIST 03)",1.0883,0.21060000000000001,null,null,null,null,null,null,null,null,null,"McCreary","(DIST 04)","McCreary (DIST 04)",null,"McCreary",null,"(606) 376-2514",null,"McCracken (DIST 10)","MCCK10",0.98340000000000005,"MCCK","McCracken","10","McCracken (DIST 10)",null,null,null,"Lewis (DIST 04)",1.0062]
[null,null,null,null,"07405","074","McCreary","05",null,null,"LEWI","Lewis","06805","Lewis","(DIST 05)","Lewis (DIST 05)","Lewis (DIST 05)","Lewis (DIST 04)",1.0883,0.41060000000000002,null,"Lewis (DIST 04)",1.0883,0.41060000000000002,null,null,null,null,null,null,null,null,null,"McCreary","(DIST 05)","McCreary (DIST 05)",null,"McCreary",null,"(606) 376-2514",null,"McCreary (DIST 00)","MCCR00",0.76350000000000007,"MCCR","McCreary","00","McCreary (DIST 00)",null,null,null,"Lewis (DIST 05)",1.0062]
[null,null,null,null,"07500","075","McLean","00",null,null,"LEWI","Lewis","06806","Lewis","(DIST 06)","Lewis (DIST 06)","Lewis (DIST 06)","Lewis (DIST 05)",1.0883,0.31059999999999999,null,"Lewis (DIST 05)",1.0883,0.31059999999999999,null,null,null,null,null,null,null,null,null,"McLean","(DIST 00)","McLean (DIST 00)",null,"McLean",null,"(270) 273-3291",null,"McCreary (DIST 01)","MCCR01",0.86350000000000005,"MCCR","McCreary","01","McCreary (DIST 01)",null,null,null,"Lewis (DIST 06)",1.0062]
[null,null,null,null,"07501","075","McLean","01",null,null,"LEWI","Lewis","06807","Lewis","(DIST 07)","Lewis (DIST 07)","Lewis (DIST 07)","Lewis (DIST 06)",1.0883,0.31059999999999999,null,"Lewis (DIST 06)",1.0883,0.31059999999999999,null,null,null,null,null,null,null,null,null,"McLean","(DIST 01)","McLean (DIST 01)",null,"McLean",null,"(270) 273-3291",null,"McCreary (DIST 02)","MCCR02",0.86350000000000005,"MCCR","McCreary","02","McCreary (DIST 02)",null,null,null,"Lewis (DIST 07)",1.0062]
[null,null,null,null,"07502","075","McLean","02",null,null,"LEWI","Lewis","06808","Lewis","(DIST 08)","Lewis (DIST 08)","Lewis (DIST 08)","Lewis (DIST 07)",1.0883,0.31059999999999999,null,"Lewis (DIST 07)",1.0883,0.31059999999999999,null,null,null,null,null,null,null,null,null,"McLean","(DIST 02)","McLean (DIST 02)",null,"McLean",null,"(270) 273-3291",null,"McCreary (DIST 03)","MCCR03",0.86350000000000005,"MCCR","McCreary","03","McCreary (DIST 03)",null,null,null,"Lewis (DIST 08)",1.0062]
[null,null,null,null,"07503","075","McLean","03",null,null,"LEWI","Lewis","UNKNOWN","Lewis","(DIST UNKNOWN)"," (DIST UNKNOWN)"," (DIST UNKNOWN)","Lewis (DIST 08)",1.0883,0.31059999999999999,null,"Lewis (DIST 08)",1.0883,0.31059999999999999,null,null,null,null,null,null,null,null,null,"McLean","(DIST 03)","McLean (DIST 03)",null,"McLean",null,"(270) 273-3291",null,"McCreary (DIST 04)","MCCR04",0.86350000000000005,"MCCR","McCreary","04","McCreary (DIST 04)",null,null,null,"Lewis (UNKNOWN)",{"$error":"#N/A"}]
[null,null,null,null,"07504","075","McLean","04",null,null,"LINC","Lincoln","06900","Lincoln","(DIST 00)","Lincoln (DIST 00)","Lincoln (DIST 00)","Lewis (UNKNOWN)",0.98830000000000007,0.21060000000000001,null,"Lewis (UNKNOWN)",0.98830000000000007,0.21060000000000001,null,null,null,null,null,null,null,null,null,"McLean","(DIST 04)","McLean (DIST 04)",null,"McLean",null,"(270) 273-3291",null,"McCreary (DIST 05)","MCCR05",0.86350000000000005,"MCCR","McCreary","05","McCreary (DIST 05)",null,null,null,"Lincoln (DIST 00)",0.96890000000000009]
[null,null,null,null,"07601","076","Madison","01",null,null,"LINC","Lincoln","06902","Lincoln","(DIST 02)","Lincoln (DIST 02)","Lincoln (DIST 02)","Lincoln (DIST 00)",0.97770000000000001,8.48E-2,null,"Lincoln (DIST 00)",0.97770000000000001,8.48E-2,null,null,null,null,null,null,null,null,null,"Madison","(DIST 01)","Madison (DIST 01)",null,"Madison",null,"(859) 623-5410",null,"McLean (DIST 00)","MCLE00",0.97919999999999996,"MCLE","McLean","00","McLean (DIST 00)",null,null,null,"Lincoln (DIST 02)",1.0209000000000001]
[null,null,null,null,"07602","076","Madison","02",null,null,"LINC","Lincoln","06903","Lincoln","(DIST 03)","Lincoln (DIST 03)","Lincoln (DIST 03)","Lincoln (DIST 01/DIST 02)",0.98569999999999991,8.48E-2,null,"Lincoln (DIST 01/DIST 02)",0.98569999999999991,8.48E-2,null,null,null,null,null,null,null,null,null,"Madison","(DIST 02)","Madison (DIST 02)",null,"Madison",null,"(859) 623-5410",null,"McLean (DIST 01)","MCLE01",1.157,"MCLE","McLean","01","McLean (DIST 01)",null,null,null,"Lincoln (DIST 03)",1.2409000000000001]
[null,null,null,null,"07603","076","Madison","03",null,null,"LINC","Lincoln","06904","Lincoln","(DIST 04)","Lincoln (DIST 04)","Lincoln (DIST 04)","Lincoln (DIST 03)",1.2497,8.48E-2,null,"Lincoln (DIST 03)",1.2497,8.48E-2,null,null,null,null,null,null,null,null,null,"Madison","(DIST 03)","Madison (DIST 03)",null,"Madison",null,"(859) 623-5410",null,"McLean (DIST 02)","MCLE02",1.3233999999999999,"MCLE","McLean","02","McLean (DIST 02)",null,null,null,"Lincoln (DIST 04)",1.0269000000000001]
[null,null,null,null,"07606","076","Madison","06",null,null,"LINC","Lincoln","06905","Lincoln","(DIST 05)","Lincoln (DIST 05)","Lincoln (DIST 05)","Lincoln (DIST 04)",1.0397000000000001,8.48E-2,null,"Lincoln (DIST 04)",1.0397000000000001,8.48E-2,null,null,null,null,null,null,null,null,null,"Madison","(DIST 06)","Madison (DIST 06)",null,"Madison",null,"(859) 623-5410",null,"McLean (DIST 03)","MCLE03",1.3351,"MCLE","McLean","03","McLean (DIST 03)",null,null,null,"Lincoln (DIST 05)",1.1029]
[null,null,null,null,"07700","077","Magoffin","00",null,null,"LINC","Lincoln","UNKNOWN","Lincoln","(DIST UNKNOWN)"," (DIST UNKNOWN)"," (DIST UNKNOWN)","Lincoln (DIST 05)",1.1116999999999999,8.48E-2,null,"Lincoln (DIST 05)",1.1116999999999999,8.48E-2,null,null,null,null,null,null,null,null,null,"Magoffin","(DIST 00)","Magoffin (DIST 00)",null,"Magoffin",null,"(606) 349-6198",null,"McLean (DIST 04)","MCLE04",1.4521999999999999,"MCLE","McLean","04","McLean (DIST 04)",null,null,null,"Lincoln (UNKNOWN)",{"$error":"#N/A"}]
[null,null,null,null,"07701","077","Magoffin","01",null,null,"LIVI","Livingston","07001","Livingston","(DIST 01)","Livingston (DIST 01)","Livingston (DIST 01)","Lincoln (UNKNOWN)",0.97770000000000001,8.48E-2,null,"Lincoln (UNKNOWN)",0.97770000000000001,8.48E-2,null,null,null,null,null,null,null,null,null,"Magoffin","(DIST 01)","Magoffin (DIST 01)",null,"Magoffin",null,"(606) 349-6198",null,"Meade (DIST 00)","MEAD00",1.2126999999999999,"MEAD","Meade","00","Meade (DIST 00)",null,null,null,"Livingston (DIST 01)",0.72050000000000003]
[null,null,null,null,"07800","078","Marion","00",null,null,"LIVI","Livingston","07002","Livingston","(DIST 02)","Livingston (DIST 02)","Livingston (DIST 02)","Livingston (DIST 01)",0.76829999999999998,9.9500000000000005E-2,null,"Livingston (DIST 01)",0.76829999999999998,9.9500000000000005E-2,null,null,null,null,null,null,null,null,null,"Marion","(DIST 00)","Marion (DIST 00)",null,"Marion",null,"(270) 692-3401",null,"Meade (DIST 01)","MEAD01",1.7420999999999998,"MEAD","Meade","01","Meade (DIST 01)",null,null,null,"Livingston (DIST 02)",0.82050000000000001]
[null,null,null,null,"07801","078","Marion","01",null,null,"LIVI","Livingston","07003","Livingston","(DIST 03)","Livingston (DIST 03)","Livingston (DIST 03)","Livingston (DIST 02)",0.85430000000000006,0.19950000000000001,null,"Livingston (DIST 02)",0.85430000000000006,0.19950000000000001,null,null,null,null,null,null,null,null,null,"Marion","(DIST 01)","Marion (DIST 01)",null,"Marion",null,"(270) 692-3401",null,"Meade (DIST 02)","MEAD02",1.4237,"MEAD","Meade","02","Meade (DIST 02)",null,null,null,"Livingston (DIST 03)",0.82050000000000001]
[null,null,null,null,"07802","078","Marion","02",null,null,"LIVI","Livingston","07004","Livingston","(DIST 04)","Livingston (DIST 04)","Livingston (DIST 04)","Livingston (DIST 03)",0.86830000000000007,0.24629999999999999,null,"Livingston (DIST 03)",0.86830000000000007,0.24629999999999999,null,null,null,null,null,null,null,null,null,"Marion","(DIST 02)","Marion (DIST 02)",null,"Marion",null,"(270) 692-3401",null,"Meade (DIST 03)","MEAD03",1.4626999999999999,"MEAD","Meade","03","Meade (DIST 03)",null,null,null,"Livingston (DIST 04)",1.0455000000000001]
[null,null,null,null,"07901","079","Marshall","01",null,null,"LIVI","Livingston","07005","Livingston","(DIST 05)","Livingston (DIST 05)","Livingston (DIST 05)","Livingston (DIST 04)",1.1012999999999999,9.9500000000000005E-2,null,"Livingston (DIST 04)",1.1012999999999999,9.9500000000000005E-2,null,null,null,null,null,null,null,null,null,"Marshall","(DIST 01)","Marshall (DIST 01)",null,"Marshall",null,"(270) 527-4728",null,"Meade (DIST 04)","MEAD04",1.2276999999999998,"MEAD","Meade","04","Meade (DIST 04)",null,null,null,"Livingston (DIST 05)",1.4081000000000001]
[null,null,null,null,"07902","079","Marshall","02",null,null,"LIVI","Livingston","07006","Livingston","(DIST 06)","Livingston (DIST 06)","Livingston (DIST 06)","Livingston (DIST 05)",1.3388,0.19950000000000001,null,"Livingston (DIST 05)",1.3388,0.19950000000000001,null,null,null,null,null,null,null,null,null,"Marshall","(DIST 02)","Marshall (DIST 02)",null,"Marshall",null,"(270) 527-4728",null,"Meade (DIST 05)","MEAD05",1.2376999999999998,"MEAD","Meade","05","Meade (DIST 05)",null,null,null,"Livingston (DIST 06)",1.0155000000000001]
[null,null,null,null,"07904","079","Marshall","04",null,null,"LIVI","Livingston","07007","Livingston","(DIST 07)","Livingston (DIST 07)","Livingston (DIST 07)","Livingston (DIST 06)",1.0683,9.9500000000000005E-2,null,"Livingston (DIST 06)",1.0683,9.9500000000000005E-2,null,null,null,null,null,null,null,null,null,"Marshall","(DIST 04)","Marshall (DIST 04)",null,"Marshall",null,"(270) 527-4728",null,"Meade (DIST 06)","MEAD06",1.2927,"MEAD","Meade","06","Meade (DIST 06)",null,null,null,"Livingston (DIST 07)",0.82050000000000001]
[null,null,null,null,"07905","079","Marshall","05",null,null,"LIVI","Livingston","07008","Livingston","(DIST 08)","Livingston (DIST 08)","Livingston (DIST 08)","Livingston (DIST 07)",0.86829999999999996,0.24629999999999999,null,"Livingston (DIST 07)",0.86829999999999996,0.24629999999999999,null,null,null,null,null,null,null,null,null,"Marshall","(DIST 05)","Marshall (DIST 05)",null,"Marshall",null,"(270) 527-4728",null,"Meade (DIST 07)","MEAD07",1.3127,"MEAD","Meade","07","Meade (DIST 07)",null,null,null,"Livingston (DIST 08)",{"$f":"VLOOKUP(AZ516,AP$3:AR$691,3,FALSE)","v":0.72050000000000003}]
[null,null,null,null,"07906","079","Marshall","06",null,null,"LIVI","Livingston","UNKNOWN","Livingston","(DIST UNKNOWN)"," (DIST UNKNOWN)"," (DIST UNKNOWN)","Livingston (DIST 08)",0.76829999999999998,9.9500000000000005E-2,null,"Livingston (DIST 08)",0.76829999999999998,9.9500000000000005E-2,null,null,null,null,null,null,null,null,null,"Marshall","(DIST 06)","Marshall (DIST 06)",null,"Marshall",null,"(270) 527-4728",null,"Meade (DIST 08)","MEAD08",1.3127000000000002,"MEAD","Meade","08","Meade (DIST 08)",null,null,null,"Livingston (UNKNOWN)",{"$error":"#N/A"}]
[null,null,null,null,"07907","079","Marshall","07",null,null,"LOGA","Logan","07101","Logan","(DIST 01)","Logan (DIST 01)","Logan (DIST 01)","Livingston (UNKNOWN)",0.76829999999999998,9.9500000000000005E-2,null,"Livingston (UNKNOWN)",0.76829999999999998,9.9500000000000005E-2,null,null,null,null,null,null,null,null,null,"Marshall","(DIST 07)","Marshall (DIST 07)",null,"Marshall",null,"(270) 527-4728",null,"Menifee (DIST 00)","MENI00",1.1659000000000002,"MENI","Menifee","00","Menifee (DIST 00)",null,null,null,"Logan (DIST 01)",0.88640000000000008]
[null,null,null,null,"07908","079","Marshall","08",null,null,"LOGA","Logan","07102","Logan","(DIST 02)","Logan (DIST 02)","Logan (DIST 02)","Logan (DIST 01)",0.84400000000000008,0.20699999999999999,null,"Logan (DIST 01)",0.84400000000000008,0.20699999999999999,null,null,null,null,null,null,null,null,null,"Marshall","(DIST 08)","Marshall (DIST 08)",null,"Marshall",null,"(270) 527-4728",null,"Menifee (DIST 01)","MENI01",1.1496999999999999,"MENI","Menifee","01","Menifee (DIST 01)",null,null,null,"Logan (DIST 02)",1.6144000000000001]
[null,null,null,null,"07909","079","Marshall","09",null,null,"LOGA","Logan","07103","Logan","(DIST 03)","Logan (DIST 03)","Logan (DIST 03)","Logan (DIST 02)",1.524,0.20699999999999999,null,"Logan (DIST 02)",1.524,0.20699999999999999,null,null,null,null,null,null,null,null,null,"Marshall","(DIST 09)","Marshall (DIST 09)",null,"Marshall",null,"(270) 527-4728",null,"Mercer (DIST 01)","MERC01",1.1797,"MERC","Mercer","01","Mercer (DIST 01)",null,null,null,"Logan (DIST 03)",1.2154]
[null,null,null,null,"07912","079","Marshall","12",null,null,"LOGA","Logan","07104","Logan","(DIST 04)","Logan (DIST 04)","Logan (DIST 04)","Logan (DIST 03)",1.173,0.20699999999999999,null,"Logan (DIST 03)",1.173,0.20699999999999999,null,null,null,null,null,null,null,null,null,"Marshall","(DIST 12)","Marshall (DIST 12)",null,"Marshall",null,"(270) 527-4728",null,"Mercer (DIST 02)","MERC02",1.1844000000000001,"MERC","Mercer","02","Mercer (DIST 02)",null,null,null,"Logan (DIST 04)",1.2864]
[null,null,null,null,"07914","079","Marshall","14",null,null,"LOGA","Logan","07105","Logan","(DIST 05)","Logan (DIST 05)","Logan (DIST 05)","Logan (DIST 04)",1.2510000000000001,0.20699999999999999,null,"Logan (DIST 04)",1.2510000000000001,0.20699999999999999,null,null,null,null,null,null,null,null,null,"Marshall","(DIST 14)","Marshall (DIST 14)",null,"Marshall",null,"(270) 527-4728",null,"Mercer (DIST 03)","MERC03",1.3485000000000003,"MERC","Mercer","03","Mercer (DIST 03)",null,null,null,"Logan (DIST 05)",1.1764000000000001]
[null,null,null,null,"07915","079","Marshall","15",null,null,"LOGA","Logan","07106","Logan","(DIST 06)","Logan (DIST 06)","Logan (DIST 06)","Logan (DIST 05)",1.1080000000000001,0.20699999999999999,null,"Logan (DIST 05)",1.1080000000000001,0.20699999999999999,null,null,null,null,null,null,null,null,null,"Marshall","(DIST 15)","Marshall (DIST 15)",null,"Marshall",null,"(270) 527-4728",null,"Mercer (DIST 04)","MERC04",1.2547000000000001,"MERC","Mercer","04","Mercer (DIST 04)",null,null,null,"Logan (DIST 06)",1.3774000000000002]
[null,null,null,null,"07975","079","Marshall","75",null,null,"LOGA","Logan","07107","Logan","(DIST 07)","Logan (DIST 07)","Logan (DIST 07)","Logan (DIST 06)",1.2830000000000001,0.20699999999999999,null,"Logan (DIST 06)",1.2830000000000001,0.20699999999999999,null,null,null,null,null,null,null,null,null,"Marshall","(DIST 75)","Marshall (DIST 75)",null,"Marshall",null,"(270) 527-4728",null,"Mercer (DIST 06)","MERC06",1.1844000000000001,"MERC","Mercer","06","Mercer (DIST 06)",null,null,null,"Logan (DIST 07)",1.2854000000000001]
[null,null,null,null,"07976","079","Marshall","76",null,null,"LOGA","Logan","UNKNOWN","Logan","(DIST UNKNOWN)"," (DIST UNKNOWN)"," (DIST UNKNOWN)","Logan (DIST 07)",1.1950000000000001,0.20699999999999999,null,"Logan (DIST 07)",1.1950000000000001,0.20699999999999999,null,null,null,null,null,null,null,null,null,"Marshall","(DIST 76)","Marshall (DIST 76)",null,"Marshall",null,"(270) 527-4728",null,"Metcalfe (DIST 00)","METC00",0.91,"METC","Metcalfe","00","Metcalfe (DIST 00)",null,null,null,"Logan (UNKNOWN)",{"$error":"#N/A"}]
[null,null,null,null,"08000","080","Martin","00",null,null,"LYON","Lyon","07200","Lyon","(DIST 00)","Lyon (DIST 00)","Lyon (DIST 00)","Logan (UNKNOWN)",0.84399999999999997,0.20699999999999999,null,"Logan (UNKNOWN)",0.84399999999999997,0.20699999999999999,null,null,null,null,null,null,null,null,null,"Martin","(DIST 00)","Martin (DIST 00)",null,"Martin",null,"(606) 298-2807",null,"Metcalfe (DIST 01)","METC01",0.99399999999999999,"METC","Metcalfe","01","Metcalfe (DIST 01)",null,null,null,"Lyon (DIST 00)",0.82440000000000002]
[null,null,null,null,"08001","080","Martin","01",null,null,"LYON","Lyon","07201","Lyon","(DIST 01)","Lyon (DIST 01)","Lyon (DIST 01)","Lyon (DIST 00)",0.83260000000000001,0.2054,null,"Lyon (DIST 00)",0.83260000000000001,0.2054,null,null,null,null,null,null,null,null,null,"Martin","(DIST 01)","Martin (DIST 01)",null,"Martin",null,"(606) 298-2807",null,"Monroe (DIST 00)","MONR00",0.90710000000000013,"MONR","Monroe","00","Monroe (DIST 00)",null,null,null,"Lyon (DIST 01)",1.1166]
[null,null,null,null,"08002","080","Martin","02",null,null,"LYON","Lyon","07202","Lyon","(DIST 02)","Lyon (DIST 02)","Lyon (DIST 02)","Lyon (DIST 01)",1.0362,0.21360000000000001,null,"Lyon (DIST 01)",1.0362,0.21360000000000001,null,null,null,null,null,null,null,null,null,"Martin","(DIST 02)","Martin (DIST 02)",null,"Martin",null,"(606) 298-2807",null,"Monroe (DIST 01)","MONR01",1.2862,"MONR","Monroe","01","Monroe (DIST 01)",null,null,null,"Lyon (DIST 02)",1.1496]
[null,null,null,null,"08101","081","Mason","01",null,null,"LYON","Lyon","07203","Lyon","(DIST 03)","Lyon (DIST 03)","Lyon (DIST 03)","Lyon (DIST 02)",1.5163,0.2054,null,"Lyon (DIST 02)",1.5163,0.2054,null,null,null,null,null,null,null,null,null,"Mason","(DIST 01)","Mason (DIST 01)",null,"Mason",null,"(606) 564-3700",null,"Monroe (DIST 02)","MONR02",1.2011000000000001,"MONR","Monroe","02","Monroe (DIST 02)",null,null,null,"Lyon (DIST 03)",0.8972]
[null,null,null,null,"08102","081","Mason","02",null,null,"LYON","Lyon","07204","Lyon","(DIST 04)","Lyon (DIST 04)","Lyon (DIST 04)","Lyon (DIST 03)",0.88859999999999995,0.2782,null,"Lyon (DIST 03)",0.88859999999999995,0.2782,null,null,null,null,null,null,null,null,null,"Mason","(DIST 02)","Mason (DIST 02)",null,"Mason",null,"(606) 564-3700",null,"Monroe (DIST 03)","MONR03",1.1100000000000001,"MONR","Monroe","03","Monroe (DIST 03)",null,null,null,"Lyon (DIST 04)",0.89180000000000004]
[null,null,null,null,"08200","082","Meade","00",null,null,"LYON","Lyon","07205","Lyon","(DIST 05)","Lyon (DIST 05)","Lyon (DIST 05)","Lyon (DIST 04)",0.92510000000000003,0.30609999999999998,null,"Lyon (DIST 04)",0.92510000000000003,0.30609999999999998,null,null,null,null,null,null,null,null,null,"Meade","(DIST 00)","Meade (DIST 00)",null,"Meade",null,"(270) 422-2178",null,"Montgomery (DIST 00)","MONT00",1.0533000000000001,"MONT","Montgomery","00","Montgomery (DIST 00)",null,null,null,"Lyon (DIST 05)",1.2169999999999999]
[null,null,null,null,"08201","082","Meade","01",null,null,"LYON","Lyon","UNKNOWN","Lyon","(DIST UNKNOWN)"," (DIST UNKNOWN)"," (DIST UNKNOWN)","Lyon (DIST 05)",1.6088,0.27279999999999999,null,"Lyon (DIST 05)",1.6088,0.27279999999999999,null,null,null,null,null,null,null,null,null,"Meade","(DIST 01)","Meade (DIST 01)",null,"Meade",null,"(270) 422-2178",null,"Montgomery (DIST 01)","MONT01",1.2593000000000001,"MONT","Montgomery","01","Montgomery (DIST 01)",null,null,null,"Lyon (UNKNOWN)",{"$error":"#N/A"}]
[null,null,null,null,"08202","082","Meade","02",null,null,"MADI","Madison","07601","Madison","(DIST 01)","Madison (DIST 01)","Madison (DIST 01)","Lyon (UNKNOWN)",0.83260000000000001,0.2054,null,"Lyon (UNKNOWN)",0.83260000000000001,0.2054,null,null,null,null,null,null,null,null,null,"Meade","(DIST 02)","Meade (DIST 02)",null,"Meade",null,"(270) 422-2178",null,"Morgan (DIST 00)","MORG00",1.2002999999999999,"MORG","Morgan","00","Morgan (DIST 00)",null,null,null,"Madison (DIST 01)",0.95040000000000002]
[null,null,null,null,"08203","082","Meade","03",null,null,"MADI","Madison","07602","Madison","(DIST 02)","Madison (DIST 02)","Madison (DIST 02)","Madison (DIST 01)",0.90529999999999999,0.161,null,"Madison (DIST 01)",0.90529999999999999,0.161,null,null,null,null,null,null,null,null,null,"Meade","(DIST 03)","Meade (DIST 03)",null,"Meade",null,"(270) 422-2178",null,"Morgan (DIST 01)","MORG01",1.3873,"MORG","Morgan","01","Morgan (DIST 01)",null,null,null,"Madison (DIST 02)",1.1133999999999999]
[null,null,null,null,"08204","082","Meade","04",null,null,"MADI","Madison","07603","Madison","(DIST 03)","Madison (DIST 03)","Madison (DIST 03)","Madison (DIST 02)",1.0716000000000001,0.161,null,"Madison (DIST 02)",1.0716000000000001,0.161,null,null,null,null,null,null,null,null,null,"Meade","(DIST 04)","Meade (DIST 04)",null,"Meade",null,"(270) 422-2178",null,"Muhlenberg (DIST 00)","MUHL00",0.91839999999999999,"MUHL","Muhlenberg","00","Muhlenberg (DIST 00)",null,null,null,"Madison (DIST 03)",1.0494000000000001]
[null,null,null,null,"08205","082","Meade","05",null,null,"MADI","Madison","07604","Madison","(DIST 04)","Madison (DIST 04)","Madison (DIST 04)","Madison (DIST 03)",1.0003,0.161,null,"Madison (DIST 03)",1.0003,0.161,null,null,null,null,null,null,null,null,null,"Meade","(DIST 05)","Meade (DIST 05)",null,"Meade",null,"(270) 422-2178",null,"Muhlenberg (DIST 01)","MUHL01",1.3042,"MUHL","Muhlenberg","01","Muhlenberg (DIST 01)",null,null,null,"Madison (DIST 04)",1.1133999999999999]
[null,null,null,null,"08206","082","Meade","06",null,null,"MADI","Madison","07606","Madison","(DIST 06)","Madison (DIST 06)","Madison (DIST 06)","Madison (DIST 04)",1.0716000000000001,0.161,null,"Madison (DIST 04)",1.0716000000000001,0.161,null,null,null,null,null,null,null,null,null,"Meade","(DIST 06)","Meade (DIST 06)",null,"Meade",null,"(270) 422-2178",null,"Muhlenberg (DIST 02)","MUHL02",1.1418000000000001,"MUHL","Muhlenberg","02","Muhlenberg (DIST 02)",null,null,null,"Madison (DIST 06)",1.3943999999999999]
[null,null,null,null,"08207","082","Meade","07",null,null,"MADI","Madison","UNKNOWN","Madison","(DIST UNKNOWN)"," (DIST UNKNOWN)"," (DIST UNKNOWN)","Madison (DIST 06)",1.3383,0.161,null,"Madison (DIST 06)",1.3383,0.161,null,null,null,null,null,null,null,null,null,"Meade","(DIST 07)","Meade (DIST 07)",null,"Meade",null,"(270) 422-2178",null,"Muhlenberg (DIST 03)","MUHL03",1.2394000000000001,"MUHL","Muhlenberg","03","Muhlenberg (DIST 03)",null,null,null,"Madison (UNKNOWN)",{"$error":"#N/A"}]
[null,null,null,null,"08208","082","Meade","08",null,null,"MAGO","Magoffin","07700","Magoffin","(DIST 00)","Magoffin (DIST 00)","Magoffin (DIST 00)","Madison (UNKNOWN)",0.90529999999999999,0.161,null,"Madison (UNKNOWN)",0.90529999999999999,0.161,null,null,null,null,null,null,null,null,null,"Meade","(DIST 08)","Meade (DIST 08)",null,"Meade",null,"(270) 422-2178",null,"Muhlenberg (DIST 04)","MUHL04",1.2806000000000002,"MUHL","Muhlenberg","04","Muhlenberg (DIST 04)",null,null,null,"Magoffin (DIST 00)",1.496]
[null,null,null,null,"08300","083","Menifee","00",null,null,"MAGO","Magoffin","07701","Magoffin","(DIST 01)","Magoffin (DIST 01)","Magoffin (DIST 01)","Magoffin (DIST 00)",1.4330000000000001,0.13700000000000001,null,"Magoffin (DIST 00)",1.4330000000000001,0.13700000000000001,null,null,null,null,null,null,null,null,null,"Menifee","(DIST 00)","Menifee (DIST 00)",null,"Menifee",null,"(606) 768-3514",null,"Nelson (DIST 01)","NELS01",0.95399999999999996,"NELS","Nelson","01","Nelson (DIST 01)",null,null,null,"Magoffin (DIST 01)",2.3260000000000001]
[null,null,null,null,"08301","083","Menifee","01",null,null,"MAGO","Magoffin","UNKNOWN","Magoffin","(DIST UNKNOWN)"," (DIST UNKNOWN)"," (DIST UNKNOWN)","Magoffin (DIST 01)",2.2629999999999999,0.13700000000000001,null,"Magoffin (DIST 01)",2.2629999999999999,0.13700000000000001,null,null,null,null,null,null,null,null,null,"Menifee","(DIST 01)","Menifee (DIST 01)",null,"Menifee",null,"(606) 768-3514",null,"Nelson (DIST 02)","NELS02",1.3239000000000001,"NELS","Nelson","02","Nelson (DIST 02)",null,null,null,"Magoffin (UNKNOWN)",{"$error":"#N/A"}]
[null,null,null,null,"083ND","083","Menifee","ND",null,null,"MARI","Marion","07800","Marion","(DIST 00)","Marion (DIST 00)","Marion (DIST 00)","Magoffin (UNKNOWN)",1.4330000000000001,0.13700000000000001,null,"Magoffin (UNKNOWN)",1.4330000000000001,0.13700000000000001,null,null,null,null,null,null,null,null,null,"Menifee","(DIST ND)","Menifee (DIST ND)",null,"Menifee",null,"(606) 768-3514",null,"Nelson (DIST 03)","NELS03",1.1319999999999999,"NELS","Nelson","03","Nelson (DIST 03)",null,null,null,"Marion (DIST 00)",0.83349999999999991]
[null,null,null,null,"08401","084","Mercer","01",null,null,"MARI","Marion","07801","Marion","(DIST 01)","Marion (DIST 01)","Marion (DIST 01)","Marion (DIST 00)",0.80999999999999994,0.113,null,"Marion (DIST 00)",0.80999999999999994,0.113,null,null,null,null,null,null,null,null,null,"Mercer","(DIST 01)","Mercer (DIST 01)",null,"Mercer",null,"(859) 734-6330",null,"Nelson (DIST 04)","NELS04",1.25,"NELS","Nelson","04","Nelson (DIST 04)",null,null,null,"Marion (DIST 01)",1.085]
[null,null,null,null,"08402","084","Mercer","02",null,null,"MARI","Marion","07802","Marion","(DIST 02)","Marion (DIST 02)","Marion (DIST 02)","Marion (DIST 01)",1.0192999999999999,0.113,null,"Marion (DIST 01)",1.0192999999999999,0.113,null,null,null,null,null,null,null,null,null,"Mercer","(DIST 02)","Mercer (DIST 02)",null,"Mercer",null,"(859) 734-6330",null,"Nelson (DIST 05)","NELS05",1.0720000000000001,"NELS","Nelson","05","Nelson (DIST 05)",null,null,null,"Marion (DIST 02)",0.95849999999999991]
[null,null,null,null,"08403","084","Mercer","03",null,null,"MARI","Marion","UNKNOWN","Marion","(DIST UNKNOWN)"," (DIST UNKNOWN)"," (DIST UNKNOWN)","Marion (DIST 02)",0.93499999999999994,0.113,null,"Marion (DIST 02)",0.93499999999999994,0.113,null,null,null,null,null,null,null,null,null,"Mercer","(DIST 03)","Mercer (DIST 03)",null,"Mercer",null,"(859) 734-6330",null,"Nelson (DIST 08)","NELS08",1.2862,"NELS","Nelson","08","Nelson (DIST 08)",null,null,null,"Marion (UNKNOWN)",{"$error":"#N/A"}]
[null,null,null,null,"08404","084","Mercer","04",null,null,"MARS","Marshall","07901","Marshall","(DIST 01)","Marshall (DIST 01)","Marshall (DIST 01)","Marion (UNKNOWN)",0.81,0.113,null,"Marion (UNKNOWN)",0.81,0.113,null,null,null,null,null,null,null,null,null,"Mercer","(DIST 04)","Mercer (DIST 04)",null,"Mercer",null,"(859) 734-6330",null,"Nelson (DIST 09)","NELS09",1.0840000000000001,"NELS","Nelson","09","Nelson (DIST 09)",null,null,null,"Marshall (DIST 01)",0.89589999999999992]
[null,null,null,null,"08500","085","Metcalfe","00",null,null,"MARS","Marshall","07902","Marshall","(DIST 02)","Marshall (DIST 02)","Marshall (DIST 02)","Marshall (DIST 01)",0.84000000000000008,0.32990000000000003,null,"Marshall (DIST 01)",0.84000000000000008,0.32990000000000003,null,null,null,null,null,null,null,null,null,"Metcalfe","(DIST 00)","Metcalfe (DIST 00)",null,"Metcalfe",null,"(270) 432-3162",null,"Nicholas (DIST 01)","NICH01",0.87919999999999998,"NICH","Nicholas","01","Nicholas (DIST 01)",null,null,null,"Marshall (DIST 02)",1.0684]
[null,null,null,null,"08501","085","Metcalfe","01",null,null,"MARS","Marshall","07904","Marshall","(DIST 04)","Marshall (DIST 04)","Marshall (DIST 04)","Marshall (DIST 02)",1.2623,0.222,null,"Marshall (DIST 02)",1.2623,0.222,null,null,null,null,null,null,null,null,null,"Metcalfe","(DIST 01)","Metcalfe (DIST 01)",null,"Metcalfe",null,"(270) 432-3162",null,"Nicholas (DIST 02)","NICH02",1.2702,"NICH","Nicholas","02","Nicholas (DIST 02)",null,null,null,"Marshall (DIST 04)",1.2418]
[null,null,null,null,"08600","086","Monroe","00",null,null,"MARS","Marshall","07905","Marshall","(DIST 05)","Marshall (DIST 05)","Marshall (DIST 05)","Marshall (DIST 04)",1.1786000000000001,0.29799999999999999,null,"Marshall (DIST 04)",1.1786000000000001,0.29799999999999999,null,null,null,null,null,null,null,null,null,"Monroe","(DIST 00)","Monroe (DIST 00)",null,"Monroe",null,"(270) 487-6401",null,"Ohio (DIST 00)","OHIO00",0.88949999999999996,"OHIO","Ohio","00","Ohio (DIST 00)",null,null,null,"Marshall (DIST 05)",0.98089999999999999]
[null,null,null,null,"08601","086","Monroe","01",null,null,"MARS","Marshall","07906","Marshall","(DIST 06)","Marshall (DIST 06)","Marshall (DIST 06)","Marshall (DIST 05)",0.92500000000000004,0.29799999999999999,null,"Marshall (DIST 05)",0.92500000000000004,0.29799999999999999,null,null,null,null,null,null,null,null,null,"Monroe","(DIST 01)","Monroe (DIST 01)",null,"Monroe",null,"(270) 487-6401",null,"Ohio (DIST 01)","OHIO01",1.2951999999999999,"OHIO","Ohio","01","Ohio (DIST 01)",null,null,null,"Marshall (DIST 06)",0.9899]
[null,null,null,null,"08602","086","Monroe","02",null,null,"MARS","Marshall","07907","Marshall","(DIST 07)","Marshall (DIST 07)","Marshall (DIST 07)","Marshall (DIST 06)",0.93400000000000005,0.39200000000000002,null,"Marshall (DIST 06)",0.93400000000000005,0.39200000000000002,null,null,null,null,null,null,null,null,null,"Monroe","(DIST 02)","Monroe (DIST 02)",null,"Monroe",null,"(270) 487-6401",null,"Ohio (DIST 02)","OHIO02",1.0994999999999999,"OHIO","Ohio","02","Ohio (DIST 02)",null,null,null,"Marshall (DIST 07)",0.96389999999999998]
[null,null,null,null,"08603","086","Monroe","03",null,null,"MARS","Marshall","07908","Marshall","(DIST 08)","Marshall (DIST 08)","Marshall (DIST 08)","Marshall (DIST 07)",0.90800000000000003,0.36599999999999999,null,"Marshall (DIST 07)",0.90800000000000003,0.36599999999999999,null,null,null,null,null,null,null,null,null,"Monroe","(DIST 03)","Monroe (DIST 03)",null,"Monroe",null,"(270) 487-6401",null,"Ohio (DIST 03)","OHIO03",1.0754999999999999,"OHIO","Ohio","03","Ohio (DIST 03)",null,null,null,"Marshall (DIST 08)",0.99590000000000001]
[null,null,null,null,"08700","087","Montgomery","00",null,null,"MARS","Marshall","07909","Marshall","(DIST 09)","Marshall (DIST 09)","Marshall (DIST 09)","Marshall (DIST 08)",0.94000000000000006,0.39800000000000002,null,"Marshall (DIST 08)",0.94000000000000006,0.39800000000000002,null,null,null,null,null,null,null,null,null,"Montgomery","(DIST 00)","Montgomery (DIST 00)",null,"Montgomery",null,"(859) 498-8710",null,"Ohio (DIST 04)","OHIO04",1.1819999999999999,"OHIO","Ohio","04","Ohio (DIST 04)",null,null,null,"Marshall (DIST 09)",1.3109]
[null,null,null,null,"08701","087","Montgomery","01",null,null,"MARS","Marshall","07912","Marshall","(DIST 12)","Marshall (DIST 12)","Marshall (DIST 12)","Marshall (DIST 09)",1.2099,0.4249,null,"Marshall (DIST 09)",1.2099,0.4249,null,null,null,null,null,null,null,null,null,"Montgomery","(DIST 01)","Montgomery (DIST 01)",null,"Montgomery",null,"(859) 498-8710",null,"Ohio (DIST 05)","OHIO05",1.0894999999999999,"OHIO","Ohio","05","Ohio (DIST 05)",null,null,null,"Marshall (DIST 12)",0.9958999999999999]
[null,null,null,null,"08730","087","Montgomery","30",null,null,"MARS","Marshall","07914","Marshall","(DIST 14)","Marshall (DIST 14)","Marshall (DIST 14)","Marshall (DIST 12)",0.94000000000000006,0.39800000000000002,null,"Marshall (DIST 12)",0.94000000000000006,0.39800000000000002,null,null,null,null,null,null,null,null,null,"Montgomery","(DIST 30)","Montgomery (DIST 30)",null,"Montgomery",null,"(859) 498-8710",null,"Ohio (DIST 06)","OHIO06",1.0394999999999999,"OHIO","Ohio","06","Ohio (DIST 06)",null,null,null,"Marshall (DIST 14)",0.97589999999999999]
[null,null,null,null,"08800","088","Morgan","00",null,null,"MARS","Marshall","07915","Marshall","(DIST 15)","Marshall (DIST 15)","Marshall (DIST 15)","Marshall (DIST 14)",0.9225000000000001,0.3805,null,"Marshall (DIST 14)",0.9225000000000001,0.3805,null,null,null,null,null,null,null,null,null,"Morgan","(DIST 00)","Morgan (DIST 00)",null,"Morgan",null,"(606) 743-3349",null,"Oldham (DIST 00)","OLDH00",1.0949,"OLDH","Oldham","00","Oldham (DIST 00)",null,null,null,"Marshall (DIST 15)",0.99089999999999989]
[null,null,null,null,"08801","088","Morgan","01",null,null,"MARS","Marshall","UNKNOWN","Marshall","(DIST UNKNOWN)"," (DIST UNKNOWN)"," (DIST UNKNOWN)","Marshall (DIST 15)",0.93500000000000005,0.39300000000000002,null,"Marshall (DIST 15)",0.93500000000000005,0.39300000000000002,null,null,null,null,null,null,null,null,null,"Morgan","(DIST 01)","Morgan (DIST 01)",null,"Morgan",null,"(606) 743-3349",null,"Oldham (DIST 01)","OLDH01",1.4599000000000002,"OLDH","Oldham","01","Oldham (DIST 01)",null,null,null,"Marshall (UNKNOWN)",{"$error":"#N/A"}]
[null,null,null,null,"08900","089","Muhlenberg","00",null,null,"MART","Martin","08000","Martin","(DIST 00)","Martin (DIST 00)","Martin (DIST 00)","Marshall (UNKNOWN)",0.84,0.222,null,"Marshall (UNKNOWN)",0.84,0.222,null,null,null,null,null,null,null,null,null,"Muhlenberg","(DIST 00)","Muhlenberg (DIST 00)",null,"Muhlenberg",null,"(270) 338-4664",null,"Oldham (DIST 02)","OLDH02",1.3388,"OLDH","Oldham","02","Oldham (DIST 02)",null,null,null,"Martin (DIST 00)",1.3254999999999999]
[null,null,null,null,"08901","089","Muhlenberg","01",null,null,"MART","Martin","08001","Martin","(DIST 01)","Martin (DIST 01)","Martin (DIST 01)","Martin (DIST 00)",1.383,0.04,null,"Martin (DIST 00)",1.383,0.04,null,null,null,null,null,null,null,null,null,"Muhlenberg","(DIST 01)","Muhlenberg (DIST 01)",null,"Muhlenberg",null,"(270) 338-4664",null,"Oldham (DIST 03)","OLDH03",1.2548999999999999,"OLDH","Oldham","03","Oldham (DIST 03)",null,null,null,"Martin (DIST 01)",1.4175]
[null,null,null,null,"08902","089","Muhlenberg","02",null,null,"MART","Martin","08002","Martin","(DIST 02)","Martin (DIST 02)","Martin (DIST 02)","Martin (DIST 01)",1.4750000000000001,0.04,null,"Martin (DIST 01)",1.4750000000000001,0.04,null,null,null,null,null,null,null,null,null,"Muhlenberg","(DIST 02)","Muhlenberg (DIST 02)",null,"Muhlenberg",null,"(270) 338-4664",null,"Oldham (DIST 04)","OLDH04",1.1869000000000001,"OLDH","Oldham","04","Oldham (DIST 04)",null,null,null,"Martin (DIST 02)",1.4235]
[null,null,null,null,"08903","089","Muhlenberg","03",null,null,"MART","Martin","UNKNOWN","Martin","(DIST UNKNOWN)"," (DIST UNKNOWN)"," (DIST UNKNOWN)","Martin (DIST 02)",1.4790000000000001,0.04,null,"Martin (DIST 02)",1.4790000000000001,0.04,null,null,null,null,null,null,null,null,null,"Muhlenberg","(DIST 03)","Muhlenberg (DIST 03)",null,"Muhlenberg",null,"(270) 338-4664",null,"Oldham (DIST 05)","OLDH05",1.0949,"OLDH","Oldham","05","Oldham (DIST 05)",null,null,null,"Martin (UNKNOWN)",{"$error":"#N/A"}]
[null,null,null,null,"08904","089","Muhlenberg","04",null,null,"MASO","Mason","08101","Mason","(DIST 01)","Mason (DIST 01)","Mason (DIST 01)","Martin (UNKNOWN)",1.383,0.04,null,"Martin (UNKNOWN)",1.383,0.04,null,null,null,null,null,null,null,null,null,"Muhlenberg","(DIST 04)","Muhlenberg (DIST 04)",null,"Muhlenberg",null,"(270) 338-4664",null,"Oldham (DIST 06)","OLDH06",1.2548999999999999,"OLDH","Oldham","06","Oldham (DIST 06)",null,null,null,"Mason (DIST 01)",0.96710000000000007]
[null,null,null,null,"09001","090","Nelson","01",null,null,"MASO","Mason","08102","Mason","(DIST 02)","Mason (DIST 02)","Mason (DIST 02)","Mason (DIST 01)",0.95599999999999996,6.6000000000000003E-2,null,"Mason (DIST 01)",0.95599999999999996,6.6000000000000003E-2,null,null,null,null,null,null,null,null,null,"Nelson","(DIST 01)","Nelson (DIST 01)",null,"Nelson",null,"(502) 348-1810",null,"Oldham (DIST 07)","OLDH07",1.1949000000000001,"OLDH","Oldham","07","Oldham (DIST 07)",null,null,null,"Mason (DIST 02)",1.1331]
[null,null,null,null,"09002","090","Nelson","02",null,null,"MASO","Mason","08103","Mason","(DIST 03)","Mason (DIST 03)","Mason (DIST 03)","Mason (DIST 02)",1.1139999999999999,6.6000000000000003E-2,null,"Mason (DIST 02)",1.1139999999999999,6.6000000000000003E-2,null,null,null,null,null,null,null,null,null,"Nelson","(DIST 02)","Nelson (DIST 02)",null,"Nelson",null,"(502) 348-1810",null,"Oldham (DIST 08)","OLDH08",1.1949000000000001,"OLDH","Oldham","08","Oldham (DIST 08)",null,null,null,"Mason (DIST 03)",0.96710000000000007]
[null,null,null,null,"09003","090","Nelson","03",null,null,"MASO","Mason","UNKNOWN","Mason","(DIST UNKNOWN)"," (DIST UNKNOWN)"," (DIST UNKNOWN)","Mason (DIST 03)",0.95599999999999996,6.6000000000000003E-2,null,"Mason (DIST 03)",0.95599999999999996,6.6000000000000003E-2,null,null,null,null,null,null,null,null,null,"Nelson","(DIST 03)","Nelson (DIST 03)",null,"Nelson",null,"(502) 348-1810",null,"Oldham (DIST 09)","OLDH09",1.1869000000000001,"OLDH","Oldham","09","Oldham (DIST 09)",null,null,null,"Mason (UNKNOWN)",{"$error":"#N/A"}]
[null,null,null,null,"09004","090","Nelson","04",null,null,"MCCK","McCracken","07301","McCracken","(DIST 01)","McCracken (DIST 01)","McCracken (DIST 01)","Mason (UNKNOWN)",0.95599999999999996,6.6000000000000003E-2,null,"Mason (UNKNOWN)",0.95599999999999996,6.6000000000000003E-2,null,null,null,null,null,null,null,null,null,"Nelson","(DIST 04)","Nelson (DIST 04)",null,"Nelson",null,"(502) 348-1810",null,"Oldham (DIST 10)","OLDH10",1.1949000000000001,"OLDH","Oldham","10","Oldham (DIST 10)",null,null,null,"McCracken (DIST 01)",0.94040000000000012]
[null,null,null,null,"09005","090","Nelson","05",null,null,"MCCK","McCracken","07302","McCracken","(DIST 02)","McCracken (DIST 02)","McCracken (DIST 02)","McCracken (DIST 01)",0.91420000000000012,0.1225,null,"McCracken (DIST 01)",0.91420000000000012,0.1225,null,null,null,null,null,null,null,null,null,"Nelson","(DIST 05)","Nelson (DIST 05)",null,"Nelson",null,"(502) 348-1810",null,"Oldham (DIST 11)","OLDH11",1.1949000000000001,"OLDH","Oldham","11","Oldham (DIST 11)",null,null,null,"McCracken (DIST 02)",1.0114000000000001]
[null,null,null,null,"09008","090","Nelson","08",null,null,"MCCK","McCracken","07303","McCracken","(DIST 03)","McCracken (DIST 03)","McCracken (DIST 03)","McCracken (DIST 02)",0.98520000000000008,0.1225,null,"McCracken (DIST 02)",0.98520000000000008,0.1225,null,null,null,null,null,null,null,null,null,"Nelson","(DIST 08)","Nelson (DIST 08)",null,"Nelson",null,"(502) 348-1810",null,"Oldham (DIST 12)","OLDH12",1.1848999999999998,"OLDH","Oldham","12","Oldham (DIST 12)",null,null,null,"McCracken (DIST 03)",1.0159]
[null,null,null,null,"09009","090","Nelson","09",null,null,"MCCK","McCracken","07304","McCracken","(DIST 04)","McCracken (DIST 04)","McCracken (DIST 04)","McCracken (DIST 03)",0.98970000000000002,0.19800000000000001,null,"McCracken (DIST 03)",0.98970000000000002,0.19800000000000001,null,null,null,null,null,null,null,null,null,"Nelson","(DIST 09)","Nelson (DIST 09)",null,"Nelson",null,"(502) 348-1810",null,"Oldham (DIST 13)","OLDH13",1.0949,"OLDH","Oldham","13","Oldham (DIST 13)",null,null,null,"McCracken (DIST 04)",1.0094000000000001]
[null,null,null,null,"09063","090","Nelson","63",null,null,"MCCK","McCracken","07305","McCracken","(DIST 05)","McCracken (DIST 05)","McCracken (DIST 05)","McCracken (DIST 04)",0.98320000000000007,0.1915,null,"McCracken (DIST 04)",0.98320000000000007,0.1915,null,null,null,null,null,null,null,null,null,"Nelson","(DIST 63)","Nelson (DIST 63)",null,"Nelson",null,"(502) 348-1810",null,"Oldham (DIST 14)","OLDH14",1.1848999999999998,"OLDH","Oldham","14","Oldham (DIST 14)",null,null,null,"McCracken (DIST 05)",1.0154000000000001]
[null,null,null,null,"09068","090","Nelson","68",null,null,"MCCK","McCracken","07306","McCracken","(DIST 06)","McCracken (DIST 06)","McCracken (DIST 06)","McCracken (DIST 05)",0.98920000000000008,0.19750000000000001,null,"McCracken (DIST 05)",0.98920000000000008,0.19750000000000001,null,null,null,null,null,null,null,null,null,"Nelson","(DIST 68)","Nelson (DIST 68)",null,"Nelson",null,"(502) 348-1810",null,"Oldham (DIST 15)","OLDH15",1.3308,"OLDH","Oldham","15","Oldham (DIST 15)",null,null,null,"McCracken (DIST 06)",0.99239999999999995]
[null,null,null,null,"09101","091","Nicholas","01",null,null,"MCCK","McCracken","07307","McCracken","(DIST 07)","McCracken (DIST 07)","McCracken (DIST 07)","McCracken (DIST 06)",0.97419999999999995,0.1825,null,"McCracken (DIST 06)",0.97419999999999995,0.1825,null,null,null,null,null,null,null,null,null,"Nicholas","(DIST 01)","Nicholas (DIST 01)",null,"Nicholas",null,"(859) 289-3735",null,"Oldham (DIST 16)","OLDH16",1.0949,"OLDH","Oldham","16","Oldham (DIST 16)",null,null,null,"McCracken (DIST 07)",0.99239999999999995]
[null,null,null,null,"09102","091","Nicholas","02",null,null,"MCCK","McCracken","07308","McCracken","(DIST 08)","McCracken (DIST 08)","McCracken (DIST 08)","McCracken (DIST 07)",0.97419999999999995,0.1825,null,"McCracken (DIST 07)",0.97419999999999995,0.1825,null,null,null,null,null,null,null,null,null,"Nicholas","(DIST 02)","Nicholas (DIST 02)",null,"Nicholas",null,"(859) 289-3735",null,"Oldham (DIST 17)","OLDH17",1.1869000000000001,"OLDH","Oldham","17","Oldham (DIST 17)",null,null,null,"McCracken (DIST 08)",1.6564000000000001]
[null,null,null,null,"09200","092","Ohio","00",null,null,"MCCK","McCracken","07309","McCracken","(DIST 09)","McCracken (DIST 09)","McCracken (DIST 09)","McCracken (DIST 08)",1.2482,0.1225,null,"McCracken (DIST 08)",1.2482,0.1225,null,null,null,null,null,null,null,null,null,"Ohio","(DIST 00)","Ohio (DIST 00)",null,"Ohio",null,"(270) 298-4433",null,"Oldham (DIST 20)","OLDH20",1.4599000000000002,"OLDH","Oldham","20","Oldham (DIST 20)",null,null,null,"McCracken (DIST 09)",1.3304]
[null,null,null,null,"09201","092","Ohio","01",null,null,"MCCK","McCracken","07310","McCracken","(DIST 10)","McCracken (DIST 10)","McCracken (DIST 10)","McCracken (DIST 09)",0.91420000000000012,0.1225,null,"McCracken (DIST 09)",0.91420000000000012,0.1225,null,null,null,null,null,null,null,null,null,"Ohio","(DIST 01)","Ohio (DIST 01)",null,"Ohio",null,"(270) 298-4433",null,"Owen (DIST 00)","OWEN00",1.0922999999999998,"OWEN","Owen","00","Owen (DIST 00)",null,null,null,"McCracken (DIST 10)",0.98340000000000005]
[null,null,null,null,"09202","092","Ohio","02",null,null,"MCCK","McCracken","UNKNOWN","McCracken","(DIST UNKNOWN)"," (DIST UNKNOWN)"," (DIST UNKNOWN)","McCracken (DIST 10)",0.98720000000000008,0.19550000000000001,null,"McCracken (DIST 10)",0.98720000000000008,0.19550000000000001,null,null,null,null,null,null,null,null,null,"Ohio","(DIST 02)","Ohio (DIST 02)",null,"Ohio",null,"(270) 298-4433",null,"Owen (DIST 01)","OWEN01",1.5902999999999998,"OWEN","Owen","01","Owen (DIST 01)",null,null,null,"McCracken (UNKNOWN)",{"$error":"#N/A"}]
[null,null,null,null,"09203","092","Ohio","03",null,null,"MCCR","McCreary","07400","McCreary","(DIST 00)","McCreary (DIST 00)","McCreary (DIST 00)","McCracken (UNKNOWN)",0.91420000000000001,0.1225,null,"McCracken (UNKNOWN)",0.91420000000000001,0.1225,null,null,null,null,null,null,null,null,null,"Ohio","(DIST 03)","Ohio (DIST 03)",null,"Ohio",null,"(270) 298-4433",null,"Owen (DIST 04)","OWEN04",1.2822999999999998,"OWEN","Owen","04","Owen (DIST 04)",null,null,null,"McCreary (DIST 00)",0.76350000000000007]
[null,null,null,null,"09204","092","Ohio","04",null,null,"MCCR","McCreary","07401","McCreary","(DIST 01)","McCreary (DIST 01)","McCreary (DIST 01)","McCreary (DIST 00)",0.73639999999999983,0.1217,null,"McCreary (DIST 00)",0.73639999999999983,0.1217,null,null,null,null,null,null,null,null,null,"Ohio","(DIST 04)","Ohio (DIST 04)",null,"Ohio",null,"(270) 298-4433",null,"Owsley (DIST 00)","OWSL00",1.3952,"OWSL","Owsley","00","Owsley (DIST 00)",null,null,null,"McCreary (DIST 01)",0.86350000000000005]
[null,null,null,null,"09205","092","Ohio","05",null,null,"MCCR","McCreary","07402","McCreary","(DIST 02)","McCreary (DIST 02)","McCreary (DIST 02)","McCreary (DIST 01)",0.83639999999999992,0.22170000000000001,null,"McCreary (DIST 01)",0.83639999999999992,0.22170000000000001,null,null,null,null,null,null,null,null,null,"Ohio","(DIST 05)","Ohio (DIST 05)",null,"Ohio",null,"(270) 298-4433",null,"Owsley (DIST 01)","OWSL01",1.6952,"OWSL","Owsley","01","Owsley (DIST 01)",null,null,null,"McCreary (DIST 02)",0.86350000000000005]
[null,null,null,null,"09206","092","Ohio","06",null,null,"MCCR","McCreary","07403","McCreary","(DIST 03)","McCreary (DIST 03)","McCreary (DIST 03)","McCreary (DIST 02)",0.83639999999999992,0.22170000000000001,null,"McCreary (DIST 02)",0.83639999999999992,0.22170000000000001,null,null,null,null,null,null,null,null,null,"Ohio","(DIST 06)","Ohio (DIST 06)",null,"Ohio",null,"(270) 298-4433",null,"Pendleton (DIST 00)","PEND00",1.3683000000000001,"PEND","Pendleton","00","Pendleton (DIST 00)",null,null,null,"McCreary (DIST 03)",{"$f":"VLOOKUP(AZ580,AP$3:AR$691,3,FALSE)","v":0.86350000000000005}]
[null,null,null,null,"09300","093","Oldham","00",null,null,"MCCR","McCreary","07404","McCreary","(DIST 04)","McCreary (DIST 04)","McCreary (DIST 04)","McCreary (DIST 03)",0.83639999999999992,0.1217,null,"McCreary (DIST 03)",0.83639999999999992,0.1217,null,null,null,null,null,null,null,null,null,"Oldham","(DIST 00)","Oldham (DIST 00)",null,"Oldham",null,"(502) 222-9320",null,"Pendleton (DIST 01)","PEND01",1.7823,"PEND","Pendleton","01","Pendleton (DIST 01)",null,null,null,"McCreary (DIST 04)",0.86350000000000005]
[null,null,null,null,"09301","093","Oldham","01",null,null,"MCCR","McCreary","07405","McCreary","(DIST 05)","McCreary (DIST 05)","McCreary (DIST 05)","McCreary (DIST 04)",0.83639999999999992,0.22170000000000001,null,"McCreary (DIST 04)",0.83639999999999992,0.22170000000000001,null,null,null,null,null,null,null,null,null,"Oldham","(DIST 01)","Oldham (DIST 01)",null,"Oldham",null,"(502) 222-9320",null,"Pendleton (DIST 02)","PEND02",2.0663,"PEND","Pendleton","02","Pendleton (DIST 02)",null,null,null,"McCreary (DIST 05)",0.86350000000000005]
[null,null,null,null,"09302","093","Oldham","02",null,null,"MCCR","McCreary","UNKNOWN","McCreary","(DIST UNKNOWN)"," (DIST UNKNOWN)"," (DIST UNKNOWN)","McCreary (DIST 05)",0.83639999999999981,0.1217,null,"McCreary (DIST 05)",0.83639999999999981,0.1217,null,null,null,null,null,null,null,null,null,"Oldham","(DIST 02)","Oldham (DIST 02)",null,"Oldham",null,"(502) 222-9320",null,"Pendleton (DIST 04)","PEND04",1.4682999999999999,"PEND","Pendleton","04","Pendleton (DIST 04)",null,null,null,"McCreary (UNKNOWN)",{"$error":"#N/A"}]
[null,null,null,null,"09304","093","Oldham","04",null,null,"MCLE","McLean","07500","McLean","(DIST 00)","McLean (DIST 00)","McLean (DIST 00)","McCreary (UNKNOWN)",0.73640000000000005,0.1217,null,"McCreary (UNKNOWN)",0.73640000000000005,0.1217,null,null,null,null,null,null,null,null,null,"Oldham","(DIST 04)","Oldham (DIST 04)",null,"Oldham",null,"(502) 222-9320",null,"Pendleton (DIST 05)","PEND05",1.4682999999999999,"PEND","Pendleton","05","Pendleton (DIST 05)",null,null,null,"McLean (DIST 00)",0.97919999999999996]
[null,null,null,null,"09305","093","Oldham","05",null,null,"MCLE","McLean","07501","McLean","(DIST 01)","McLean (DIST 01)","McLean (DIST 01)","McLean (DIST 00)",0.96820000000000006,0,null,"McLean (DIST 00)",0.96820000000000006,0,null,null,null,null,null,null,null,null,null,"Oldham","(DIST 05)","Oldham (DIST 05)",null,"Oldham",null,"(502) 222-9320",null,{"$error":"#N/A"},"PERRY01",0,"PERR",{"$error":"#N/A"},"01",{"$error":"#N/A"},null,null,null,"McLean (DIST 01)",1.157]
[null,null,null,null,"09306","093","Oldham","06",null,null,"MCLE","McLean","07502","McLean","(DIST 02)","McLean (DIST 02)","McLean (DIST 02)","McLean (DIST 01)",1.1763999999999999,0,null,"McLean (DIST 01)",1.1763999999999999,0,null,null,null,null,null,null,null,null,null,"Oldham","(DIST 06)","Oldham (DIST 06)",null,"Oldham",null,"(502) 222-9320",null,{"$error":"#N/A"},"PERRY02",0,"PERR",{"$error":"#N/A"},"02",{"$error":"#N/A"},null,null,null,"McLean (DIST 02)",1.3233999999999999]
[null,null,null,null,"09307","093","Oldham","07",null,null,"MCLE","McLean","07503","McLean","(DIST 03)","McLean (DIST 03)","McLean (DIST 03)","McLean (DIST 02)",1.3464,0,null,"McLean (DIST 02)",1.3464,0,null,null,null,null,null,null,null,null,null,"Oldham","(DIST 07)","Oldham (DIST 07)",null,"Oldham",null,"(502) 222-9320",null,{"$error":"#N/A"},"PERRY03",0,"PERR",{"$error":"#N/A"},"03",{"$error":"#N/A"},null,null,null,"McLean (DIST 03)",1.3351]
[null,null,null,null,"09308","093","Oldham","08",null,null,"MCLE","McLean","07504","McLean","(DIST 04)","McLean (DIST 04)","McLean (DIST 04)","McLean (DIST 03)",1.3281000000000001,0,null,"McLean (DIST 03)",1.3281000000000001,0,null,null,null,null,null,null,null,null,null,"Oldham","(DIST 08)","Oldham (DIST 08)",null,"Oldham",null,"(502) 222-9320",null,{"$error":"#N/A"},"PERRY04",0,"PERR",{"$error":"#N/A"},"04",{"$error":"#N/A"},null,null,null,"McLean (DIST 04)",1.4521999999999999]
[null,null,null,null,"09309","093","Oldham","09",null,null,"MCLE","McLean","UNKNOWN","McLean","(DIST UNKNOWN)"," (DIST UNKNOWN)"," (DIST UNKNOWN)","McLean (DIST 04)",1.4616,0,null,"McLean (DIST 04)",1.4616,0,null,null,null,null,null,null,null,null,null,"Oldham","(DIST 09)","Oldham (DIST 09)",null,"Oldham",null,"(502) 222-9320",null,{"$error":"#N/A"},"PERRY05",0,"PERR",{"$error":"#N/A"},"05",{"$error":"#N/A"},null,null,null,"McLean (UNKNOWN)",{"$error":"#N/A"}]
[null,null,null,null,"09310","093","Oldham","10",null,null,"MEAD","Meade","08200","Meade","(DIST 00)","Meade (DIST 00)","Meade (DIST 00)","McLean (UNKNOWN)",0.96819999999999995,0,null,"McLean (UNKNOWN)",0.96819999999999995,0,null,null,null,null,null,null,null,null,null,"Oldham","(DIST 10)","Oldham (DIST 10)",null,"Oldham",null,"(502) 222-9320",null,{"$error":"#N/A"},"PERRY06",0,"PERR",{"$error":"#N/A"},"06",{"$error":"#N/A"},null,null,null,"Meade (DIST 00)",1.2126999999999999]
[null,null,null,null,"09311","093","Oldham","11",null,null,"MEAD","Meade","08201","Meade","(DIST 01)","Meade (DIST 01)","Meade (DIST 01)","Meade (DIST 00)",1.028,0.25700000000000001,null,"Meade (DIST 00)",1.028,0.25700000000000001,null,null,null,null,null,null,null,null,null,"Oldham","(DIST 11)","Oldham (DIST 11)",null,"Oldham",null,"(502) 222-9320",null,"Pike (DIST 01)","PIKE01",1.5715999999999999,"PIKE","Pike","01","Pike (DIST 01)",null,null,null,"Meade (DIST 01)",1.7420999999999998]
[null,null,null,null,"09314","093","Oldham","14",null,null,"MEAD","Meade","08202","Meade","(DIST 02)","Meade (DIST 02)","Meade (DIST 02)","Meade (DIST 01)",1.3268999999999997,0.25700000000000001,null,"Meade (DIST 01)",1.3268999999999997,0.25700000000000001,null,null,null,null,null,null,null,null,null,"Oldham","(DIST 14)","Oldham (DIST 14)",null,"Oldham",null,"(502) 222-9320",null,"Pike (DIST 02)","PIKE02",1.4316,"PIKE","Pike","02","Pike (DIST 02)",null,null,null,"Meade (DIST 02)",1.4237]
[null,null,null,null,"09315","093","Oldham","15",null,null,"MEAD","Meade","08203","Meade","(DIST 03)","Meade (DIST 03)","Meade (DIST 03)","Meade (DIST 02)",1.2049999999999998,0.25700000000000001,null,"Meade (DIST 02)",1.2049999999999998,0.25700000000000001,null,null,null,null,null,null,null,null,null,"Oldham","(DIST 15)","Oldham (DIST 15)",null,"Oldham",null,"(502) 222-9320",null,"Pike (DIST 03)","PIKE03",1.4216,"PIKE","Pike","03","Pike (DIST 03)",null,null,null,"Meade (DIST 03)",1.4626999999999999]
[null,null,null,null,"09317","093","Oldham","17",null,null,"MEAD","Meade","08204","Meade","(DIST 04)","Meade (DIST 04)","Meade (DIST 04)","Meade (DIST 03)",1.278,0.25700000000000001,null,"Meade (DIST 03)",1.278,0.25700000000000001,null,null,null,null,null,null,null,null,null,"Oldham","(DIST 17)","Oldham (DIST 17)",null,"Oldham",null,"(502) 222-9320",null,"Pike (DIST 05)","PIKE05",1.6215999999999999,"PIKE","Pike","05","Pike (DIST 05)",null,null,null,"Meade (DIST 04)",1.2276999999999998]
[null,null,null,null,"09320","093","Oldham","20",null,null,"MEAD","Meade","08205","Meade","(DIST 05)","Meade (DIST 05)","Meade (DIST 05)","Meade (DIST 04)",1.0429999999999999,0.25700000000000001,null,"Meade (DIST 04)",1.0429999999999999,0.25700000000000001,null,null,null,null,null,null,null,null,null,"Oldham","(DIST 20)","Oldham (DIST 20)",null,"Oldham",null,"(502) 222-9320",null,"Powell (DIST 00)","POWE00",0.77929999999999999,"POWE","Powell","00","Powell (DIST 00)",null,null,null,"Meade (DIST 05)",1.2376999999999998]
[null,null,null,null,"09364","093","Oldham","64",null,null,"MEAD","Meade","08206","Meade","(DIST 06)","Meade (DIST 06)","Meade (DIST 06)","Meade (DIST 05)",1.0529999999999999,0.20200000000000001,null,"Meade (DIST 05)",1.0529999999999999,0.20200000000000001,null,null,null,null,null,null,null,null,null,"Oldham","(DIST 64)","Oldham (DIST 64)",null,"Oldham",null,"(502) 222-9320",null,"Powell (DIST 01)","POWE01",0.89929999999999999,"POWE","Powell","01","Powell (DIST 01)",null,null,null,"Meade (DIST 06)",1.2927]
[null,null,null,null,"09400","094","Owen","00",null,null,"MEAD","Meade","08207","Meade","(DIST 07)","Meade (DIST 07)","Meade (DIST 07)","Meade (DIST 06)",1.1079999999999999,0.25700000000000001,null,"Meade (DIST 06)",1.1079999999999999,0.25700000000000001,null,null,null,null,null,null,null,null,null,"Owen","(DIST 00)","Owen (DIST 00)",null,"Owen",null,"(502) 484-5172",null,"Powell (DIST 02)","POWE02",0.88329999999999997,"POWE","Powell","02","Powell (DIST 02)",null,null,null,"Meade (DIST 07)",1.3127]
[null,null,null,null,"09401","094","Owen","01",null,null,"MEAD","Meade","08208","Meade","(DIST 08)","Meade (DIST 08)","Meade (DIST 08)","Meade (DIST 07)",1.1279999999999999,0.27700000000000002,null,"Meade (DIST 07)",1.1279999999999999,0.27700000000000002,null,null,null,null,null,null,null,null,null,"Owen","(DIST 01)","Owen (DIST 01)",null,"Owen",null,"(502) 484-5172",null,"Pulaski (DIST 11)","PULA11",0.73140000000000005,"PULA","Pulaski","11","Pulaski (DIST 11)",null,null,null,"Meade (DIST 08)",1.3127000000000002]
[null,null,null,null,"09500","095","Owsley","00",null,null,"MEAD","Meade","UNKNOWN","Meade","(DIST UNKNOWN)"," (DIST UNKNOWN)"," (DIST UNKNOWN)","Meade (DIST 08)",1.1279999999999999,0.27700000000000002,null,"Meade (DIST 08)",1.1279999999999999,0.27700000000000002,null,null,null,null,null,null,null,null,null,"Owsley","(DIST 00)","Owsley (DIST 00)",null,"Owsley",null,"(606) 593-6265",null,"Pulaski (DIST 13)","PULA13",0.81540000000000001,"PULA","Pulaski","13","Pulaski (DIST 13)",null,null,null,"Meade (UNKNOWN)",{"$error":"#N/A"}]
[null,null,null,null,"09501","095","Owsley","01",null,null,"MENI","Menifee","08300","Menifee","(DIST 00)","Menifee (DIST 00)","Menifee (DIST 00)","Meade (UNKNOWN)",1.028,0.20200000000000001,null,"Meade (UNKNOWN)",1.028,0.20200000000000001,null,null,null,null,null,null,null,null,null,"Owsley","(DIST 01)","Owsley (DIST 01)",null,"Owsley",null,"(606) 593-6265",null,"Pulaski (DIST 21)","PULA21",0.86140000000000005,"PULA","Pulaski","21","Pulaski (DIST 21)",null,null,null,"Menifee (DIST 00)",1.1659000000000002]
[null,null,null,null,"09600","096","Pendleton","00",null,null,"MENI","Menifee","08301","Menifee","(DIST 01)","Menifee (DIST 01)","Menifee (DIST 01)","Menifee (DIST 00)",1.2115,0.08,null,"Menifee (DIST 00)",1.2115,0.08,null,null,null,null,null,null,null,null,null,"Pendleton","(DIST 00)","Pendleton (DIST 00)",null,"Pendleton",null,"(859) 654-6055",null,"Pulaski (DIST 22)","PULA22",1.1053999999999999,"PULA","Pulaski","22","Pulaski (DIST 22)",null,null,null,"Menifee (DIST 01)",1.1496999999999999]
[null,null,null,null,"09601","096","Pendleton","01",null,null,"MENI","Menifee","UNKNOWN","Menifee","(DIST UNKNOWN)"," (DIST UNKNOWN)"," (DIST UNKNOWN)","Menifee (DIST 01)",1.1915,0.08,null,"Menifee (DIST 01)",1.1915,0.08,null,null,null,null,null,null,null,null,null,"Pendleton","(DIST 01)","Pendleton (DIST 01)",null,"Pendleton",null,"(859) 654-6055",null,"Pulaski (DIST 53)","PULA53",0.84040000000000004,"PULA","Pulaski","53","Pulaski (DIST 53)",null,null,null,"Menifee (UNKNOWN)",{"$error":"#N/A"}]
[null,null,null,null,"09602","096","Pendleton","02",null,null,"MERC","Mercer","08401","Mercer","(DIST 01)","Mercer (DIST 01)","Mercer (DIST 01)","Menifee (UNKNOWN)",1.1915,0.08,null,"Menifee (UNKNOWN)",1.1915,0.08,null,null,null,null,null,null,null,null,null,"Pendleton","(DIST 02)","Pendleton (DIST 02)",null,"Pendleton",null,"(859) 654-6055",null,"Pulaski (DIST 61)","PULA61",0.93140000000000001,"PULA","Pulaski","61","Pulaski (DIST 61)",null,null,null,"Mercer (DIST 01)",1.1797]
[null,null,null,null,"09604","096","Pendleton","04",null,null,"MERC","Mercer","08402","Mercer","(DIST 02)","Mercer (DIST 02)","Mercer (DIST 02)","Mercer (DIST 01)",1.1758,4.7E-2,null,"Mercer (DIST 01)",1.1758,4.7E-2,null,null,null,null,null,null,null,null,null,"Pendleton","(DIST 04)","Pendleton (DIST 04)",null,"Pendleton",null,"(859) 654-6055",null,"Pulaski (DIST 71)","PULA71",0.9234,"PULA","Pulaski","71","Pulaski (DIST 71)",null,null,null,"Mercer (DIST 02)",1.1844000000000001]
[null,null,null,null,"09605","096","Pendleton","05",null,null,"MERC","Mercer","08403","Mercer","(DIST 03)","Mercer (DIST 03)","Mercer (DIST 03)","Mercer (DIST 02)",1.1628000000000001,4.7E-2,null,"Mercer (DIST 02)",1.1628000000000001,4.7E-2,null,null,null,null,null,null,null,null,null,"Pendleton","(DIST 05)","Pendleton (DIST 05)",null,"Pendleton",null,"(859) 654-6055",null,"Pulaski (DIST 81)","PULA81",0.88940000000000008,"PULA","Pulaski","81","Pulaski (DIST 81)",null,null,null,"Mercer (DIST 03)",1.3485000000000003]
[null,null,null,null,"09701","097","Perry","01",null,null,"MERC","Mercer","08404","Mercer","(DIST 04)","Mercer (DIST 04)","Mercer (DIST 04)","Mercer (DIST 03)",1.2778,4.7E-2,null,"Mercer (DIST 03)",1.2778,4.7E-2,null,null,null,null,null,null,null,null,null,"Perry","(DIST 01)","Perry (DIST 01)",null,"Perry",null,"(606) 436-4914",null,"Robertson (DIST 00)","ROBE00",1.3263,"ROBE","Robertson","00","Robertson (DIST 00)",null,null,null,"Mercer (DIST 04)",1.2547000000000001]
[null,null,null,null,"09702","097","Perry","02",null,null,"MERC","Mercer","08406","Mercer","(DIST 06)","Mercer (DIST 06)","Mercer (DIST 06)","Mercer (DIST 04)",1.1928000000000001,4.7E-2,null,"Mercer (DIST 04)",1.1928000000000001,4.7E-2,null,null,null,null,null,null,null,null,null,"Perry","(DIST 02)","Perry (DIST 02)",null,"Perry",null,"(606) 436-4914",null,"Robertson (DIST 01)","ROBE01",1.7107000000000001,"ROBE","Robertson","01","Robertson (DIST 01)",null,null,null,"Mercer (DIST 06)",1.1844000000000001]
[null,null,null,null,"09703","097","Perry","03",null,null,"MERC","Mercer","UNKNOWN","Mercer","(DIST UNKNOWN)"," (DIST UNKNOWN)"," (DIST UNKNOWN)","Mercer (DIST 06)",1.1628000000000001,4.7E-2,null,"Mercer (DIST 06)",1.1628000000000001,4.7E-2,null,null,null,null,null,null,null,null,null,"Perry","(DIST 03)","Perry (DIST 03)",null,"Perry",null,"(606) 436-4914",null,"Rockcastle (DIST 00)","ROCK00",0.81109999999999993,"ROCK","Rockcastle","00","Rockcastle (DIST 00)",null,null,null,"Mercer (UNKNOWN)",{"$error":"#N/A"}]
[null,null,null,null,"09704","097","Perry","04",null,null,"METC","Metcalfe","08500","Metcalfe","(DIST 00)","Metcalfe (DIST 00)","Metcalfe (DIST 00)","Mercer (UNKNOWN)",1.1628000000000001,4.7E-2,null,"Mercer (UNKNOWN)",1.1628000000000001,4.7E-2,null,null,null,null,null,null,null,null,null,"Perry","(DIST 04)","Perry (DIST 04)",null,"Perry",null,"(606) 436-4914",null,"Rockcastle (DIST 01)","ROCK01",0.96909999999999996,"ROCK","Rockcastle","01","Rockcastle (DIST 01)",null,null,null,"Metcalfe (DIST 00)",0.91]
[null,null,null,null,"09801","098","Pike","01",null,null,"METC","Metcalfe","08501","Metcalfe","(DIST 01)","Metcalfe (DIST 01)","Metcalfe (DIST 01)","Metcalfe (DIST 00)",0.91559999999999997,0.29360000000000003,null,"Metcalfe (DIST 00)",0.91559999999999997,0.29360000000000003,null,null,null,null,null,null,null,null,null,"Pike","(DIST 01)","Pike (DIST 01)",null,"Pike",null,"(606) 432-6201",null,"Rockcastle (DIST 02)","ROCK02",1.0510999999999999,"ROCK","Rockcastle","02","Rockcastle (DIST 02)",null,null,null,"Metcalfe (DIST 01)",0.99399999999999999]
[null,null,null,null,"09802","098","Pike","02",null,null,"METC","Metcalfe","UNKNOWN","Metcalfe","(DIST UNKNOWN)"," (DIST UNKNOWN)"," (DIST UNKNOWN)","Metcalfe (DIST 01)",1.0016,0.29360000000000003,null,"Metcalfe (DIST 01)",1.0016,0.29360000000000003,null,null,null,null,null,null,null,null,null,"Pike","(DIST 02)","Pike (DIST 02)",null,"Pike",null,"(606) 432-6201",null,"Rockcastle (DIST 03)","ROCK03",1.2610999999999999,"ROCK","Rockcastle","03","Rockcastle (DIST 03)",null,null,null,"Metcalfe (UNKNOWN)",{"$error":"#N/A"}]
[null,null,null,null,"09803","098","Pike","03",null,null,"MONR","Monroe","08600","Monroe","(DIST 00)","Monroe (DIST 00)","Monroe (DIST 00)","Metcalfe (UNKNOWN)",0.91559999999999997,0.29360000000000003,null,"Metcalfe (UNKNOWN)",0.91559999999999997,0.29360000000000003,null,null,null,null,null,null,null,null,null,"Pike","(DIST 03)","Pike (DIST 03)",null,"Pike",null,"(606) 432-6201",null,"Rowan (DIST 00)","ROWA00",0.77700000000000002,"ROWA","Rowan","00","Rowan (DIST 00)",null,null,null,"Monroe (DIST 00)",0.90710000000000013]
[null,null,null,null,"09805","098","Pike","05",null,null,"MONR","Monroe","08601","Monroe","(DIST 01)","Monroe (DIST 01)","Monroe (DIST 01)","Monroe (DIST 00)",0.90090000000000003,0.1178,null,"Monroe (DIST 00)",0.90090000000000003,0.1178,null,null,null,null,null,null,null,null,null,"Pike","(DIST 05)","Pike (DIST 05)",null,"Pike",null,"(606) 432-6201",null,"Rowan (DIST 01)","ROWA01",1.4203000000000001,"ROWA","Rowan","01","Rowan (DIST 01)",null,null,null,"Monroe (DIST 01)",1.2862]
[null,null,null,null,"09900","099","Powell","00",null,null,"MONR","Monroe","08602","Monroe","(DIST 02)","Monroe (DIST 02)","Monroe (DIST 02)","Monroe (DIST 01)",1.2134,0.1178,null,"Monroe (DIST 01)",1.2134,0.1178,null,null,null,null,null,null,null,null,null,"Powell","(DIST 00)","Powell (DIST 00)",null,"Powell",null,"(606) 663-4184",null,"Rowan (DIST 02)","ROWA02",0.88700000000000001,"ROWA","Rowan","02","Rowan (DIST 02)",null,null,null,"Monroe (DIST 02)",1.2011000000000001]
[null,null,null,null,"09901","099","Powell","01",null,null,"MONR","Monroe","08603","Monroe","(DIST 03)","Monroe (DIST 03)","Monroe (DIST 03)","Monroe (DIST 02)",1.1571,0.1178,null,"Monroe (DIST 02)",1.1571,0.1178,null,null,null,null,null,null,null,null,null,"Powell","(DIST 01)","Powell (DIST 01)",null,"Powell",null,"(606) 663-4184",null,"Russell (DIST 00)","RUSS00",0.98480000000000001,"RUSS","Russell","00","Russell (DIST 00)",null,null,null,"Monroe (DIST 03)",1.1100000000000001]
[null,null,null,null,"09902","099","Powell","02",null,null,"MONR","Monroe","UNKNOWN","Monroe","(DIST UNKNOWN)"," (DIST UNKNOWN)"," (DIST UNKNOWN)","Monroe (DIST 03)",1.0659000000000001,0.1178,null,"Monroe (DIST 03)",1.0659000000000001,0.1178,null,null,null,null,null,null,null,null,null,"Powell","(DIST 02)","Powell (DIST 02)",null,"Powell",null,"(606) 663-4184",null,"Russell (DIST 01)","RUSS01",1.1477999999999999,"RUSS","Russell","01","Russell (DIST 01)",null,null,null,"Monroe (UNKNOWN)",{"$error":"#N/A"}]
[null,null,null,null,"10011","100","Pulaski","11",null,null,"MONT","Montgomery","08700","Montgomery","(DIST 00)","Montgomery (DIST 00)","Montgomery (DIST 00)","Monroe (UNKNOWN)",0.90090000000000003,0.1178,null,"Monroe (UNKNOWN)",0.90090000000000003,0.1178,null,null,null,null,null,null,null,null,null,"Pulaski","(DIST 11)","Pulaski (DIST 11)",null,"Pulaski",null,"(606) 679-1812",null,"Russell (DIST 02)","RUSS02",1.1637999999999999,"RUSS","Russell","02","Russell (DIST 02)",null,null,null,"Montgomery (DIST 00)",1.0533000000000001]
[null,null,null,null,"10013","100","Pulaski","13",null,null,"MONT","Montgomery","08701","Montgomery","(DIST 01)","Montgomery (DIST 01)","Montgomery (DIST 01)","Montgomery (DIST 00)",1.0316000000000001,0.1565,null,"Montgomery (DIST 00)",1.0316000000000001,0.1565,null,null,null,null,null,null,null,null,null,"Pulaski","(DIST 13)","Pulaski (DIST 13)",null,"Pulaski",null,"(606) 679-1812",null,"Scott (DIST 00)","SCOT00",0.77969999999999995,"SCOT","Scott","00","Scott (DIST 00)",null,null,null,"Montgomery (DIST 01)",1.2593000000000001]
[null,null,null,null,"10021","100","Pulaski","21",null,null,"MONT","Montgomery","UNKNOWN","Montgomery","(DIST UNKNOWN)"," (DIST UNKNOWN)"," (DIST UNKNOWN)","Montgomery (DIST 01)",1.2065999999999999,0.1565,null,"Montgomery (DIST 01)",1.2065999999999999,0.1565,null,null,null,null,null,null,null,null,null,"Pulaski","(DIST 21)","Pulaski (DIST 21)",null,"Pulaski",null,"(606) 679-1812",null,"Scott (DIST 02)","SCOT02",0.84470000000000001,"SCOT","Scott","02","Scott (DIST 02)",null,null,null,"Montgomery (UNKNOWN)",{"$error":"#N/A"}]
[null,null,null,null,"10022","100","Pulaski","22",null,null,"MORG","Morgan","08800","Morgan","(DIST 00)","Morgan (DIST 00)","Morgan (DIST 00)","Montgomery (UNKNOWN)",1.0316000000000001,0.1565,null,"Montgomery (UNKNOWN)",1.0316000000000001,0.1565,null,null,null,null,null,null,null,null,null,"Pulaski","(DIST 22)","Pulaski (DIST 22)",null,"Pulaski",null,"(606) 679-1812",null,"Scott (DIST 03)","SCOT03",0.81669999999999998,"SCOT","Scott","03","Scott (DIST 03)",null,null,null,"Morgan (DIST 00)",1.2002999999999999]
[null,null,null,null,"10053","100","Pulaski","53",null,null,"MORG","Morgan","08801","Morgan","(DIST 01)","Morgan (DIST 01)","Morgan (DIST 01)","Morgan (DIST 00)",1.1863999999999999,0.1,null,"Morgan (DIST 00)",1.1863999999999999,0.1,null,null,null,null,null,null,null,null,null,"Pulaski","(DIST 53)","Pulaski (DIST 53)",null,"Pulaski",null,"(606) 679-1812",null,"Scott (DIST 04)","SCOT04",0.92769999999999997,"SCOT","Scott","04","Scott (DIST 04)",null,null,null,"Morgan (DIST 01)",1.3873]
[null,null,null,null,"10061","100","Pulaski","61",null,null,"MORG","Morgan","UNKNOWN","Morgan","(DIST UNKNOWN)"," (DIST UNKNOWN)"," (DIST UNKNOWN)","Morgan (DIST 01)",1.3734,0.1,null,"Morgan (DIST 01)",1.3734,0.1,null,null,null,null,null,null,null,null,null,"Pulaski","(DIST 61)","Pulaski (DIST 61)",null,"Pulaski",null,"(606) 679-1812",null,"Scott (DIST 05)","SCOT05",1.0796999999999999,"SCOT","Scott","05","Scott (DIST 05)",null,null,null,"Morgan (UNKNOWN)",{"$error":"#N/A"}]
[null,null,null,null,"10071","100","Pulaski","71",null,null,"MUHL","Muhlenberg","08900","Muhlenberg","(DIST 00)","Muhlenberg (DIST 00)","Muhlenberg (DIST 00)","Morgan (UNKNOWN)",1.1863999999999999,0.1,null,"Morgan (UNKNOWN)",1.1863999999999999,0.1,null,null,null,null,null,null,null,null,null,"Pulaski","(DIST 71)","Pulaski (DIST 71)",null,"Pulaski",null,"(606) 679-1812",null,"Shelby (DIST 00)","SHEL00",0.93429999999999991,"SHEL","Shelby","00","Shelby (DIST 00)",null,null,null,"Muhlenberg (DIST 00)",0.91839999999999999]
[null,null,null,null,"10081","100","Pulaski","81",null,null,"MUHL","Muhlenberg","08901","Muhlenberg","(DIST 01)","Muhlenberg (DIST 01)","Muhlenberg (DIST 01)","Muhlenberg (DIST 00)",0.89949999999999997,0.25950000000000001,null,"Muhlenberg (DIST 00)",0.89949999999999997,0.25950000000000001,null,null,null,null,null,null,null,null,null,"Pulaski","(DIST 81)","Pulaski (DIST 81)",null,"Pulaski",null,"(606) 679-1812",null,"Shelby (DIST 01)","SHEL01",1.2595999999999998,"SHEL","Shelby","01","Shelby (DIST 01)",null,null,null,"Muhlenberg (DIST 01)",1.3042]
[null,null,null,null,"10100","101","Robertson","00",null,null,"MUHL","Muhlenberg","08902","Muhlenberg","(DIST 02)","Muhlenberg (DIST 02)","Muhlenberg (DIST 02)","Muhlenberg (DIST 01)",1.2643000000000002,0.25950000000000001,null,"Muhlenberg (DIST 01)",1.2643000000000002,0.25950000000000001,null,null,null,null,null,null,null,null,null,"Robertson","(DIST 00)","Robertson (DIST 00)",null,"Robertson",null,"(606) 724-5213",null,"Shelby (DIST 02)","SHEL02",1.0343,"SHEL","Shelby","02","Shelby (DIST 02)",null,null,null,"Muhlenberg (DIST 02)",1.1418000000000001]
[null,null,null,null,"10101","101","Robertson","01",null,null,"MUHL","Muhlenberg","08903","Muhlenberg","(DIST 03)","Muhlenberg (DIST 03)","Muhlenberg (DIST 03)","Muhlenberg (DIST 02)",1.1389,0.25950000000000001,null,"Muhlenberg (DIST 02)",1.1389,0.25950000000000001,null,null,null,null,null,null,null,null,null,"Robertson","(DIST 01)","Robertson (DIST 01)",null,"Robertson",null,"(606) 724-5213",null,"Shelby (DIST 03)","SHEL03",1.0343,"SHEL","Shelby","03","Shelby (DIST 03)",null,null,null,"Muhlenberg (DIST 03)",1.2394000000000001]
[null,null,null,null,"10200","102","Rockcastle","00",null,null,"MUHL","Muhlenberg","08904","Muhlenberg","(DIST 04)","Muhlenberg (DIST 04)","Muhlenberg (DIST 04)","Muhlenberg (DIST 03)",1.2205000000000001,0.25950000000000001,null,"Muhlenberg (DIST 03)",1.2205000000000001,0.25950000000000001,null,null,null,null,null,null,null,null,null,"Rockcastle","(DIST 00)","Rockcastle (DIST 00)",null,"Rockcastle",null,"(606) 256-4194",null,"Shelby (DIST 04)","SHEL04",0,"SHEL","Shelby","04","Shelby (DIST 04)",null,null,null,"Muhlenberg (DIST 04)",1.2806000000000002]
[null,null,null,null,"10201","102","Rockcastle","01",null,null,"MUHL","Muhlenberg","UNKNOWN","Muhlenberg","(DIST UNKNOWN)"," (DIST UNKNOWN)"," (DIST UNKNOWN)","Muhlenberg (DIST 04)",1.2406000000000001,0.25950000000000001,null,"Muhlenberg (DIST 04)",1.2406000000000001,0.25950000000000001,null,null,null,null,null,null,null,null,null,"Rockcastle","(DIST 01)","Rockcastle (DIST 01)",null,"Rockcastle",null,"(606) 256-4194",null,"Shelby (DIST 05)","SHEL05",1.0343,"SHEL","Shelby","05","Shelby (DIST 05)",null,null,null,"Muhlenberg (UNKNOWN)",{"$error":"#N/A"}]
[null,null,null,null,"10202","102","Rockcastle","02",null,null,"NELS","Nelson","09001","Nelson","(DIST 01)","Nelson (DIST 01)","Nelson (DIST 01)","Muhlenberg (UNKNOWN)",0.89949999999999997,0.25950000000000001,null,"Muhlenberg (UNKNOWN)",0.89949999999999997,0.25950000000000001,null,null,null,null,null,null,null,null,null,"Rockcastle","(DIST 02)","Rockcastle (DIST 02)",null,"Rockcastle",null,"(606) 256-4194",null,"Shelby (DIST 06)","SHEL06",1.0343,"SHEL","Shelby","06","Shelby (DIST 06)",null,null,null,"Nelson (DIST 01)",0.95399999999999996]
[null,null,null,null,"10203","102","Rockcastle","03",null,null,"NELS","Nelson","09002","Nelson","(DIST 02)","Nelson (DIST 02)","Nelson (DIST 02)","Nelson (DIST 01)",0.91500000000000004,7.0000000000000007E-2,null,"Nelson (DIST 01)",0.91500000000000004,7.0000000000000007E-2,null,null,null,null,null,null,null,null,null,"Rockcastle","(DIST 03)","Rockcastle (DIST 03)",null,"Rockcastle",null,"(606) 256-4194",null,"Shelby (DIST 07)","SHEL07",0.93429999999999991,"SHEL","Shelby","07","Shelby (DIST 07)",null,null,null,"Nelson (DIST 02)",1.3239000000000001]
[null,null,null,null,"10300","103","Rowan","00",null,null,"NELS","Nelson","09003","Nelson","(DIST 03)","Nelson (DIST 03)","Nelson (DIST 03)","Nelson (DIST 02)",1.1922000000000001,7.0000000000000007E-2,null,"Nelson (DIST 02)",1.1922000000000001,7.0000000000000007E-2,null,null,null,null,null,null,null,null,null,"Rowan","(DIST 00)","Rowan (DIST 00)",null,"Rowan",null,"(606) 784-5512",null,"Shelby (DIST 08)","SHEL08",0.93429999999999991,"SHEL","Shelby","08","Shelby (DIST 08)",null,null,null,"Nelson (DIST 03)",1.1319999999999999]
[null,null,null,null,"10301","103","Rowan","01",null,null,"NELS","Nelson","09004","Nelson","(DIST 04)","Nelson (DIST 04)","Nelson (DIST 04)","Nelson (DIST 03)",1.0780000000000001,7.0000000000000007E-2,null,"Nelson (DIST 03)",1.0780000000000001,7.0000000000000007E-2,null,null,null,null,null,null,null,null,null,"Rowan","(DIST 01)","Rowan (DIST 01)",null,"Rowan",null,"(606) 784-5512",null,"Shelby (DIST 09)","SHEL09",0.93429999999999991,"SHEL","Shelby","09","Shelby (DIST 09)",null,null,null,"Nelson (DIST 04)",1.25]
[null,null,null,null,"10400","104","Russell","00",null,null,"NELS","Nelson","09005","Nelson","(DIST 05)","Nelson (DIST 05)","Nelson (DIST 05)","Nelson (DIST 04)",1.137,7.0000000000000007E-2,null,"Nelson (DIST 04)",1.137,7.0000000000000007E-2,null,null,null,null,null,null,null,null,null,"Russell","(DIST 00)","Russell (DIST 00)",null,"Russell",null,"(270) 343-4395",null,"Shelby (DIST 10)","SHEL10",1.0263,"SHEL","Shelby","10","Shelby (DIST 10)",null,null,null,"Nelson (DIST 05)",1.0720000000000001]
[null,null,null,null,"10401","104","Russell","01",null,null,"NELS","Nelson","09008","Nelson","(DIST 08)","Nelson (DIST 08)","Nelson (DIST 08)","Nelson (DIST 05)",0.97399999999999998,7.0000000000000007E-2,null,"Nelson (DIST 05)",0.97399999999999998,7.0000000000000007E-2,null,null,null,null,null,null,null,null,null,"Russell","(DIST 01)","Russell (DIST 01)",null,"Russell",null,"(270) 343-4395",null,"Shelby (DIST 11)","SHEL11",1.0092999999999999,"SHEL","Shelby","11","Shelby (DIST 11)",null,null,null,"Nelson (DIST 08)",1.2862]
[null,null,null,null,"10402","104","Russell","02",null,null,"NELS","Nelson","09009","Nelson","(DIST 09)","Nelson (DIST 09)","Nelson (DIST 09)","Nelson (DIST 06 / 07 / 08)",1.2050000000000001,7.0000000000000007E-2,null,"Nelson (DIST 06 / 07 / 08)",1.2050000000000001,7.0000000000000007E-2,null,null,null,null,null,null,null,null,null,"Russell","(DIST 02)","Russell (DIST 02)",null,"Russell",null,"(270) 343-4395",null,"Shelby (DIST 12)","SHEL12",1.0343,"SHEL","Shelby","12","Shelby (DIST 12)",null,null,null,"Nelson (DIST 09)",1.0840000000000001]
[null,null,null,null,"10450","104","Russell","50",null,null,"NELS","Nelson","UNKNOWN","Nelson","(DIST UNKNOWN)"," (DIST UNKNOWN)"," (DIST UNKNOWN)","Nelson (DIST 09)",1.0470000000000002,7.0000000000000007E-2,null,"Nelson (DIST 09)",1.0470000000000002,7.0000000000000007E-2,null,null,null,null,null,null,null,null,null,"Russell","(DIST 50)","Russell (DIST 50)",null,"Russell",null,"(270) 343-4395",null,"Shelby (DIST 13)","SHEL13",1.0963000000000001,"SHEL","Shelby","13","Shelby (DIST 13)",null,null,null,"Nelson (UNKNOWN)",{"$error":"#N/A"}]
[null,null,null,null,"10500","105","Scott","00",null,null,"NICH","Nicholas","09101","Nicholas","(DIST 01)","Nicholas (DIST 01)","Nicholas (DIST 01)","Nelson (UNKNOWN)",0.91500000000000004,7.0000000000000007E-2,null,"Nelson (UNKNOWN)",0.91500000000000004,7.0000000000000007E-2,null,null,null,null,null,null,null,null,null,"Scott","(DIST 00)","Scott (DIST 00)",null,"Scott",null,"(502) 863-7885",null,"Simpson (DIST 00)","SIMP00",0.75190000000000001,"SIMP","Simpson","00","Simpson (DIST 00)",null,null,null,"Nicholas (DIST 01)",0.87919999999999998]
[null,null,null,null,"10502","105","Scott","02",null,null,"NICH","Nicholas","09102","Nicholas","(DIST 02)","Nicholas (DIST 02)","Nicholas (DIST 02)","Nicholas (DIST 01)",0.90789999999999993,0.1898,null,"Nicholas (DIST 01)",0.90789999999999993,0.1898,null,null,null,null,null,null,null,null,null,"Scott","(DIST 02)","Scott (DIST 02)",null,"Scott",null,"(502) 863-7885",null,"Simpson (DIST 01)","SIMP01",0.86990000000000001,"SIMP","Simpson","01","Simpson (DIST 01)",null,null,null,"Nicholas (DIST 02)",1.2702]
[null,null,null,null,"10503","105","Scott","03",null,null,"NICH","Nicholas","UNKNOWN","Nicholas","(DIST UNKNOWN)"," (DIST UNKNOWN)"," (DIST UNKNOWN)","Nicholas (DIST 02)",1.4429000000000001,0.1898,null,"Nicholas (DIST 02)",1.4429000000000001,0.1898,null,null,null,null,null,null,null,null,null,"Scott","(DIST 03)","Scott (DIST 03)",null,"Scott",null,"(502) 863-7885",null,"Spencer (DIST 01)","SPEN01",1.3028999999999999,"SPEN","Spencer","01","Spencer (DIST 01)",null,null,null,"Nicholas (UNKNOWN)",{"$error":"#N/A"}]
[null,null,null,null,"10504","105","Scott","04",null,null,"OHIO","Ohio","09200","Ohio","(DIST 00)","Ohio (DIST 00)","Ohio (DIST 00)","Nicholas (UNKNOWN)",0.90790000000000004,0.1898,null,"Nicholas (UNKNOWN)",0.90790000000000004,0.1898,null,null,null,null,null,null,null,null,null,"Scott","(DIST 04)","Scott (DIST 04)",null,"Scott",null,"(502) 863-7885",null,"Spencer (DIST 03)","SPEN03",1.1497999999999999,"SPEN","Spencer","03","Spencer (DIST 03)",null,null,null,"Ohio (DIST 00)",0.88949999999999996]
[null,null,null,null,"10601","106","Shelby","01",null,null,"OHIO","Ohio","09201","Ohio","(DIST 01)","Ohio (DIST 01)","Ohio (DIST 01)","Ohio (DIST 00)",0.87659999999999993,0.18759999999999999,null,"Ohio (DIST 00)",0.87659999999999993,0.18759999999999999,null,null,null,null,null,null,null,null,null,"Shelby","(DIST 01)","Shelby (DIST 01)",null,"Shelby",null,"(502) 633-4403",null,"Spencer (DIST 04)","SPEN04",1.1247999999999998,"SPEN","Spencer","04","Spencer (DIST 04)",null,null,null,"Ohio (DIST 01)",1.2951999999999999]
[null,null,null,null,"10602","106","Shelby","02",null,null,"OHIO","Ohio","09202","Ohio","(DIST 02)","Ohio (DIST 02)","Ohio (DIST 02)","Ohio (DIST 01)",1.3565,0.18759999999999999,null,"Ohio (DIST 01)",1.3565,0.18759999999999999,null,null,null,null,null,null,null,null,null,"Shelby","(DIST 02)","Shelby (DIST 02)",null,"Shelby",null,"(502) 633-4403",null,"Taylor (DIST 00)","TAYL00",1.1637,"TAYL","Taylor","00","Taylor (DIST 00)",null,null,null,"Ohio (DIST 02)",1.0994999999999999]
[null,null,null,null,"10603","106","Shelby","03",null,null,"OHIO","Ohio","09203","Ohio","(DIST 03)","Ohio (DIST 03)","Ohio (DIST 03)","Ohio (DIST 02)",1.0866,0.18759999999999999,null,"Ohio (DIST 02)",1.0866,0.18759999999999999,null,null,null,null,null,null,null,null,null,"Shelby","(DIST 03)","Shelby (DIST 03)",null,"Shelby",null,"(502) 633-4403",null,"Taylor (DIST 01)","TAYL01",0.97570000000000001,"TAYL","Taylor","01","Taylor (DIST 01)",null,null,null,"Ohio (DIST 03)",1.0754999999999999]
[null,null,null,null,"10604","106","Shelby","04",null,null,"OHIO","Ohio","09204","Ohio","(DIST 04)","Ohio (DIST 04)","Ohio (DIST 04)","Ohio (DIST 03)",1.0635999999999999,0.18759999999999999,null,"Ohio (DIST 03)",1.0635999999999999,0.18759999999999999,null,null,null,null,null,null,null,null,null,"Shelby","(DIST 04)","Shelby (DIST 04)",null,"Shelby",null,"(502) 633-4403",null,"Taylor (DIST 02)","TAYL02",1.2237,"TAYL","Taylor","02","Taylor (DIST 02)",null,null,null,"Ohio (DIST 04)",{"$f":"VLOOKUP(AZ644,AP$3:AR$691,3,FALSE)","v":1.1819999999999999}]
[null,null,null,null,"10605","106","Shelby","05",null,null,"OHIO","Ohio","09205","Ohio","(DIST 05)","Ohio (DIST 05)","Ohio (DIST 05)","Ohio (DIST 04)",1.2595999999999998,0.18759999999999999,null,"Ohio (DIST 04)",1.2595999999999998,0.18759999999999999,null,null,null,null,null,null,null,null,null,"Shelby","(DIST 05)","Shelby (DIST 05)",null,"Shelby",null,"(502) 633-4403",null,"Taylor (DIST 03)","TAYL03",1.0357000000000001,"TAYL","Taylor","03","Taylor (DIST 03)",null,null,null,"Ohio (DIST 05)",1.0894999999999999]
[null,null,null,null,"10606","106","Shelby","06",null,null,"OHIO","Ohio","09206","Ohio","(DIST 06)","Ohio (DIST 06)","Ohio (DIST 06)","Ohio (DIST 05)",1.0766,0.18759999999999999,null,"Ohio (DIST 05)",1.0766,0.18759999999999999,null,null,null,null,null,null,null,null,null,"Shelby","(DIST 06)","Shelby (DIST 06)",null,"Shelby",null,"(502) 633-4403",null,"Todd (DIST 00)","TODD00",0.76060000000000005,"TODD","Todd","00","Todd (DIST 00)",null,null,null,"Ohio (DIST 06)",1.0394999999999999]
[null,null,null,null,"10607","106","Shelby","07",null,null,"OHIO","Ohio","UNKNOWN","Ohio","(DIST UNKNOWN)"," (DIST UNKNOWN)"," (DIST UNKNOWN)","Ohio (DIST 06)",1.0266,0.18759999999999999,null,"Ohio (DIST 06)",1.0266,0.18759999999999999,null,null,null,null,null,null,null,null,null,"Shelby","(DIST 07)","Shelby (DIST 07)",null,"Shelby",null,"(502) 633-4403",null,"Todd (DIST 01)","TODD01",0.92820000000000003,"TODD","Todd","01","Todd (DIST 01)",null,null,null,"Ohio (UNKNOWN)",{"$error":"#N/A"}]
[null,null,null,null,"10608","106","Shelby","08",null,null,"OLDH","Oldham","09300","Oldham","(DIST 00)","Oldham (DIST 00)","Oldham (DIST 00)","Ohio (UNKNOWN)",0.87660000000000005,0.18759999999999999,null,"Ohio (UNKNOWN)",0.87660000000000005,0.18759999999999999,null,null,null,null,null,null,null,null,null,"Shelby","(DIST 08)","Shelby (DIST 08)",null,"Shelby",null,"(502) 633-4403",null,"Todd (DIST 02)","TODD02",1.4496,"TODD","Todd","02","Todd (DIST 02)",null,null,null,"Oldham (DIST 00)",1.0949]
[null,null,null,null,"10609","106","Shelby","09",null,null,"OLDH","Oldham","09301","Oldham","(DIST 01)","Oldham (DIST 01)","Oldham (DIST 01)","Oldham (DIST 00)",1.0981000000000001,0.10639999999999999,null,"Oldham (DIST 00)",1.0981000000000001,0.10639999999999999,null,null,null,null,null,null,null,null,null,"Shelby","(DIST 09)","Shelby (DIST 09)",null,"Shelby",null,"(502) 633-4403",null,"Todd (DIST 03)","TODD03",1.2606000000000002,"TODD","Todd","03","Todd (DIST 03)",null,null,null,"Oldham (DIST 01)",1.4599000000000002]
[null,null,null,null,"10610","106","Shelby","10",null,null,"OLDH","Oldham","09302","Oldham","(DIST 02)","Oldham (DIST 02)","Oldham (DIST 02)","Oldham (DIST 01)",1.4631000000000003,0.2064,null,"Oldham (DIST 01)",1.4631000000000003,0.2064,null,null,null,null,null,null,null,null,null,"Shelby","(DIST 10)","Shelby (DIST 10)",null,"Shelby",null,"(502) 633-4403",null,"Todd (DIST 04)","TODD04",0.76060000000000005,"TODD","Todd","04","Todd (DIST 04)",null,null,null,"Oldham (DIST 02)",1.3388]
[null,null,null,null,"10611","106","Shelby","11",null,null,"OLDH","Oldham","09303","Oldham","(DIST 03)","Oldham (DIST 03)","Oldham (DIST 03)","Oldham (DIST 02)",1.3420000000000001,0.2064,null,"Oldham (DIST 02)",1.3420000000000001,0.2064,null,null,null,null,null,null,null,null,null,"Shelby","(DIST 11)","Shelby (DIST 11)",null,"Shelby",null,"(502) 633-4403",null,"Todd (DIST 05)","TODD05",0.76060000000000005,"TODD","Todd","05","Todd (DIST 05)",null,null,null,"Oldham (DIST 03)",1.2548999999999999]
[null,null,null,null,"10612","106","Shelby","12",null,null,"OLDH","Oldham","09304","Oldham","(DIST 04)","Oldham (DIST 04)","Oldham (DIST 04)","Oldham (DIST 03)",1.2581,0.26640000000000003,null,"Oldham (DIST 03)",1.2581,0.26640000000000003,null,null,null,null,null,null,null,null,null,"Shelby","(DIST 12)","Shelby (DIST 12)",null,"Shelby",null,"(502) 633-4403",null,"Todd (DIST 06)","TODD06",0.76060000000000005,"TODD","Todd","06","Todd (DIST 06)",null,null,null,"Oldham (DIST 04)",1.1869000000000001]
[null,null,null,null,"10613","106","Shelby","13",null,null,"OLDH","Oldham","09305","Oldham","(DIST 05)","Oldham (DIST 05)","Oldham (DIST 05)","Oldham (DIST 04)",1.1981000000000002,0.2064,null,"Oldham (DIST 04)",1.1981000000000002,0.2064,null,null,null,null,null,null,null,null,null,"Shelby","(DIST 13)","Shelby (DIST 13)",null,"Shelby",null,"(502) 633-4403",null,"Todd (DIST 07)","TODD07",0.76060000000000005,"TODD","Todd","07","Todd (DIST 07)",null,null,null,"Oldham (DIST 05)",1.0949]
[null,null,null,null,"106ND","106","Shelby","ND",null,null,"OLDH","Oldham","09306","Oldham","(DIST 06)","Oldham (DIST 06)","Oldham (DIST 06)","Oldham (DIST 05)",1.0981000000000001,0.10639999999999999,null,"Oldham (DIST 05)",1.0981000000000001,0.10639999999999999,null,null,null,null,null,null,null,null,null,"Shelby","(DIST ND)","Shelby (DIST ND)",null,"Shelby",null,"(502) 633-4403",null,"Trigg (DIST 00)","TRIG00",0.93969999999999998,"TRIG","Trigg","00","Trigg (DIST 00)",null,null,null,"Oldham (DIST 06)",1.2548999999999999]
[null,null,null,null,"10700","107","Simpson","00",null,null,"OLDH","Oldham","09307","Oldham","(DIST 07)","Oldham (DIST 07)","Oldham (DIST 07)","Oldham (DIST 06)",1.2581,0.26640000000000003,null,"Oldham (DIST 06)",1.2581,0.26640000000000003,null,null,null,null,null,null,null,null,null,"Simpson","(DIST 00)","Simpson (DIST 00)",null,"Simpson",null,"(270) 586-4261",null,"Trigg (DIST 01)","TRIG01",1.1562000000000001,"TRIG","Trigg","01","Trigg (DIST 01)",null,null,null,"Oldham (DIST 07)",1.1949000000000001]
[null,null,null,null,"10701","107","Simpson","01",null,null,"OLDH","Oldham","09308","Oldham","(DIST 08)","Oldham (DIST 08)","Oldham (DIST 08)","Oldham (DIST 07)",1.1981000000000002,0.10639999999999999,null,"Oldham (DIST 07)",1.1981000000000002,0.10639999999999999,null,null,null,null,null,null,null,null,null,"Simpson","(DIST 01)","Simpson (DIST 01)",null,"Simpson",null,"(270) 586-4261",null,"Trimble (DIST 00)","TRIM00",1.0535999999999999,"TRIM","Trimble","00","Trimble (DIST 00)",null,null,null,"Oldham (DIST 08)",1.1949000000000001]
[null,null,null,null,"10730","107","Simpson","30",null,null,"OLDH","Oldham","09309","Oldham","(DIST 09)","Oldham (DIST 09)","Oldham (DIST 09)","Oldham (DIST 08)",1.1981000000000002,0.2064,null,"Oldham (DIST 08)",1.1981000000000002,0.2064,null,null,null,null,null,null,null,null,null,"Simpson","(DIST 30)","Simpson (DIST 30)",null,"Simpson",null,"(270) 586-4261",null,"Trimble (DIST 01)","TRIM01",1.2035999999999998,"TRIM","Trimble","01","Trimble (DIST 01)",null,null,null,"Oldham (DIST 09)",1.1869000000000001]
[null,null,null,null,"10761","107","Simpson","61",null,null,"OLDH","Oldham","09310","Oldham","(DIST 10)","Oldham (DIST 10)","Oldham (DIST 10)","Oldham (DIST 09)",1.1981000000000002,0.2064,null,"Oldham (DIST 09)",1.1981000000000002,0.2064,null,null,null,null,null,null,null,null,null,"Simpson","(DIST 61)","Simpson (DIST 61)",null,"Simpson",null,"(270) 586-4261",null,"Trimble (DIST 02)","TRIM02",1.0535999999999999,"TRIM","Trimble","02","Trimble (DIST 02)",null,null,null,"Oldham (DIST 10)",1.1949000000000001]
[null,null,null,null,"10801","108","Spencer","01",null,null,"OLDH","Oldham","09311","Oldham","(DIST 11)","Oldham (DIST 11)","Oldham (DIST 11)","Oldham (DIST 10)",1.1981000000000002,0.2064,null,"Oldham (DIST 10)",1.1981000000000002,0.2064,null,null,null,null,null,null,null,null,null,"Spencer","(DIST 01)","Spencer (DIST 01)",null,"Spencer",null,"(502) 477-3207",null,"Union (DIST 00)","UNIO00",0.96599999999999997,"UNIO","Union","00","Union (DIST 00)",null,null,null,"Oldham (DIST 11)",1.1949000000000001]
[null,null,null,null,"10803","108","Spencer","03",null,null,"OLDH","Oldham","09312","Oldham","(DIST 12)","Oldham (DIST 12)","Oldham (DIST 12)","Oldham (DIST 11)",1.1981000000000002,0.2064,null,"Oldham (DIST 11)",1.1981000000000002,0.2064,null,null,null,null,null,null,null,null,null,"Spencer","(DIST 03)","Spencer (DIST 03)",null,"Spencer",null,"(502) 477-3207",null,"Union (DIST 01)","UNIO01",1.6404000000000001,"UNIO","Union","01","Union (DIST 01)",null,null,null,"Oldham (DIST 12)",1.1848999999999998]
[null,null,null,null,"10804","108","Spencer","04",null,null,"OLDH","Oldham","09313","Oldham","(DIST 13)","Oldham (DIST 13)","Oldham (DIST 13)","Oldham (DIST 12)",1.1931000000000003,0.10639999999999999,null,"Oldham (DIST 12)",1.1931000000000003,0.10639999999999999,null,null,null,null,null,null,null,null,null,"Spencer","(DIST 04)","Spencer (DIST 04)",null,"Spencer",null,"(502) 477-3207",null,"Union (DIST 02)","UNIO02",1.3831,"UNIO","Union","02","Union (DIST 02)",null,null,null,"Oldham (DIST 13)",1.0949]
[null,null,null,null,"10823","108","Spencer","23",null,null,"OLDH","Oldham","09314","Oldham","(DIST 14)","Oldham (DIST 14)","Oldham (DIST 14)","Oldham (DIST 13)",1.0981000000000001,0.10639999999999999,null,"Oldham (DIST 13)",1.0981000000000001,0.10639999999999999,null,null,null,null,null,null,null,null,null,"Spencer","(DIST 23)","Spencer (DIST 23)",null,"Spencer",null,"(502) 477-3207",null,"Union (DIST 03)","UNIO03",1.1332,"UNIO","Union","03","Union (DIST 03)",null,null,null,"Oldham (DIST 14)",1.1848999999999998]
[null,null,null,null,"10833","108","Spencer","33",null,null,"OLDH","Oldham","09315","Oldham","(DIST 15)","Oldham (DIST 15)","Oldham (DIST 15)","Oldham (DIST 14)",1.1931000000000003,0.10639999999999999,null,"Oldham (DIST 14)",1.1931000000000003,0.10639999999999999,null,null,null,null,null,null,null,null,null,"Spencer","(DIST 33)","Spencer (DIST 33)",null,"Spencer",null,"(502) 477-3207",null,"Union (DIST 04)","UNIO04",1.7336,"UNIO","Union","04","Union (DIST 04)",null,null,null,"Oldham (DIST 15)",1.3308]
[null,null,null,null,"108ND","108","Spencer","ND",null,null,"OLDH","Oldham","09316","Oldham","(DIST 16)","Oldham (DIST 16)","Oldham (DIST 16)","Oldham (DIST 15)",1.3420000000000001,0.2064,null,"Oldham (DIST 15)",1.3420000000000001,0.2064,null,null,null,null,null,null,null,null,null,"Spencer","(DIST ND)","Spencer (DIST ND)",null,"Spencer",null,"(502) 477-3207",null,"Warren (DIST 00)","WARR00",0.72970000000000002,"WARR","Warren","00","Warren (DIST 00)",null,null,null,"Oldham (DIST 16)",1.0949]
[null,null,null,null,"10900","109","Taylor","00",null,null,"OLDH","Oldham","09317","Oldham","(DIST 17)","Oldham (DIST 17)","Oldham (DIST 17)","Oldham (DIST 16)",1.0981000000000001,0.10639999999999999,null,"Oldham (DIST 16)",1.0981000000000001,0.10639999999999999,null,null,null,null,null,null,null,null,null,"Taylor","(DIST 00)","Taylor (DIST 00)",null,"Taylor",null,"(270) 465-5811",null,"Warren (DIST 02)","WARR02",1.3736999999999999,"WARR","Warren","02","Warren (DIST 02)",null,null,null,"Oldham (DIST 17)",1.1869000000000001]
[null,null,null,null,"10901","109","Taylor","01",null,null,"OLDH","Oldham","09320","Oldham","(DIST 20)","Oldham (DIST 20)","Oldham (DIST 20)","Oldham (DIST 17)",1.1981000000000002,0.2064,null,"Oldham (DIST 17)",1.1981000000000002,0.2064,null,null,null,null,null,null,null,null,null,"Taylor","(DIST 01)","Taylor (DIST 01)",null,"Taylor",null,"(270) 465-5811",null,"Warren (DIST 03)","WARR03",0.98970000000000002,"WARR","Warren","03","Warren (DIST 03)",null,null,null,"Oldham (DIST 20)",1.4599000000000002]
[null,null,null,null,"10902","109","Taylor","02",null,null,"OLDH","Oldham","UNKNOWN","Oldham","(DIST UNKNOWN)"," (DIST UNKNOWN)"," (DIST UNKNOWN)","Oldham (DIST 20)",1.4631000000000003,0.2064,null,"Oldham (DIST 20)",1.4631000000000003,0.2064,null,null,null,null,null,null,null,null,null,"Taylor","(DIST 02)","Taylor (DIST 02)",null,"Taylor",null,"(270) 465-5811",null,"Warren (DIST 04)","WARR04",0.86099999999999999,"WARR","Warren","04","Warren (DIST 04)",null,null,null,"Oldham (UNKNOWN)",{"$error":"#N/A"}]
[null,null,null,null,"10903","109","Taylor","03",null,null,"OWEN","Owen","09400","Owen","(DIST 00)","Owen (DIST 00)","Owen (DIST 00)","Oldham (UNKNOWN)",1.0981000000000001,0.10639999999999999,null,"Oldham (UNKNOWN)",1.0981000000000001,0.10639999999999999,null,null,null,null,null,null,null,null,null,"Taylor","(DIST 03)","Taylor (DIST 03)",null,"Taylor",null,"(270) 465-5811",null,"Warren (DIST 05)","WARR05",1.0297000000000001,"WARR","Warren","05","Warren (DIST 05)",null,null,null,"Owen (DIST 00)",1.0922999999999998]
[null,null,null,null,"10931","109","Taylor","31",null,null,"OWEN","Owen","09401","Owen","(DIST 01)","Owen (DIST 01)","Owen (DIST 01)","Owen (DIST 00)",1.0948999999999998,0.13120000000000001,null,"Owen (DIST 00)",1.0948999999999998,0.13120000000000001,null,null,null,null,null,null,null,null,null,"Taylor","(DIST 31)","Taylor (DIST 31)",null,"Taylor",null,"(270) 465-5811",null,"Washington (DIST 00)","WASH00",1.0211000000000001,"WASH","Washington","00","Washington (DIST 00)",null,null,null,"Owen (DIST 01)",1.5902999999999998]
[null,null,null,null,"10951","109","Taylor","51",null,null,"OWEN","Owen","09404","Owen","(DIST 04)","Owen (DIST 04)","Owen (DIST 04)","Owen (DIST 01)",1.5038999999999998,0.13120000000000001,null,"Owen (DIST 01)",1.5038999999999998,0.13120000000000001,null,null,null,null,null,null,null,null,null,"Taylor","(DIST 51)","Taylor (DIST 51)",null,"Taylor",null,"(270) 465-5811",null,"Washington (DIST 03)","WASH03",1.1764000000000001,"WASH","Washington","03","Washington (DIST 03)",null,null,null,"Owen (DIST 04)",1.2822999999999998]
[null,null,null,null,"11001","110","Todd","01",null,null,"OWEN","Owen","UNKNOWN","Owen","(DIST UNKNOWN)"," (DIST UNKNOWN)"," (DIST UNKNOWN)","Owen (DIST 04)",1.2848999999999997,0.13120000000000001,null,"Owen (DIST 04)",1.2848999999999997,0.13120000000000001,null,null,null,null,null,null,null,null,null,"Todd","(DIST 01)","Todd (DIST 01)",null,"Todd",null,"(270) 265-9966",null,"Washington (DIST 05)","WASH05",1.0211000000000001,"WASH","Washington","05","Washington (DIST 05)",null,null,null,"Owen (UNKNOWN)",{"$error":"#N/A"}]
[null,null,null,null,"11002","110","Todd","02",null,null,"OWSL","Owsley","09500","Owsley","(DIST 00)","Owsley (DIST 00)","Owsley (DIST 00)","Owen (UNKNOWN)",1.0948999999999998,0.13120000000000001,null,"Owen (UNKNOWN)",1.0948999999999998,0.13120000000000001,null,null,null,null,null,null,null,null,null,"Todd","(DIST 02)","Todd (DIST 02)",null,"Todd",null,"(270) 265-9966",null,"Wayne (DIST 01)","WAYN01",1.1446000000000001,"WAYN","Wayne","01","Wayne (DIST 01)",null,null,null,"Owsley (DIST 00)",1.3952]
[null,null,null,null,"11003","110","Todd","03",null,null,"OWSL","Owsley","09501","Owsley","(DIST 01)","Owsley (DIST 01)","Owsley (DIST 01)","Owsley (DIST 00)",1.5179,0.13120000000000001,null,"Owsley (DIST 00)",1.5179,0.13120000000000001,null,null,null,null,null,null,null,null,null,"Todd","(DIST 03)","Todd (DIST 03)",null,"Todd",null,"(270) 265-9966",null,"Wayne (DIST 04)","WAYN04",1.2656000000000001,"WAYN","Wayne","04","Wayne (DIST 04)",null,null,null,"Owsley (DIST 01)",1.6952]
[null,null,null,null,"11004","110","Todd","04",null,null,"OWSL","Owsley","UNKNOWN","Owsley","(DIST UNKNOWN)"," (DIST UNKNOWN)"," (DIST UNKNOWN)","Owsley (DIST 01)",1.8179000000000001,0.13120000000000001,null,"Owsley (DIST 01)",1.8179000000000001,0.13120000000000001,null,null,null,null,null,null,null,null,null,"Todd","(DIST 04)","Todd (DIST 04)",null,"Todd",null,"(270) 265-9966",null,"Webster (DIST 01)","WEBS01",1.1080999999999999,"WEBS","Webster","01","Webster (DIST 01)",null,null,null,"Owsley (UNKNOWN)",{"$error":"#N/A"}]
[null,null,null,null,"11005","110","Todd","05",null,null,"PEND","Pendleton","09600","Pendleton","(DIST 00)","Pendleton (DIST 00)","Pendleton (DIST 00)","Owsley (UNKNOWN)",1.5179,0.13120000000000001,null,"Owsley (UNKNOWN)",1.5179,0.13120000000000001,null,null,null,null,null,null,null,null,null,"Todd","(DIST 05)","Todd (DIST 05)",null,"Todd",null,"(270) 265-9966",null,"Webster (DIST 02)","WEBS02",1.4020999999999999,"WEBS","Webster","02","Webster (DIST 02)",null,null,null,"Pendleton (DIST 00)",1.3683000000000001]
[null,null,null,null,"11006","110","Todd","06",null,null,"PEND","Pendleton","09601","Pendleton","(DIST 01)","Pendleton (DIST 01)","Pendleton (DIST 01)","Pendleton (DIST 00)",1.2711000000000001,0.3851,null,"Pendleton (DIST 00)",1.2711000000000001,0.3851,null,null,null,null,null,null,null,null,null,"Todd","(DIST 06)","Todd (DIST 06)",null,"Todd",null,"(270) 265-9966",null,"Webster (DIST 03)","WEBS03",1.2448000000000001,"WEBS","Webster","03","Webster (DIST 03)",null,null,null,"Pendleton (DIST 01)",1.7823]
[null,null,null,null,"11007","110","Todd","07",null,null,"PEND","Pendleton","09602","Pendleton","(DIST 02)","Pendleton (DIST 02)","Pendleton (DIST 02)","Pendleton (DIST 01)",3.6850999999999998,0.3851,null,"Pendleton (DIST 01)",3.6850999999999998,0.3851,null,null,null,null,null,null,null,null,null,"Todd","(DIST 07)","Todd (DIST 07)",null,"Todd",null,"(270) 265-9966",null,"Webster (DIST 04)","WEBS04",1.5265,"WEBS","Webster","04","Webster (DIST 04)",null,null,null,"Pendleton (DIST 02)",2.0663]
[null,null,null,null,"11100","111","Trigg","00",null,null,"PEND","Pendleton","09604","Pendleton","(DIST 04)","Pendleton (DIST 04)","Pendleton (DIST 04)","Pendleton (DIST 02)",1.9241000000000001,0.3851,null,"Pendleton (DIST 02)",1.9241000000000001,0.3851,null,null,null,null,null,null,null,null,null,"Trigg","(DIST 00)","Trigg (DIST 00)",null,"Trigg",null,"(270) 522-3271",null,"Webster (DIST 05)","WEBS05",1.2380999999999998,"WEBS","Webster","05","Webster (DIST 05)",null,null,null,"Pendleton (DIST 04)",1.4682999999999999]
[null,null,null,null,"11101","111","Trigg","01",null,null,"PEND","Pendleton","09605","Pendleton","(DIST 05)","Pendleton (DIST 05)","Pendleton (DIST 05)","Pendleton (DIST 04)",1.3711,0.58509999999999995,null,"Pendleton (DIST 04)",1.3711,0.58509999999999995,null,null,null,null,null,null,null,null,null,"Trigg","(DIST 01)","Trigg (DIST 01)",null,"Trigg",null,"(270) 522-3271",null,"Webster (DIST 07)","WEBS07",1.4560999999999997,"WEBS","Webster","07","Webster (DIST 07)",null,null,null,"Pendleton (DIST 05)",1.4682999999999999]
[null,null,null,null,"11150","111","Trigg","50",null,null,"PEND","Pendleton","UNKNOWN","Pendleton","(DIST UNKNOWN)"," (DIST UNKNOWN)"," (DIST UNKNOWN)","Pendleton (DIST 05)",1.3711,0.58509999999999995,null,"Pendleton (DIST 05)",1.3711,0.58509999999999995,null,null,null,null,null,null,null,null,null,"Trigg","(DIST 50)","Trigg (DIST 50)",null,"Trigg",null,"(270) 522-3271",null,"Whitley (DIST 00)","WHIT00",0.75839999999999996,"WHIT","Whitley","00","Whitley (DIST 00)",null,null,null,"Pendleton (UNKNOWN)",{"$error":"#N/A"}]
[null,null,null,null,"11151","111","Trigg","51",null,null,"PERRY","Perry","09701","Perry","(DIST 01)","Perry (DIST 01)","Perry (DIST 01)","Pendleton (UNKNOWN)",1.2710999999999999,0.3851,null,"Pendleton (UNKNOWN)",1.2710999999999999,0.3851,null,null,null,null,null,null,null,null,null,"Trigg","(DIST 51)","Trigg (DIST 51)",null,"Trigg",null,"(270) 522-3271",null,"Whitley (DIST 01)","WHIT01",1.2083999999999999,"WHIT","Whitley","01","Whitley (DIST 01)",null,null,null,"Perry (DIST 01)",{"$error":"#N/A"}]
[null,null,null,null,"11200","112","Trimble","00",null,null,"PERRY","Perry","09702","Perry","(DIST 02)","Perry (DIST 02)","Perry (DIST 02)","Perry (DIST 01)",0.91180000000000005,0.1968,null,"Perry (DIST 01)",0.91180000000000005,0.1968,null,null,null,null,null,null,null,null,null,"Trimble","(DIST 00)","Trimble (DIST 00)",null,"Trimble",null,"(502) 255-3592",null,"Whitley (DIST 02)","WHIT02",1.2704,"WHIT","Whitley","02","Whitley (DIST 02)",null,null,null,"Perry (DIST 02)",{"$error":"#N/A"}]
[null,null,null,null,"11201","112","Trimble","01",null,null,"PERRY","Perry","09703","Perry","(DIST 03)","Perry (DIST 03)","Perry (DIST 03)","Perry (DIST 02)",1.0058,0.1968,null,"Perry (DIST 02)",1.0058,0.1968,null,null,null,null,null,null,null,null,null,"Trimble","(DIST 01)","Trimble (DIST 01)",null,"Trimble",null,"(502) 255-3592",null,"Whitley (DIST 03)","WHIT03",0.82040000000000002,"WHIT","Whitley","03","Whitley (DIST 03)",null,null,null,"Perry (DIST 03)",{"$error":"#N/A"}]
[null,null,null,null,"11202","112","Trimble","02",null,null,"PERRY","Perry","09704","Perry","(DIST 04)","Perry (DIST 04)","Perry (DIST 04)","Perry (DIST 03)",1.3168,0.1968,null,"Perry (DIST 03)",1.3168,0.1968,null,null,null,null,null,null,null,null,null,"Trimble","(DIST 02)","Trimble (DIST 02)",null,"Trimble",null,"(502) 255-3592",null,"Whitley (DIST 04)","WHIT04",1.0204,"WHIT","Whitley","04","Whitley (DIST 04)",null,null,null,"Perry (DIST 04)",{"$error":"#N/A"}]
[null,null,null,null,"11300","113","Union","00",null,null,"PERRY","Perry","09705","Perry","(DIST 05)","Perry (DIST 05)","Perry (DIST 05)","Perry (DIST 04)",1.2228000000000001,0.1968,null,"Perry (DIST 04)",1.2228000000000001,0.1968,null,null,null,null,null,null,null,null,null,"Union","(DIST 00)","Union (DIST 00)",null,"Union",null,"(270) 389-1933",null,"Whitley (DIST 05)","WHIT05",1.1556999999999999,"WHIT","Whitley","05","Whitley (DIST 05)",null,null,null,"Perry (DIST 05)",{"$error":"#N/A"}]
[null,null,null,null,"11301","113","Union","01",null,null,"PERRY","Perry","09706","Perry","(DIST 06)","Perry (DIST 06)","Perry (DIST 06)","Perry (DIST 05)",0.91180000000000005,0.1968,null,"Perry (DIST 05)",0.91180000000000005,0.1968,null,null,null,null,null,null,null,null,null,"Union","(DIST 01)","Union (DIST 01)",null,"Union",null,"(270) 389-1933",null,"Whitley (DIST 06)","WHIT06",1.4177,"WHIT","Whitley","06","Whitley (DIST 06)",null,null,null,"Perry (DIST 06)",{"$error":"#N/A"}]
[null,null,null,null,"11302","113","Union","02",null,null,"PERRY","Perry","UNKNOWN","Perry","(DIST UNKNOWN)"," (DIST UNKNOWN)"," (DIST UNKNOWN)","Perry (DIST 06)",0.96179999999999999,0.1968,null,"Perry (DIST 06)",0.96179999999999999,0.1968,null,null,null,null,null,null,null,null,null,"Union","(DIST 02)","Union (DIST 02)",null,"Union",null,"(270) 389-1933",null,"Wolfe (DIST 00)","WOLF00",0.98899999999999999,"WOLF","Wolfe","00","Wolfe (DIST 00)",null,null,null,"Perry (UNKNOWN)",{"$error":"#N/A"}]
[null,null,null,null,"11303","113","Union","03",null,null,"PIKE","Pike","09801","Pike","(DIST 01)","Pike (DIST 01)","Pike (DIST 01)","Perry (UNKNOWN)",0.91180000000000005,0.1968,null,"Perry (UNKNOWN)",0.91180000000000005,0.1968,null,null,null,null,null,null,null,null,null,"Union","(DIST 03)","Union (DIST 03)",null,"Union",null,"(270) 389-1933",null,"Wolfe (DIST 01)","WOLF01",1.123,"WOLF","Wolfe","01","Wolfe (DIST 01)",null,null,null,"Pike (DIST 01)",1.5715999999999999]
[null,null,null,null,"11304","113","Union","04",null,null,"PIKE","Pike","09802","Pike","(DIST 02)","Pike (DIST 02)","Pike (DIST 02)","Pike (DIST 01)",1.4825999999999999,0.22159999999999999,null,"Pike (DIST 01)",1.4825999999999999,0.22159999999999999,null,null,null,null,null,null,null,null,null,"Union","(DIST 04)","Union (DIST 04)",null,"Union",null,"(270) 389-1933",null,"Woodford (DIST 01)","WOOD01",0.93199999999999994,"WOOD","Woodford","01","Woodford (DIST 01)",null,null,null,"Pike (DIST 02)",1.4316]
[null,null,null,null,"113ND","113","Union","ND",null,null,"PIKE","Pike","09803","Pike","(DIST 03)","Pike (DIST 03)","Pike (DIST 03)","Pike (DIST 02)",1.3685999999999998,0.22159999999999999,null,"Pike (DIST 02)",1.3685999999999998,0.22159999999999999,null,null,null,null,null,null,null,null,null,"Union","(DIST ND)","Union (DIST ND)",null,"Union",null,"(270) 389-1933",null,"Woodford (DIST 02)","WOOD02",0.96899999999999997,"WOOD","Woodford","02","Woodford (DIST 02)",null,null,null,"Pike (DIST 03)",1.4216]
[null,null,null,null,"11400","114","Warren","00",null,null,"PIKE","Pike","09805","Pike","(DIST 05)","Pike (DIST 05)","Pike (DIST 05)","Pike (DIST 03)",1.3326,0.22159999999999999,null,"Pike (DIST 03)",1.3326,0.22159999999999999,null,null,null,null,null,null,null,null,null,"Warren","(DIST 00)","Warren (DIST 00)",null,"Warren",null,"(270) 843-3268",null,"Woodford (DIST 03)","WOOD03",0.93100000000000005,"WOOD","Woodford","03","Woodford (DIST 03)",null,null,null,"Pike (DIST 05)",1.6215999999999999]
[null,null,null,null,"11402","114","Warren","02",null,null,"PIKE","Pike","UNKNOWN","Pike","(DIST UNKNOWN)"," (DIST UNKNOWN)"," (DIST UNKNOWN)","Pike (DIST 05)",1.5326,0.22159999999999999,null,"Pike (DIST 05)",1.5326,0.22159999999999999,null,null,null,null,null,null,null,null,null,"Warren","(DIST 02)","Warren (DIST 02)",null,"Warren",null,"(270) 843-3268",null,null,null,null,null,null,null,null,null,null,null,"Pike (UNKNOWN)",{"$error":"#N/A"}]
[null,null,null,null,"11403","114","Warren","03",null,null,"POWE","Powell","09900","Powell","(DIST 00)","Powell (DIST 00)","Powell (DIST 00)","Pike (UNKNOWN)",1.3326,0.22159999999999999,null,"Pike (UNKNOWN)",1.3326,0.22159999999999999,null,null,null,null,null,null,null,null,null,"Warren","(DIST 03)","Warren (DIST 03)",null,"Warren",null,"(270) 843-3268",null,null,null,null,null,null,null,null,null,null,null,"Powell (DIST 00)",0.77929999999999999]
[null,null,null,null,"11404","114","Warren","04",null,null,"POWE","Powell","09901","Powell","(DIST 01)","Powell (DIST 01)","Powell (DIST 01)","Powell (DIST 00)",0.80800000000000005,8.9700000000000002E-2,null,"Powell (DIST 00)",0.80800000000000005,8.9700000000000002E-2,null,null,null,null,null,null,null,null,null,"Warren","(DIST 04)","Warren (DIST 04)",null,"Warren",null,"(270) 843-3268",null,null,null,null,null,null,null,null,null,null,null,"Powell (DIST 01)",0.89929999999999999]
[null,null,null,null,"11405","114","Warren","05",null,null,"POWE","Powell","09902","Powell","(DIST 02)","Powell (DIST 02)","Powell (DIST 02)","Powell (DIST 01)",0.94500000000000006,8.9700000000000002E-2,null,"Powell (DIST 01)",0.94500000000000006,8.9700000000000002E-2,null,null,null,null,null,null,null,null,null,"Warren","(DIST 05)","Warren (DIST 05)",null,"Warren",null,"(270) 843-3268",null,null,null,null,null,null,null,null,null,null,null,"Powell (DIST 02)",0.88329999999999997]
[null,null,null,null,"11500","115","Washington","00",null,null,"POWE","Powell","UNKNOWN","Powell","(DIST UNKNOWN)"," (DIST UNKNOWN)"," (DIST UNKNOWN)","Powell (DIST 02)",0.91600000000000004,8.9700000000000002E-2,null,"Powell (DIST 02)",0.91600000000000004,8.9700000000000002E-2,null,null,null,null,null,null,null,null,null,"Washington","(DIST 00)","Washington (DIST 00)",null,"Washington",null,"(859) 336-5420",null,null,null,null,null,null,null,null,null,null,null,"Powell (UNKNOWN)",{"$error":"#N/A"}]
[null,null,null,null,"11503","115","Washington","03",null,null,"PULA","Pulaski","10011","Pulaski","(DIST 11)","Pulaski (DIST 11)","Pulaski (DIST 11)","Powell (UNKNOWN)",0.80800000000000005,8.9700000000000002E-2,null,"Powell (UNKNOWN)",0.80800000000000005,8.9700000000000002E-2,null,null,null,null,null,null,null,null,null,"Washington","(DIST 03)","Washington (DIST 03)",null,"Washington",null,"(859) 336-5420",null,null,null,null,null,null,null,null,null,null,null,"Pulaski (DIST 11)",0.73140000000000005]
[null,null,null,null,"11505","115","Washington","05",null,null,"PULA","Pulaski","10013","Pulaski","(DIST 13)","Pulaski (DIST 13)","Pulaski (DIST 13)","Pulaski (DIST 11)",0.6976,0.12559999999999999,null,"Pulaski (DIST 11)",0.6976,0.12559999999999999,null,null,null,null,null,null,null,null,null,"Washington","(DIST 05)","Washington (DIST 05)",null,"Washington",null,"(859) 336-5420",null,null,null,null,null,null,null,null,null,null,null,"Pulaski (DIST 13)",0.81540000000000001]
[null,null,null,null,"11601","116","Wayne","01",null,null,"PULA","Pulaski","10021","Pulaski","(DIST 21)","Pulaski (DIST 21)","Pulaski (DIST 21)","Pulaski (DIST 11)/(UNKNOWN)",0.6976,0.12559999999999999,null,"Pulaski (DIST 11)/(UNKNOWN)",0.6976,0.12559999999999999,null,null,null,null,null,null,null,null,null,"Wayne","(DIST 01)","Wayne (DIST 01)",null,"Wayne",null,"(606) 348-6621",null,null,null,null,null,null,null,null,null,null,null,"Pulaski (DIST 21)",0.86140000000000005]
[null,null,null,null,"11604","116","Wayne","04",null,null,"PULA","Pulaski","10022","Pulaski","(DIST 22)","Pulaski (DIST 22)","Pulaski (DIST 22)","Pulaski (DIST 13)",0.80159999999999998,0.12559999999999999,null,"Pulaski (DIST 13)",0.80159999999999998,0.12559999999999999,null,null,null,null,null,null,null,null,null,"Wayne","(DIST 04)","Wayne (DIST 04)",null,"Wayne",null,"(606) 348-6621",null,null,null,null,null,null,null,null,null,null,null,"Pulaski (DIST 22)",1.1053999999999999]
[null,null,null,null,"11701","117","Webster","01",null,null,"PULA","Pulaski","10053","Pulaski","(DIST 53)","Pulaski (DIST 53)","Pulaski (DIST 53)","Pulaski (DIST 16)",0.69760000000000011,0.12559999999999999,null,"Pulaski (DIST 16)",0.69760000000000011,0.12559999999999999,null,null,null,null,null,null,null,null,null,"Webster","(DIST 01)","Webster (DIST 01)",null,"Webster",null,"(270) 639-7016",null,null,null,null,null,null,null,null,null,null,null,"Pulaski (DIST 53)",0.84040000000000004]
[null,null,null,null,"11702","117","Webster","02",null,null,"PULA","Pulaski","10061","Pulaski","(DIST 61)","Pulaski (DIST 61)","Pulaski (DIST 61)","Pulaski (DIST 21)",0.8276,0.12559999999999999,null,"Pulaski (DIST 21)",0.8276,0.12559999999999999,null,null,null,null,null,null,null,null,null,"Webster","(DIST 02)","Webster (DIST 02)",null,"Webster",null,"(270) 639-7016",null,null,null,null,null,null,null,null,null,null,null,"Pulaski (DIST 61)",0.93140000000000001]
[null,null,null,null,"11703","117","Webster","03",null,null,"PULA","Pulaski","10071","Pulaski","(DIST 71)","Pulaski (DIST 71)","Pulaski (DIST 71)","Pulaski (DIST 22)",1.0846,0.12559999999999999,null,"Pulaski (DIST 22)",1.0846,0.12559999999999999,null,null,null,null,null,null,null,null,null,"Webster","(DIST 03)","Webster (DIST 03)",null,"Webster",null,"(270) 639-7016",null,null,null,null,null,null,null,null,null,null,null,"Pulaski (DIST 71)",0.9234]
[null,null,null,null,"11704","117","Webster","04",null,null,"PULA","Pulaski","10081","Pulaski","(DIST 81)","Pulaski (DIST 81)","Pulaski (DIST 81)","Pulaski (DIST 53)",0.8266,0.12559999999999999,null,"Pulaski (DIST 53)",0.8266,0.12559999999999999,null,null,null,null,null,null,null,null,null,"Webster","(DIST 04)","Webster (DIST 04)",null,"Webster",null,"(270) 639-7016",null,null,null,null,null,null,null,null,null,null,null,"Pulaski (DIST 81)",0.88940000000000008]
[null,null,null,null,"11705","117","Webster","05",null,null,"PULA","Pulaski","UNKNOWN","Pulaski","(DIST UNKNOWN)"," (DIST UNKNOWN)"," (DIST UNKNOWN)","Pulaski (DIST 61)",0.89759999999999995,0.12559999999999999,null,"Pulaski (DIST 61)",0.89759999999999995,0.12559999999999999,null,null,null,null,null,null,null,null,null,"Webster","(DIST 05)","Webster (DIST 05)",null,"Webster",null,"(270) 639-7016",null,null,null,null,null,null,null,null,null,null,null,"Pulaski (UNKNOWN)",{"$error":"#N/A"}]
[null,null,null,null,"11707","117","Webster","07",null,null,"ROBE","Robertson","10100","Robertson","(DIST 00)","Robertson (DIST 00)","Robertson (DIST 00)","Pulaski (DIST 71)",0.88959999999999995,0.12559999999999999,null,"Pulaski (DIST 71)",0.88959999999999995,0.12559999999999999,null,null,null,null,null,null,null,null,null,"Webster","(DIST 07)","Webster (DIST 07)",null,"Webster",null,"(270) 639-7016",null,null,null,null,null,null,null,null,null,null,null,"Robertson (DIST 00)",1.3263]
[null,null,null,null,"11800","118","Whitley","00",null,null,"ROBE","Robertson","10101","Robertson","(DIST 01)","Robertson (DIST 01)","Robertson (DIST 01)","Pulaski (DIST 81)",0.85560000000000003,0.12559999999999999,null,"Pulaski (DIST 81)",0.85560000000000003,0.12559999999999999,null,null,null,null,null,null,null,null,null,"Whitley","(DIST 00)","Whitley (DIST 00)",null,"Whitley",null,"(606) 549-6008",null,null,null,null,null,null,null,null,null,null,null,"Robertson (DIST 01)",1.7107000000000001]
[null,null,null,null,"11801","118","Whitley","01",null,null,"ROBE","Robertson","UNKNOWN","Robertson","(DIST UNKNOWN)"," (DIST UNKNOWN)"," (DIST UNKNOWN)","Robertson (DIST 00)",1.3280000000000001,0.17649999999999999,null,"Robertson (DIST 00)",1.3280000000000001,0.17649999999999999,null,null,null,null,null,null,null,null,null,"Whitley","(DIST 01)","Whitley (DIST 01)",null,"Whitley",null,"(606) 549-6008",null,null,null,null,null,null,null,null,null,null,null,"Robertson (UNKNOWN)",{"$f":"VLOOKUP(AZ708,AP$3:AR$691,3,FALSE)","v":{"$error":"#N/A"}}]
[null,null,null,null,"11802","118","Whitley","02",null,null,"ROCK","Rockcastle","10200","Rockcastle","(DIST 00)","Rockcastle (DIST 00)","Rockcastle (DIST 00)","Robertson (DIST 01)",1.6459000000000001,0.17649999999999999,null,"Robertson (DIST 01)",1.6459000000000001,0.17649999999999999,null,null,null,null,null,null,null,null,null,"Whitley","(DIST 02)","Whitley (DIST 02)",null,"Whitley",null,"(606) 549-6008",null,null,null,null,null,null,null,null,null,null,null,"Rockcastle (DIST 00)",0.81109999999999993]
[null,null,null,null,"11803","118","Whitley","03",null,null,"ROCK","Rockcastle","10201","Rockcastle","(DIST 01)","Rockcastle (DIST 01)","Rockcastle (DIST 01)","Robertson (UNKNOWN)",1.3280000000000001,0.17649999999999999,null,"Robertson (UNKNOWN)",1.3280000000000001,0.17649999999999999,null,null,null,null,null,null,null,null,null,"Whitley","(DIST 03)","Whitley (DIST 03)",null,"Whitley",null,"(606) 549-6008",null,null,null,null,null,null,null,null,null,null,null,"Rockcastle (DIST 01)",0.96909999999999996]
[null,null,null,null,"11804","118","Whitley","04",null,null,"ROCK","Rockcastle","10202","Rockcastle","(DIST 02)","Rockcastle (DIST 02)","Rockcastle (DIST 02)","Rockcastle (DIST 00)",0.78290000000000004,0.12,null,"Rockcastle (DIST 00)",0.78290000000000004,0.12,null,null,null,null,null,null,null,null,null,"Whitley","(DIST 04)","Whitley (DIST 04)",null,"Whitley",null,"(606) 549-6008",null,null,null,null,null,null,null,null,null,null,null,"Rockcastle (DIST 02)",1.0510999999999999]
[null,null,null,null,"11805","118","Whitley","05",null,null,"ROCK","Rockcastle","10203","Rockcastle","(DIST 03)","Rockcastle (DIST 03)","Rockcastle (DIST 03)","Rockcastle (DIST 01)",0.9326000000000001,0.12,null,"Rockcastle (DIST 01)",0.9326000000000001,0.12,null,null,null,null,null,null,null,null,null,"Whitley","(DIST 05)","Whitley (DIST 05)",null,"Whitley",null,"(606) 549-6008",null,null,null,null,null,null,null,null,null,null,null,"Rockcastle (DIST 03)",1.2610999999999999]
[null,null,null,null,"11806","118","Whitley","06",null,null,"ROCK","Rockcastle","UNKNOWN","Rockcastle","(DIST UNKNOWN)"," (DIST UNKNOWN)"," (DIST UNKNOWN)","Rockcastle (DIST 02)",1.0228999999999999,0.12,null,"Rockcastle (DIST 02)",1.0228999999999999,0.12,null,null,null,null,null,null,null,null,null,"Whitley","(DIST 06)","Whitley (DIST 06)",null,"Whitley",null,"(606) 549-6008",null,null,null,null,null,null,null,null,null,null,null,"Rockcastle (UNKNOWN)",{"$error":"#N/A"}]
[null,null,null,null,"11900","119","Wolfe","00",null,null,"ROWA","Rowan","10300","Rowan","(DIST 00)","Rowan (DIST 00)","Rowan (DIST 00)","Rockcastle (DIST 03)",1.2329000000000001,0.12,null,"Rockcastle (DIST 03)",1.2329000000000001,0.12,null,null,null,null,null,null,null,null,null,"Wolfe","(DIST 00)","Wolfe (DIST 00)",null,"Wolfe",null,"(606) 668-6923",null,null,null,null,null,null,null,null,null,null,null,"Rowan (DIST 00)",0.77700000000000002]
[null,null,null,null,"11901","119","Wolfe","01",null,null,"ROWA","Rowan","10301","Rowan","(DIST 01)","Rowan (DIST 01)","Rowan (DIST 01)","Rockcastle (UNKNOWN)",0.78290000000000004,0.12,null,"Rockcastle (UNKNOWN)",0.78290000000000004,0.12,null,null,null,null,null,null,null,null,null,"Wolfe","(DIST 01)","Wolfe (DIST 01)",null,"Wolfe",null,"(606) 668-6923",null,null,null,null,null,null,null,null,null,null,null,"Rowan (DIST 01)",1.4203000000000001]
[null,null,null,null,"12001","120","Woodford","01",null,null,"ROWA","Rowan","10302","Rowan","(DIST 02)","Rowan (DIST 02)","Rowan (DIST 02)","Rowan (DIST 00)",0.76900000000000002,0.14000000000000001,null,"Rowan (DIST 00)",0.76900000000000002,0.14000000000000001,null,null,null,null,null,null,null,null,null,"Woodford","(DIST 01)","Woodford (DIST 01)",null,"Woodford",null,"(859) 873-4101",null,null,null,null,null,null,null,null,null,null,null,"Rowan (DIST 02)",0.88700000000000001]
[null,null,null,null,"12002","120","Woodford","02",null,null,"ROWA","Rowan","UNKNOWN","Rowan","(DIST UNKNOWN)"," (DIST UNKNOWN)"," (DIST UNKNOWN)","Rowan (DIST 01)",1.5181,0.14000000000000001,null,"Rowan (DIST 01)",1.5181,0.14000000000000001,null,null,null,null,null,null,null,null,null,"Woodford","(DIST 02)","Woodford (DIST 02)",null,"Woodford",null,"(859) 873-4101",null,null,null,null,null,null,null,null,null,null,null,"Rowan (UNKNOWN)",{"$error":"#N/A"}]
[null,null,null,null,"12003","120","Woodford","03",null,null,"RUSS","Russell","10400","Russell","(DIST 00)","Russell (DIST 00)","Russell (DIST 00)","Rowan (DIST 02)",0.91900000000000004,0.14000000000000001,null,"Rowan (DIST 02)",0.91900000000000004,0.14000000000000001,null,null,null,null,null,null,null,null,null,"Woodford","(DIST 03)","Woodford (DIST 03)",null,"Woodford",null,"(859) 873-4101",null,null,null,null,null,null,null,null,null,null,null,"Russell (DIST 00)",0.98480000000000001]
[null,null,null,null,null,null,null,null,null,null,"RUSS","Russell","10401","Russell","(DIST 01)","Russell (DIST 01)","Russell (DIST 01)","Rowan (UNKNOWN)",0.76900000000000002,0.14000000000000001,null,"Rowan (UNKNOWN)",0.76900000000000002,0.14000000000000001,null,null,null,null,null,null,null,null,null,"Adair","(DIST UNKNOWN)"," (DIST UNKNOWN)",null,"Adair",null,"(270) 384-3673",null,null,null,null,null,null,null,null,null,null,null,"Russell (DIST 01)",1.1477999999999999]
[null,null,null,null,null,null,null,null,null,null,"RUSS","Russell","10402","Russell","(DIST 02)","Russell (DIST 02)","Russell (DIST 02)","Russell (DIST 00)",0.95789999999999997,0.1709,null,"Russell (DIST 00)",0.95789999999999997,0.1709,null,null,null,null,null,null,null,null,null,"Allen","(DIST UNKNOWN)"," (DIST UNKNOWN)",null,"Allen",null,"(270) 237-3711",null,null,null,null,null,null,null,null,null,null,null,"Russell (DIST 02)",1.1637999999999999]
[null,null,null,null,null,null,null,null,null,null,"RUSS","Russell","UNKNOWN","Russell","(DIST UNKNOWN)"," (DIST UNKNOWN)"," (DIST UNKNOWN)","Russell (DIST 01)",1.1129,0.1709,null,"Russell (DIST 01)",1.1129,0.1709,null,null,null,null,null,null,null,null,null,"Anderson","(DIST UNKNOWN)"," (DIST UNKNOWN)",null,"Anderson",null,"(502) 839-4061",null,null,null,null,null,null,null,null,null,null,null,"Russell (UNKNOWN)",{"$error":"#N/A"}]
[null,null,null,null,null,null,null,null,null,null,"SCOT","Scott","10500","Scott","(DIST 00)","Scott (DIST 00)","Scott (DIST 00)","Russell (DIST 02)",1.0969,0.1709,null,"Russell (DIST 02)",1.0969,0.1709,null,null,null,null,null,null,null,null,null,"Ballard","(DIST UNKNOWN)"," (DIST UNKNOWN)",null,"Ballard",null,"(270) 335-3400",null,null,null,null,null,null,null,null,null,null,null,"Scott (DIST 00)",0.77969999999999995]
[null,null,null,null,null,null,null,null,null,null,"SCOT","Scott","10502","Scott","(DIST 02)","Scott (DIST 02)","Scott (DIST 02)","Russell (UNKNOWN)",0.95789999999999997,0.1709,null,"Russell (UNKNOWN)",0.95789999999999997,0.1709,null,null,null,null,null,null,null,null,null,"Barren","(DIST UNKNOWN)"," (DIST UNKNOWN)",null,"Barren",null,"(270) 651-2026",null,null,null,null,null,null,null,null,null,null,null,"Scott (DIST 02)",0.84470000000000001]
[null,null,null,null,null,null,null,null,null,null,"SCOT","Scott","10503","Scott","(DIST 03)","Scott (DIST 03)","Scott (DIST 03)","Scott (DIST 00)",0.8044,9.4100000000000003E-2,null,"Scott (DIST 00)",0.8044,9.4100000000000003E-2,null,null,null,null,null,null,null,null,null,"Bath","(DIST UNKNOWN)"," (DIST UNKNOWN)",null,"Bath",null,"(606) 674-6382",null,null,null,null,null,null,null,null,null,null,null,"Scott (DIST 03)",0.81669999999999998]
[null,null,null,null,null,null,null,null,null,null,"SCOT","Scott","10504","Scott","(DIST 04)","Scott (DIST 04)","Scott (DIST 04)","Scott (DIST 02)",0.86640000000000006,9.4100000000000003E-2,null,"Scott (DIST 02)",0.86640000000000006,9.4100000000000003E-2,null,null,null,null,null,null,null,null,null,"Bell","(DIST UNKNOWN)"," (DIST UNKNOWN)",null,"Bell",null,"(606) 337-2720",null,null,null,null,null,null,null,null,null,null,null,"Scott (DIST 04)",0.92769999999999997]
[null,null,null,null,null,null,null,null,null,null,"SCOT","Scott","10505","Scott","(DIST 05)","Scott (DIST 05)","Scott (DIST 05)","Scott (DIST 03)",0.84140000000000004,9.4100000000000003E-2,null,"Scott (DIST 03)",0.84140000000000004,9.4100000000000003E-2,null,null,null,null,null,null,null,null,null,"Boone","(DIST UNKNOWN)"," (DIST UNKNOWN)",null,"Boone",null,"(859) 334-2181",null,null,null,null,null,null,null,null,null,null,null,"Scott (DIST 05)",1.0796999999999999]
[null,null,null,null,null,null,null,null,null,null,"SCOT","Scott","UNKNOWN","Scott","(DIST UNKNOWN)"," (DIST UNKNOWN)"," (DIST UNKNOWN)","Scott (DIST 04)",0.94140000000000001,9.4100000000000003E-2,null,"Scott (DIST 04)",0.94140000000000001,9.4100000000000003E-2,null,null,null,null,null,null,null,null,null,"Bourbon","(DIST UNKNOWN)"," (DIST UNKNOWN)",null,"Bourbon",null,"(859) 987-2152",null,null,null,null,null,null,null,null,null,null,null,"Scott (UNKNOWN)",{"$error":"#N/A"}]
[null,null,null,null,null,null,null,null,null,null,"SHEL","Shelby","10600","Shelby","(DIST 00)","Shelby (DIST 00)","Shelby (DIST 00)","Scott (DIST 05)",1.1044,9.4100000000000003E-2,null,"Scott (DIST 05)",1.1044,9.4100000000000003E-2,null,null,null,null,null,null,null,null,null,"Boyd","(DIST UNKNOWN)"," (DIST UNKNOWN)",null,"Boyd",null,"(606) 739-5173",null,null,null,null,null,null,null,null,null,null,null,"Shelby (DIST 00)",0.93429999999999991]
[null,null,null,null,null,null,null,null,null,null,"SHEL","Shelby","10601","Shelby","(DIST 01)","Shelby (DIST 01)","Shelby (DIST 01)","Scott (UNKNOWN)",0.8044,9.4100000000000003E-2,null,"Scott (UNKNOWN)",0.8044,9.4100000000000003E-2,null,null,null,null,null,null,null,null,null,"Boyle","(DIST UNKNOWN)"," (DIST UNKNOWN)",null,"Boyle",null,"(859) 238-1104",null,null,null,null,null,null,null,null,null,null,null,"Shelby (DIST 01)",1.2595999999999998]
[null,null,null,null,null,null,null,null,null,null,"SHEL","Shelby","10602","Shelby","(DIST 02)","Shelby (DIST 02)","Shelby (DIST 02)","Shelby (DIST 00)",0.91169999999999995,7.3700000000000002E-2,null,"Shelby (DIST 00)",0.91169999999999995,7.3700000000000002E-2,null,null,null,null,null,null,null,null,null,"Bracken","(DIST UNKNOWN)"," (DIST UNKNOWN)",null,"Bracken",null,"(606) 735-2228",null,null,null,null,null,null,null,null,null,null,null,"Shelby (DIST 02)",1.0343]
[null,null,null,null,null,null,null,null,null,null,"SHEL","Shelby","10603","Shelby","(DIST 03)","Shelby (DIST 03)","Shelby (DIST 03)","Shelby (DIST 01)",1.2673999999999999,7.3700000000000002E-2,null,"Shelby (DIST 01)",1.2673999999999999,7.3700000000000002E-2,null,null,null,null,null,null,null,null,null,"Breathitt","(DIST UNKNOWN)"," (DIST UNKNOWN)",null,"Breathitt",null,"(606) 666-7973",null,null,null,null,null,null,null,null,null,null,null,"Shelby (DIST 03)",1.0343]
[null,null,null,null,null,null,null,null,null,null,"SHEL","Shelby","10604","Shelby","(DIST 04)","Shelby (DIST 04)","Shelby (DIST 04)","Shelby (DIST 02)",1.0116999999999998,0.17369999999999999,"delete district 04","Shelby (DIST 02)",1.0116999999999998,0.17369999999999999,null,null,null,null,null,null,null,null,null,"Breckinridge","(DIST UNKNOWN)"," (DIST UNKNOWN)",null,"Breckinridge",null,"(270) 756-5154",null,null,null,null,null,null,null,null,null,null,null,"Shelby (DIST 04)",0]
[null,null,null,null,null,null,null,null,null,null,"SHEL","Shelby","10605","Shelby","(DIST 05)","Shelby (DIST 05)","Shelby (DIST 05)","Shelby (DIST 03)",1.0117,0.17369999999999999,null,"Shelby (DIST 03)",1.0117,0.17369999999999999,null,null,null,null,null,null,null,null,null,"Bullitt","(DIST UNKNOWN)"," (DIST UNKNOWN)",null,"Bullitt",null,"(502) 543-7480",null,null,null,null,null,null,null,null,null,null,null,"Shelby (DIST 05)",1.0343]
[null,null,null,null,null,null,null,null,null,null,"SHEL","Shelby","10606","Shelby","(DIST 06)","Shelby (DIST 06)","Shelby (DIST 06)","Shelby (DIST 04)",0.91169999999999995,7.3700000000000002E-2,null,"Shelby (DIST 04)",0.91169999999999995,7.3700000000000002E-2,null,null,null,null,null,null,null,null,null,"Butler","(DIST UNKNOWN)"," (DIST UNKNOWN)",null,"Butler",null,"(270) 526-3455",null,null,null,null,null,null,null,null,null,null,null,"Shelby (DIST 06)",1.0343]
[null,null,null,null,null,null,null,null,null,null,"SHEL","Shelby","10607","Shelby","(DIST 07)","Shelby (DIST 07)","Shelby (DIST 07)","Shelby (DIST 05)",1.0117,0.17369999999999999,null,"Shelby (DIST 05)",1.0117,0.17369999999999999,null,null,null,null,null,null,null,null,null,"Caldwell","(DIST UNKNOWN)"," (DIST UNKNOWN)",null,"Caldwell",null,"(270) 365-7227",null,null,null,null,null,null,null,null,null,null,null,"Shelby (DIST 07)",0.93429999999999991]
[null,null,null,null,null,null,null,null,null,null,"SHEL","Shelby","10608","Shelby","(DIST 08)","Shelby (DIST 08)","Shelby (DIST 08)","Shelby (DIST 06)",1.0117,0.17369999999999999,null,"Shelby (DIST 06)",1.0117,0.17369999999999999,null,null,null,null,null,null,null,null,null,"Calloway","(DIST UNKNOWN)"," (DIST UNKNOWN)",null,"Calloway",null,"(270) 753-3482",null,null,null,null,null,null,null,null,null,null,null,"Shelby (DIST 08)",0.93429999999999991]
[null,null,null,null,null,null,null,null,null,null,"SHEL","Shelby","10609","Shelby","(DIST 09)","Shelby (DIST 09)","Shelby (DIST 09)","Shelby (DIST 07)",0.91169999999999995,7.3700000000000002E-2,null,"Shelby (DIST 07)",0.91169999999999995,7.3700000000000002E-2,null,null,null,null,null,null,null,null,null,"Campbell","(DIST UNKNOWN)"," (DIST UNKNOWN)",null,"Campbell",null,"(859) 292-3871",null,null,null,null,null,null,null,null,null,null,null,"Shelby (DIST 09)",0.93429999999999991]
[null,null,null,null,null,null,null,null,null,null,"SHEL","Shelby","10610","Shelby","(DIST 10)","Shelby (DIST 10)","Shelby (DIST 10)","Shelby (DIST 08)",1.0117,7.3700000000000002E-2,null,"Shelby (DIST 08)",1.0117,7.3700000000000002E-2,null,null,null,null,null,null,null,null,null,"Carlisle","(DIST UNKNOWN)"," (DIST UNKNOWN)",null,"Carlisle",null,"(270) 628-5498",null,null,null,null,null,null,null,null,null,null,null,"Shelby (DIST 10)",1.0263]
[null,null,null,null,null,null,null,null,null,null,"SHEL","Shelby","10611","Shelby","(DIST 11)","Shelby (DIST 11)","Shelby (DIST 11)","Shelby (DIST 09)",1.0117,7.3700000000000002E-2,null,"Shelby (DIST 09)",1.0117,7.3700000000000002E-2,null,null,null,null,null,null,null,null,null,"Carroll","(DIST UNKNOWN)"," (DIST UNKNOWN)",null,"Carroll",null,"(502) 732-5448",null,null,null,null,null,null,null,null,null,null,null,"Shelby (DIST 11)",1.0092999999999999]
[null,null,null,null,null,null,null,null,null,null,"SHEL","Shelby","10612","Shelby","(DIST 12)","Shelby (DIST 12)","Shelby (DIST 12)","Shelby (DIST 10)",1.0117,0.17369999999999999,null,"Shelby (DIST 10)",1.0117,0.17369999999999999,null,null,null,null,null,null,null,null,null,"Carter","(DIST UNKNOWN)"," (DIST UNKNOWN)",null,"Carter",null,"(606) 474-5663",null,null,null,null,null,null,null,null,null,null,null,"Shelby (DIST 12)",1.0343]
[null,null,null,null,null,null,null,null,null,null,"SHEL","Shelby","10613","Shelby","(DIST 13)","Shelby (DIST 13)","Shelby (DIST 13)","Shelby (DIST 11)",0.98669999999999991,7.3700000000000002E-2,null,"Shelby (DIST 11)",0.98669999999999991,7.3700000000000002E-2,null,null,null,null,null,null,null,null,null,"Casey","(DIST UNKNOWN)"," (DIST UNKNOWN)",null,"Casey",null,"(606) 787-7621",null,null,null,null,null,null,null,null,null,null,null,"Shelby (DIST 13)",1.0963000000000001]
[null,null,null,null,null,null,null,null,null,null,"SHEL","Shelby","UNKNOWN","Shelby","(DIST UNKNOWN)"," (DIST UNKNOWN)"," (DIST UNKNOWN)","Shelby (DIST 12)",1.0117,0.17369999999999999,null,"Shelby (DIST 12)",1.0117,0.17369999999999999,null,null,null,null,null,null,null,null,null,"Christian","(DIST UNKNOWN)"," (DIST UNKNOWN)",null,"Christian",null,"(270) 887-4115",null,null,null,null,null,null,null,null,null,null,null,"Shelby (UNKNOWN)",{"$error":"#N/A"}]
[null,null,null,null,null,null,null,null,null,null,"SIMP","Simpson","10700","Simpson","(DIST 00)","Simpson (DIST 00)","Simpson (DIST 00)","Shelby (DIST 13)",1.0657000000000001,7.3700000000000002E-2,null,"Shelby (DIST 13)",1.0657000000000001,7.3700000000000002E-2,null,null,null,null,null,null,null,null,null,"Clark","(DIST UNKNOWN)"," (DIST UNKNOWN)",null,"Clark",null,"(859) 745-0250",null,null,null,null,null,null,null,null,null,null,null,"Simpson (DIST 00)",0.75190000000000001]
[null,null,null,null,null,null,null,null,null,null,"SIMP","Simpson","10701","Simpson","(DIST 01)","Simpson (DIST 01)","Simpson (DIST 01)","Shelby (UNKNOWN)",0.91169999999999995,7.3700000000000002E-2,null,"Shelby (UNKNOWN)",0.91169999999999995,7.3700000000000002E-2,null,null,null,null,null,null,null,null,null,"Clay","(DIST UNKNOWN)"," (DIST UNKNOWN)",null,"Clay",null,"(606) 598-3832",null,null,null,null,null,null,null,null,null,null,null,"Simpson (DIST 01)",0.86990000000000001]
[null,null,null,null,null,null,null,null,null,null,"SIMP","Simpson","UNKNOWN","Simpson","(DIST UNKNOWN)"," (DIST UNKNOWN)"," (DIST UNKNOWN)","Simpson (DIST 00)",0.85209999999999997,0.14710000000000001,null,"Simpson (DIST 00)",0.85209999999999997,0.14710000000000001,null,null,null,null,null,null,null,null,null,"Clinton","(DIST UNKNOWN)"," (DIST UNKNOWN)",null,"Clinton",null,"(606) 387-5938",null,null,null,null,null,null,null,null,null,null,null,"Simpson (UNKNOWN)",{"$error":"#N/A"}]
[null,null,null,null,null,null,null,null,null,null,"SPEN","Spencer","10801","Spencer","(DIST 01)","Spencer (DIST 01)","Spencer (DIST 01)","Simpson (DIST 01)",0.97309999999999997,0.14710000000000001,null,"Simpson (DIST 01)",0.97309999999999997,0.14710000000000001,null,null,null,null,null,null,null,null,null,"Crittenden","(DIST UNKNOWN)"," (DIST UNKNOWN)",null,"Crittenden",null,"(270) 965-4598",null,null,null,null,null,null,null,null,null,null,null,"Spencer (DIST 01)",1.3028999999999999]
[null,null,null,null,null,null,null,null,null,null,"SPEN","Spencer","10803","Spencer","(DIST 03)","Spencer (DIST 03)","Spencer (DIST 03)","Simpson (UNKNOWN)",0.85209999999999997,0.14710000000000001,null,"Simpson (UNKNOWN)",0.85209999999999997,0.14710000000000001,null,null,null,null,null,null,null,null,null,"Cumberland","(DIST UNKNOWN)"," (DIST UNKNOWN)",null,"Cumberland",null,"(270) 864-5161",null,null,null,null,null,null,null,null,null,null,null,"Spencer (DIST 03)",1.1497999999999999]
[null,null,null,null,null,null,null,null,null,null,"SPEN","Spencer","10804","Spencer","(DIST 04)","Spencer (DIST 04)","Spencer (DIST 04)","Spencer (DIST 01)",1.2431000000000001,0.27050000000000002,null,"Spencer (DIST 01)",1.2431000000000001,0.27050000000000002,null,null,null,null,null,null,null,null,null,"Daviess","(DIST UNKNOWN)"," (DIST UNKNOWN)",null,"Daviess",null,"(270) 685-8474",null,null,null,null,null,null,null,null,null,null,null,"Spencer (DIST 04)",1.1247999999999998]
[null,null,null,null,null,null,null,null,null,null,"SPEN","Spencer","UNKNOWN","Spencer","(DIST UNKNOWN)"," (DIST UNKNOWN)"," (DIST UNKNOWN)","Spencer (DIST 03)",1.0647,0.27050000000000002,null,"Spencer (DIST 03)",1.0647,0.27050000000000002,null,null,null,null,null,null,null,null,null,"Edmonson","(DIST UNKNOWN)"," (DIST UNKNOWN)",null,"Edmonson",null,"(270) 597-2381",null,null,null,null,null,null,null,null,null,null,null,"Spencer (UNKNOWN)",{"$error":"#N/A"}]
[null,null,null,null,null,null,null,null,null,null,"TAYL","Taylor","10900","Taylor","(DIST 00)","Taylor (DIST 00)","Taylor (DIST 00)","Spencer (DIST 04)",1.0397000000000001,0.2455,null,"Spencer (DIST 04)",1.0397000000000001,0.2455,null,null,null,null,null,null,null,null,null,"Elliott","(DIST UNKNOWN)"," (DIST UNKNOWN)",null,"Elliott",null,"(606) 738-5090",null,null,null,null,null,null,null,null,null,null,null,"Taylor (DIST 00)",1.1637]
[null,null,null,null,null,null,null,null,null,null,"TAYL","Taylor","10901","Taylor","(DIST 01)","Taylor (DIST 01)","Taylor (DIST 01)","Spencer (UNKNOWN)",1.0647,0.2455,null,"Spencer (UNKNOWN)",1.0647,0.2455,null,null,null,null,null,null,null,null,null,"Estill","(DIST UNKNOWN)"," (DIST UNKNOWN)",null,"Estill",null,"(606) 723-4569",null,null,null,null,null,null,null,null,null,null,null,"Taylor (DIST 01)",0.97570000000000001]
[null,null,null,null,null,null,null,null,null,null,"TAYL","Taylor","10902","Taylor","(DIST 02)","Taylor (DIST 02)","Taylor (DIST 02)","Taylor (DIST 00)",1.1200999999999999,0.27510000000000001,null,"Taylor (DIST 00)",1.1200999999999999,0.27510000000000001,null,null,null,null,null,null,null,null,null,"Fayette","(DIST UNKNOWN)"," (DIST UNKNOWN)",null,"Fayette",null,"(859) 246-2722",null,null,null,null,null,null,null,null,null,null,null,"Taylor (DIST 02)",1.2237]
[null,null,null,null,null,null,null,null,null,null,"TAYL","Taylor","10903","Taylor","(DIST 03)","Taylor (DIST 03)","Taylor (DIST 03)","Taylor (DIST 01)",0.94909999999999994,0.27510000000000001,null,"Taylor (DIST 01)",0.94909999999999994,0.27510000000000001,null,null,null,null,null,null,null,null,null,"Fleming","(DIST UNKNOWN)"," (DIST UNKNOWN)",null,"Fleming",null,"(606) 845-1401",null,null,null,null,null,null,null,null,null,null,null,"Taylor (DIST 03)",1.0357000000000001]
[null,null,null,null,null,null,null,null,null,null,"TAYL","Taylor","UNKNOWN","Taylor","(DIST UNKNOWN)"," (DIST UNKNOWN)"," (DIST UNKNOWN)","Taylor (DIST 02)",1.1811,0.27510000000000001,null,"Taylor (DIST 02)",1.1811,0.27510000000000001,null,null,null,null,null,null,null,null,null,"Floyd","(DIST UNKNOWN)"," (DIST UNKNOWN)",null,"Floyd",null,"(606) 886-9622",null,null,null,null,null,null,null,null,null,null,null,"Taylor (UNKNOWN)",{"$error":"#N/A"}]
[null,null,null,null,null,null,null,null,null,null,"TODD","Todd","01100","Todd","(DIST 00)","Todd (DIST 00)","Todd (DIST 00)","Taylor (DIST 03)",1.0101,0.27510000000000001,null,"Taylor (DIST 03)",1.0101,0.27510000000000001,null,null,null,null,null,null,null,null,null,"Franklin","(DIST UNKNOWN)"," (DIST UNKNOWN)",null,"Franklin",null,"(502) 875-8780",null,null,null,null,null,null,null,null,null,null,null,"Todd (DIST 00)",0.76060000000000005]
[null,null,null,null,null,null,null,null,null,null,"TODD","Todd","11001","Todd","(DIST 01)","Todd (DIST 01)","Todd (DIST 01)","Taylor (UNKNOWN)",0.94910000000000005,0.27510000000000001,null,"Taylor (UNKNOWN)",0.94910000000000005,0.27510000000000001,null,null,null,null,null,null,null,null,null,"Fulton","(DIST UNKNOWN)"," (DIST UNKNOWN)",null,"Fulton",null,"(270) 236-2548",null,null,null,null,null,null,null,null,null,null,null,"Todd (DIST 01)",0.92820000000000003]
[null,null,null,null,null,null,null,null,null,null,"TODD","Todd","11002","Todd","(DIST 02)","Todd (DIST 02)","Todd (DIST 02)","Todd (DIST 00)",0.76829999999999998,0.20330000000000001,null,"Todd (DIST 00)",0.76829999999999998,0.20330000000000001,null,null,null,null,null,null,null,null,null,"Gallatin","(DIST UNKNOWN)"," (DIST UNKNOWN)",null,"Gallatin",null,"(859) 567-5621",null,null,null,null,null,null,null,null,null,null,null,"Todd (DIST 02)",1.4496]
[null,null,null,null,null,null,null,null,null,null,"TODD","Todd","11003","Todd","(DIST 03)","Todd (DIST 03)","Todd (DIST 03)","Todd (DIST 01)",0.86539999999999995,0.20330000000000001,null,"Todd (DIST 01)",0.86539999999999995,0.20330000000000001,null,null,null,null,null,null,null,null,null,"Garrard","(DIST UNKNOWN)"," (DIST UNKNOWN)",null,"Garrard",null,"(859) 792-3291",null,null,null,null,null,null,null,null,null,null,null,"Todd (DIST 03)",1.2606000000000002]
[null,null,null,null,null,null,null,null,null,null,"TODD","Todd","11004","Todd","(DIST 04)","Todd (DIST 04)","Todd (DIST 04)","Todd (DIST 02)",1.2072000000000001,0.20330000000000001,null,"Todd (DIST 02)",1.2072000000000001,0.20330000000000001,null,null,null,null,null,null,null,null,null,"Grant","(DIST UNKNOWN)"," (DIST UNKNOWN)",null,"Grant",null,"(859) 824-6511",null,null,null,null,null,null,null,null,null,null,null,"Todd (DIST 04)",0.76060000000000005]
[null,null,null,null,null,null,null,null,null,null,"TODD","Todd","11005","Todd","(DIST 05)","Todd (DIST 05)","Todd (DIST 05)","Todd (DIST 03)",1.5183,0.20330000000000001,null,"Todd (DIST 03)",1.5183,0.20330000000000001,null,null,null,null,null,null,null,null,null,"Graves","(DIST UNKNOWN)"," (DIST UNKNOWN)",null,"Graves",null,"(270) 247-3301",null,null,null,null,null,null,null,null,null,null,null,"Todd (DIST 05)",0.76060000000000005]
[null,null,null,null,null,null,null,null,null,null,"TODD","Todd","11006","Todd","(DIST 06)","Todd (DIST 06)","Todd (DIST 06)","Todd (DIST 04)",0.76829999999999998,0.20330000000000001,null,"Todd (DIST 04)",0.76829999999999998,0.20330000000000001,null,null,null,null,null,null,null,null,null,"Grayson","(DIST UNKNOWN)"," (DIST UNKNOWN)",null,"Grayson",null,"(270) 259-4838",null,null,null,null,null,null,null,null,null,null,null,"Todd (DIST 06)",0.76060000000000005]
[null,null,null,null,null,null,null,null,null,null,"TODD","Todd","11007","Todd","(DIST 07)","Todd (DIST 07)","Todd (DIST 07)","Todd (DIST 05)",0.76829999999999998,0.20330000000000001,null,"Todd (DIST 05)",0.76829999999999998,0.20330000000000001,null,null,null,null,null,null,null,null,null,"Green","(DIST UNKNOWN)"," (DIST UNKNOWN)",null,"Green",null,"(270) 932-7518",null,null,null,null,null,null,null,null,null,null,null,"Todd (DIST 07)",0.76060000000000005]
[null,null,null,null,null,null,null,null,null,null,"TODD","Todd","UNKNOWN","Todd","(DIST UNKNOWN)"," (DIST UNKNOWN)"," (DIST UNKNOWN)","Todd (DIST 06)",0.76829999999999998,0.20330000000000001,null,"Todd (DIST 06)",0.76829999999999998,0.20330000000000001,null,null,null,null,null,null,null,null,null,"Greenup","(DIST UNKNOWN)"," (DIST UNKNOWN)",null,"Greenup",null,"(606) 473-9984",null,null,null,null,null,null,null,null,null,null,null,"Todd (UNKNOWN)",{"$error":"#N/A"}]
[null,null,null,null,null,null,null,null,null,null,"TRIG","Trigg","11100","Trigg","(DIST 00)","Trigg (DIST 00)","Trigg (DIST 00)","Todd (DIST 07)",0.76829999999999998,0.20330000000000001,null,"Todd (DIST 07)",0.76829999999999998,0.20330000000000001,null,null,null,null,null,null,null,null,null,"Hancock","(DIST UNKNOWN)"," (DIST UNKNOWN)",null,"Hancock",null,"(270) 927-6846",null,null,null,null,null,null,null,null,null,null,null,"Trigg (DIST 00)",0.93969999999999998]
[null,null,null,null,null,null,null,null,null,null,"TRIG","Trigg","11101","Trigg","(DIST 01)","Trigg (DIST 01)","Trigg (DIST 01)","Todd (UNKNOWN)",0.76829999999999998,0.20330000000000001,null,"Todd (UNKNOWN)",0.76829999999999998,0.20330000000000001,null,null,null,null,null,null,null,null,null,"Hardin","(DIST UNKNOWN)"," (DIST UNKNOWN)",null,"Hardin",null,"(270) 765-2129",null,null,null,null,null,null,null,null,null,null,null,"Trigg (DIST 01)",1.1562000000000001]
[null,null,null,null,null,null,null,null,null,null,"TRIG","Trigg","UNKNOWN","Trigg","(DIST UNKNOWN)"," (DIST UNKNOWN)"," (DIST UNKNOWN)","Trigg (DIST 00)",0.92799999999999994,8.4699999999999998E-2,null,"Trigg (DIST 00)",0.92799999999999994,8.4699999999999998E-2,null,null,null,null,null,null,null,null,null,"Harlan","(DIST UNKNOWN)"," (DIST UNKNOWN)",null,"Harlan",null,"(606) 573-1990",null,null,null,null,null,null,null,null,null,null,null,"Trigg (UNKNOWN)",{"$error":"#N/A"}]
[null,null,null,null,null,null,null,null,null,null,"TRIM","Trimble","11200","Trimble","(DIST 00)","Trimble (DIST 00)","Trimble (DIST 00)","Trigg (DIST 01)",1.1400000000000001,8.4699999999999998E-2,null,"Trigg (DIST 01)",1.1400000000000001,8.4699999999999998E-2,null,null,null,null,null,null,null,null,null,"Harrison","(DIST UNKNOWN)"," (DIST UNKNOWN)",null,"Harrison",null,"(859) 234-7133",null,null,null,null,null,null,null,null,null,null,null,"Trimble (DIST 00)",1.0535999999999999]
[null,null,null,null,null,null,null,null,null,null,"TRIM","Trimble","11201","Trimble","(DIST 01)","Trimble (DIST 01)","Trimble (DIST 01)","Trigg (UNKNOWN)",0.92800000000000005,8.4699999999999998E-2,null,"Trigg (UNKNOWN)",0.92800000000000005,8.4699999999999998E-2,null,null,null,null,null,null,null,null,null,"Hart","(DIST UNKNOWN)"," (DIST UNKNOWN)",null,"Hart",null,"(270) 524-2321",null,null,null,null,null,null,null,null,null,null,null,"Trimble (DIST 01)",1.2035999999999998]
[null,null,null,null,null,null,null,null,null,null,"TRIM","Trimble","11202","Trimble","(DIST 02)","Trimble (DIST 02)","Trimble (DIST 02)","Trimble (DIST 00)",1.0291000000000001,0.125,null,"Trimble (DIST 00)",1.0291000000000001,0.125,null,null,null,null,null,null,null,null,null,"Henderson","(DIST UNKNOWN)"," (DIST UNKNOWN)",null,"Henderson",null,"(270) 827-6024",null,null,null,null,null,null,null,null,null,null,null,"Trimble (DIST 02)",1.0535999999999999]
[null,null,null,null,null,null,null,null,null,null,"TRIM","Trimble","UNKNOWN","Trimble","(DIST UNKNOWN)"," (DIST UNKNOWN)"," (DIST UNKNOWN)","Trimble (DIST 01)",1.1791,0.125,null,"Trimble (DIST 01)",1.1791,0.125,null,null,null,null,null,null,null,null,null,"Henry","(DIST UNKNOWN)"," (DIST UNKNOWN)",null,"Henry",null,"(502) 845-5740",null,null,null,null,null,null,null,null,null,null,null,"Trimble (UNKNOWN)",{"$error":"#N/A"}]
[null,null,null,null,null,null,null,null,null,null,"UNIO","Union","11300","Union","(DIST 00)","Union (DIST 00)","Union (DIST 00)","Trimble (DIST 02)",1.0291000000000001,0.125,null,"Trimble (DIST 02)",1.0291000000000001,0.125,null,null,null,null,null,null,null,null,null,"Hickman","(DIST UNKNOWN)"," (DIST UNKNOWN)",null,"Hickman",null,"(270) 653-5521",null,null,null,null,null,null,null,null,null,null,null,"Union (DIST 00)",0.96599999999999997]
[null,null,null,null,null,null,null,null,null,null,"UNIO","Union","11301","Union","(DIST 01)","Union (DIST 01)","Union (DIST 01)","Trimble (UNKNOWN)",1.0290999999999999,0.125,null,"Trimble (UNKNOWN)",1.0290999999999999,0.125,null,null,null,null,null,null,null,null,null,"Hopkins","(DIST UNKNOWN)"," (DIST UNKNOWN)",null,"Hopkins",null,"(270) 821-3092",null,null,null,null,null,null,null,null,null,null,null,"Union (DIST 01)",{"$f":"VLOOKUP(AZ772,AP$3:AR$691,3,FALSE)","v":1.6404000000000001}]
[null,null,null,null,null,null,null,null,null,null,"UNIO","Union","11302","Union","(DIST 02)","Union (DIST 02)","Union (DIST 02)","Union (DIST 00)",0.91949999999999998,0.1295,null,"Union (DIST 00)",0.91949999999999998,0.1295,null,null,null,null,null,null,null,null,null,"Jackson","(DIST UNKNOWN)"," (DIST UNKNOWN)",null,"Jackson",null,"(606) 287-7634",null,null,null,null,null,null,null,null,null,null,null,"Union (DIST 02)",1.3831]
[null,null,null,null,null,null,null,null,null,null,"UNIO","Union","11303","Union","(DIST 03)","Union (DIST 03)","Union (DIST 03)","Union (DIST 01)",1.4365000000000001,0.1295,null,"Union (DIST 01)",1.4365000000000001,0.1295,null,null,null,null,null,null,null,null,null,"Jefferson","(DIST UNKNOWN)"," (DIST UNKNOWN)",null,"Jefferson",null,"(502) 574-6380",null,null,null,null,null,null,null,null,null,null,null,"Union (DIST 03)",1.1332]
[null,null,null,null,null,null,null,null,null,null,"UNIO","Union","11304","Union","(DIST 04)","Union (DIST 04)","Union (DIST 04)","Union (DIST 02)",1.2793000000000001,0.1295,null,"Union (DIST 02)",1.2793000000000001,0.1295,null,null,null,null,null,null,null,null,null,"Jessamine","(DIST UNKNOWN)"," (DIST UNKNOWN)",null,"Jessamine",null,"(859) 885-4931",null,null,null,null,null,null,null,null,null,null,null,"Union (DIST 04)",1.7336]
[null,null,null,null,null,null,null,null,null,null,"UNIO","Union","UNKNOWN","Union","(DIST UNKNOWN)"," (DIST UNKNOWN)"," (DIST UNKNOWN)","Union (DIST 03)",1.0645,0.1295,null,"Union (DIST 03)",1.0645,0.1295,null,null,null,null,null,null,null,null,null,"Johnson","(DIST UNKNOWN)"," (DIST UNKNOWN)",null,"Johnson",null,"(606) 789-2564",null,null,null,null,null,null,null,null,null,null,null,"Union (UNKNOWN)",{"$error":"#N/A"}]
[null,null,null,null,null,null,null,null,null,null,"WARR","Warren","11400","Warren","(DIST 00)","Warren (DIST 00)","Warren (DIST 00)","Union (DIST 04)",1.6268,0.1295,null,"Union (DIST 04)",1.6268,0.1295,null,null,null,null,null,null,null,null,null,"Kenton","(DIST UNKNOWN)"," (DIST UNKNOWN)",null,"Kenton",null,"(859) 392-1750",null,null,null,null,null,null,null,null,null,null,null,"Warren (DIST 00)",0.72970000000000002]
[null,null,null,null,null,null,null,null,null,null,"WARR","Warren","11402","Warren","(DIST 02)","Warren (DIST 02)","Warren (DIST 02)","Union (UNKNOWN)",0.91949999999999998,0.1295,null,"Union (UNKNOWN)",0.91949999999999998,0.1295,null,null,null,null,null,null,null,null,null,"Knott","(DIST UNKNOWN)"," (DIST UNKNOWN)",null,"Knott",null,"(606) 785-5569",null,null,null,null,null,null,null,null,null,null,null,"Warren (DIST 02)",1.3736999999999999]
[null,null,null,null,null,null,null,null,null,null,"WARR","Warren","11403","Warren","(DIST 03)","Warren (DIST 03)","Warren (DIST 03)","Warren (DIST 00)",0.77489999999999992,7.4000000000000003E-3,null,"Warren (DIST 00)",0.77489999999999992,7.4000000000000003E-3,null,null,null,null,null,null,null,null,null,"Knox","(DIST UNKNOWN)"," (DIST UNKNOWN)",null,"Knox",null,"(606) 546-4113",null,null,null,null,null,null,null,null,null,null,null,"Warren (DIST 03)",0.98970000000000002]
[null,null,null,null,null,null,null,null,null,null,"WARR","Warren","11404","Warren","(DIST 04)","Warren (DIST 04)","Warren (DIST 04)","Warren (DIST 02)",1.3609,7.4000000000000003E-3,null,"Warren (DIST 02)",1.3609,7.4000000000000003E-3,null,null,null,null,null,null,null,null,null,"LaRue","(DIST UNKNOWN)"," (DIST UNKNOWN)",null,"LaRue",null,"(270) 358-4202",null,null,null,null,null,null,null,null,null,null,null,"Warren (DIST 04)",0.86099999999999999]
[null,null,null,null,null,null,null,null,null,null,"WARR","Warren","11405","Warren","(DIST 05)","Warren (DIST 05)","Warren (DIST 05)","Warren (DIST 03)",1.0348999999999999,7.4000000000000003E-3,null,"Warren (DIST 03)",1.0348999999999999,7.4000000000000003E-3,null,null,null,null,null,null,null,null,null,"Laurel","(DIST UNKNOWN)"," (DIST UNKNOWN)",null,"Laurel",null,"(606) 864-2889",null,null,null,null,null,null,null,null,null,null,null,"Warren (DIST 05)",1.0297000000000001]
[null,null,null,null,null,null,null,null,null,null,"WARR","Warren","UNKNOWN","Warren","(DIST UNKNOWN)"," (DIST UNKNOWN)"," (DIST UNKNOWN)","Warren (DIST 04)",0.90619999999999989,7.4000000000000003E-3,null,"Warren (DIST 04)",0.90619999999999989,7.4000000000000003E-3,null,null,null,null,null,null,null,null,null,"Lawrence","(DIST UNKNOWN)"," (DIST UNKNOWN)",null,"Lawrence",null,"(606) 638-4743",null,null,null,null,null,null,null,null,null,null,null,"Warren (UNKNOWN)",{"$error":"#N/A"}]
[null,null,null,null,null,null,null,null,null,null,"WASH","Washington","11500","Washington","(DIST 00)","Washington (DIST 00)","Washington (DIST 00)","Warren (DIST 05)",1.0749,7.4000000000000003E-3,null,"Warren (DIST 05)",1.0749,7.4000000000000003E-3,null,null,null,null,null,null,null,null,null,"Lee ","(DIST UNKNOWN)"," (DIST UNKNOWN)",null,"Lee ",null,{"$error":"#N/A"},null,null,null,null,null,null,null,null,null,null,null,"Washington (DIST 00)",1.0211000000000001]
[null,null,null,null,null,null,null,null,null,null,"WASH","Washington","11503","Washington","(DIST 03)","Washington (DIST 03)","Washington (DIST 03)","Warren (UNKNOWN)",0.77490000000000003,7.4000000000000003E-3,null,"Warren (UNKNOWN)",0.77490000000000003,7.4000000000000003E-3,null,null,null,null,null,null,null,null,null,"Leslie","(DIST UNKNOWN)"," (DIST UNKNOWN)",null,"Leslie",null,"(606) 672-2456",null,null,null,null,null,null,null,null,null,null,null,"Washington (DIST 03)",1.1764000000000001]
[null,null,null,null,null,null,null,null,null,null,"WASH","Washington","11505","Washington","(DIST 05)","Washington (DIST 05)","Washington (DIST 05)","Washington (DIST 00)",0.94409999999999994,0.11890000000000001,null,"Washington (DIST 00)",0.94409999999999994,0.11890000000000001,null,null,null,null,null,null,null,null,null,"Letcher","(DIST UNKNOWN)"," (DIST UNKNOWN)",null,"Letcher",null,"(606) 633-2182",null,null,null,null,null,null,null,null,null,null,null,"Washington (DIST 05)",1.0211000000000001]
[null,null,null,null,null,null,null,null,null,null,"WASH","Washington","UNKNOWN","Washington","(DIST UNKNOWN)"," (DIST UNKNOWN)"," (DIST UNKNOWN)","Washington (DIST 03)",1.0980999999999999,0.11890000000000001,null,"Washington (DIST 03)",1.0980999999999999,0.11890000000000001,null,null,null,null,null,null,null,null,null,"Lewis","(DIST UNKNOWN)"," (DIST UNKNOWN)",null,"Lewis",null,"(606) 796-2622",null,null,null,null,null,null,null,null,null,null,null,"Washington (UNKNOWN)",{"$error":"#N/A"}]
[null,null,null,null,null,null,null,null,null,null,"WAYN","Wayne","11601","Wayne","(DIST 01)","Wayne (DIST 01)","Wayne (DIST 01)","Washington (DIST 05)",0.94409999999999994,0.11890000000000001,null,"Washington (DIST 05)",0.94409999999999994,0.11890000000000001,null,null,null,null,null,null,null,null,null,"Lincoln","(DIST UNKNOWN)"," (DIST UNKNOWN)",null,"Lincoln",null,"(606) 365-4550",null,null,null,null,null,null,null,null,null,null,null,"Wayne (DIST 01)",1.1446000000000001]
[null,null,null,null,null,null,null,null,null,null,"WAYN","Wayne","11604","Wayne","(DIST 04)","Wayne (DIST 04)","Wayne (DIST 04)","Washington (UNKNOWN)",0.94410000000000005,0.11890000000000001,null,"Washington (UNKNOWN)",0.94410000000000005,0.11890000000000001,null,null,null,null,null,null,null,null,null,"Livingston","(DIST UNKNOWN)"," (DIST UNKNOWN)",null,"Livingston",null,"(270) 928-2524",null,null,null,null,null,null,null,null,null,null,null,"Wayne (DIST 04)",1.2656000000000001]
[null,null,null,null,null,null,null,null,null,null,"WAYN","Wayne","UNKNOWN","Wayne","(DIST UNKNOWN)"," (DIST UNKNOWN)"," (DIST UNKNOWN)","Wayne (DIST 01)",1.1291,0.1197,null,"Wayne (DIST 01)",1.1291,0.1197,null,null,null,null,null,null,null,null,null,"Logan","(DIST UNKNOWN)"," (DIST UNKNOWN)",null,"Logan",null,"(270) 726-8334",null,null,null,null,null,null,null,null,null,null,null,"Wayne (UNKNOWN)",{"$error":"#N/A"}]
[null,null,null,null,null,null,null,null,null,null,"WEBS","Webster","11701","Webster","(DIST 01)","Webster (DIST 01)","Webster (DIST 01)","Wayne (DIST 04)",1.2471000000000001,0.1197,null,"Wayne (DIST 04)",1.2471000000000001,0.1197,null,null,null,null,null,null,null,null,null,"Lyon","(DIST UNKNOWN)"," (DIST UNKNOWN)",null,"Lyon",null,"(270) 388-7271",null,null,null,null,null,null,null,null,null,null,null,"Webster (DIST 01)",1.1080999999999999]
[null,null,null,null,null,null,null,null,null,null,"WEBS","Webster","11702","Webster","(DIST 02)","Webster (DIST 02)","Webster (DIST 02)","Wayne (UNKNOWN)",1.1291,0.1197,null,"Wayne (UNKNOWN)",1.1291,0.1197,null,null,null,null,null,null,null,null,null,"McCracken","(DIST UNKNOWN)"," (DIST UNKNOWN)",null,"McCracken",null,"(270) 444-4712",null,null,null,null,null,null,null,null,null,null,null,"Webster (DIST 02)",1.4020999999999999]
[null,null,null,null,null,null,null,null,null,null,"WEBS","Webster","11703","Webster","(DIST 03)","Webster (DIST 03)","Webster (DIST 03)","Webster (DIST 01)",1.0837999999999999,6.4399999999999999E-2,null,"Webster (DIST 01)",1.0837999999999999,6.4399999999999999E-2,null,null,null,null,null,null,null,null,null,"McCreary","(DIST UNKNOWN)"," (DIST UNKNOWN)",null,"McCreary",null,"(606) 376-2514",null,null,null,null,null,null,null,null,null,null,null,"Webster (DIST 03)",1.2448000000000001]
[null,null,null,null,null,null,null,null,null,null,"WEBS","Webster","11704","Webster","(DIST 04)","Webster (DIST 04)","Webster (DIST 04)","Webster (DIST 02)",1.3937999999999999,6.4399999999999999E-2,null,"Webster (DIST 02)",1.3937999999999999,6.4399999999999999E-2,null,null,null,null,null,null,null,null,null,"McLean","(DIST UNKNOWN)"," (DIST UNKNOWN)",null,"McLean",null,"(270) 273-3291",null,null,null,null,null,null,null,null,null,null,null,"Webster (DIST 04)",1.5265]
[null,null,null,null,null,null,null,null,null,null,"WEBS","Webster","11705","Webster","(DIST 05)","Webster (DIST 05)","Webster (DIST 05)","Webster (DIST 03)",1.2484,6.4399999999999999E-2,null,"Webster (DIST 03)",1.2484,6.4399999999999999E-2,null,null,null,null,null,null,null,null,null,"Madison","(DIST UNKNOWN)"," (DIST UNKNOWN)",null,"Madison",null,"(859) 623-5410",null,null,null,null,null,null,null,null,null,null,null,"Webster (DIST 05)",1.2380999999999998]
[null,null,null,null,null,null,null,null,null,null,"WEBS","Webster","11707","Webster","(DIST 07)","Webster (DIST 07)","Webster (DIST 07)","Webster (DIST 04)",0.99479999999999991,6.4399999999999999E-2,null,"Webster (DIST 04)",0.99479999999999991,6.4399999999999999E-2,null,null,null,null,null,null,null,null,null,"Magoffin","(DIST UNKNOWN)"," (DIST UNKNOWN)",null,"Magoffin",null,"(606) 349-6198",null,null,null,null,null,null,null,null,null,null,null,"Webster (DIST 07)",1.4560999999999997]
[null,null,null,null,null,null,null,null,null,null,"WEBS","Webster","UNKNOWN","Webster","(DIST UNKNOWN)"," (DIST UNKNOWN)"," (DIST UNKNOWN)","Webster (DIST 05)",1.2087999999999999,6.4399999999999999E-2,null,"Webster (DIST 05)",1.2087999999999999,6.4399999999999999E-2,null,null,null,null,null,null,null,null,null,"Marion","(DIST UNKNOWN)"," (DIST UNKNOWN)",null,"Marion",null,"(270) 692-3401",null,null,null,null,null,null,null,null,null,null,null,"Webster (UNKNOWN)",{"$error":"#N/A"}]
[null,null,null,null,null,null,null,null,null,null,"WHIT","Whitley","11800","Whitley","(DIST 00)","Whitley (DIST 00)","Whitley (DIST 00)","Webster (DIST 07)",1.3888,6.4399999999999999E-2,null,"Webster (DIST 07)",1.3888,6.4399999999999999E-2,null,null,null,null,null,null,null,null,null,"Marshall","(DIST UNKNOWN)"," (DIST UNKNOWN)",null,"Marshall",null,"(270) 527-4728",null,null,null,null,null,null,null,null,null,null,null,"Whitley (DIST 00)",0.75839999999999996]
[null,null,null,null,null,null,null,null,null,null,"WHIT","Whitley","11801","Whitley","(DIST 01)","Whitley (DIST 01)","Whitley (DIST 01)","Webster (UNKNOWN)",1.0838000000000001,6.4399999999999999E-2,null,"Webster (UNKNOWN)",1.0838000000000001,6.4399999999999999E-2,null,null,null,null,null,null,null,null,null,"Martin","(DIST UNKNOWN)"," (DIST UNKNOWN)",null,"Martin",null,"(606) 298-2807",null,null,null,null,null,null,null,null,null,null,null,"Whitley (DIST 01)",1.2083999999999999]
[null,null,null,null,null,null,null,null,null,null,"WHIT","Whitley","11802","Whitley","(DIST 02)","Whitley (DIST 02)","Whitley (DIST 02)","Whitley (DIST 00)",0.72360000000000002,8.5900000000000004E-2,null,"Whitley (DIST 00)",0.72360000000000002,8.5900000000000004E-2,null,null,null,null,null,null,null,null,null,"Mason","(DIST UNKNOWN)"," (DIST UNKNOWN)",null,"Mason",null,"(606) 564-3700",null,null,null,null,null,null,null,null,null,null,null,"Whitley (DIST 02)",1.2704]
[null,null,null,null,null,null,null,null,null,null,"WHIT","Whitley","11803","Whitley","(DIST 03)","Whitley (DIST 03)","Whitley (DIST 03)","Whitley (DIST 01)",1.0981000000000001,8.5900000000000004E-2,null,"Whitley (DIST 01)",1.0981000000000001,8.5900000000000004E-2,null,null,null,null,null,null,null,null,null,"Meade","(DIST UNKNOWN)"," (DIST UNKNOWN)",null,"Meade",null,"(270) 422-2178",null,null,null,null,null,null,null,null,null,null,null,"Whitley (DIST 03)",0.82040000000000002]
[null,null,null,null,null,null,null,null,null,null,"WHIT","Whitley","11804","Whitley","(DIST 04)","Whitley (DIST 04)","Whitley (DIST 04)","Whitley (DIST 02)",1.0770999999999999,8.5900000000000004E-2,null,"Whitley (DIST 02)",1.0770999999999999,8.5900000000000004E-2,null,null,null,null,null,null,null,null,null,"Menifee","(DIST UNKNOWN)"," (DIST UNKNOWN)",null,"Menifee",null,"(606) 768-3514",null,null,null,null,null,null,null,null,null,null,null,"Whitley (DIST 04)",1.0204]
[null,null,null,null,null,null,null,null,null,null,"WHIT","Whitley","11805","Whitley","(DIST 05)","Whitley (DIST 05)","Whitley (DIST 05)","Whitley (DIST 03)",0.7026,8.5900000000000004E-2,null,"Whitley (DIST 03)",0.7026,8.5900000000000004E-2,null,null,null,null,null,null,null,null,null,"Mercer","(DIST UNKNOWN)"," (DIST UNKNOWN)",null,"Mercer",null,"(859) 734-6330",null,null,null,null,null,null,null,null,null,null,null,"Whitley (DIST 05)",1.1556999999999999]
[null,null,null,null,null,null,null,null,null,null,"WHIT","Whitley","11806","Whitley","(DIST 06)","Whitley (DIST 06)","Whitley (DIST 06)","Whitley (DIST 04)",1.0036,8.5900000000000004E-2,null,"Whitley (DIST 04)",1.0036,8.5900000000000004E-2,null,null,null,null,null,null,null,null,null,"Metcalfe","(DIST UNKNOWN)"," (DIST UNKNOWN)",null,"Metcalfe",null,"(270) 432-3162",null,null,null,null,null,null,null,null,null,null,null,"Whitley (DIST 06)",1.4177]
[null,null,null,null,null,null,null,null,null,null,"WHIT","Whitley","UNKNOWN","Whitley","(DIST UNKNOWN)"," (DIST UNKNOWN)"," (DIST UNKNOWN)","Whitley (DIST 05)",1.0383,8.5900000000000004E-2,null,"Whitley (DIST 05)",1.0383,8.5900000000000004E-2,null,null,null,null,null,null,null,null,null,"Monroe","(DIST UNKNOWN)"," (DIST UNKNOWN)",null,"Monroe",null,"(270) 487-6401",null,null,null,null,null,null,null,null,null,null,null,"Whitley (UNKNOWN)",{"$error":"#N/A"}]
[null,null,null,null,null,null,null,null,null,null,"WOLF","Wolfe","11900","Wolfe","(DIST 00)","Wolfe (DIST 00)","Wolfe (DIST 00)","Whitley (DIST 06)",1.3183,8.5900000000000004E-2,null,"Whitley (DIST 06)",1.3183,8.5900000000000004E-2,null,null,null,null,null,null,null,null,null,"Montgomery","(DIST UNKNOWN)"," (DIST UNKNOWN)",null,"Montgomery",null,"(859) 498-8710",null,null,null,null,null,null,null,null,null,null,null,"Wolfe (DIST 00)",0.98899999999999999]
[null,null,null,null,null,null,null,null,null,null,"WOLF","Wolfe","11901","Wolfe","(DIST 01)","Wolfe (DIST 01)","Wolfe (DIST 01)","Whitley (UNKNOWN)",0.72360000000000002,8.5900000000000004E-2,null,"Whitley (UNKNOWN)",0.72360000000000002,8.5900000000000004E-2,null,null,null,null,null,null,null,null,null,"Morgan","(DIST UNKNOWN)"," (DIST UNKNOWN)",null,"Morgan",null,"(606) 743-3349",null,null,null,null,null,null,null,null,null,null,null,"Wolfe (DIST 01)",1.123]
[null,null,null,null,null,null,null,null,null,null,"WOLF","Wolfe","UNKNOWN","Wolfe","(DIST UNKNOWN)"," (DIST UNKNOWN)"," (DIST UNKNOWN)","Wolfe (DIST 00)",0.83660000000000001,0.13500000000000001,null,"Wolfe (DIST 00)",0.83660000000000001,0.13500000000000001,null,null,null,null,null,null,null,null,null,"Muhlenberg","(DIST UNKNOWN)"," (DIST UNKNOWN)",null,"Muhlenberg",null,"(270) 338-4664",null,null,null,null,null,null,null,null,null,null,null,"Wolfe (UNKNOWN)",{"$error":"#N/A"}]
[null,null,null,null,null,null,null,null,null,null,"WOOD","Woodford","12001","Woodford","(DIST 01)","Woodford (DIST 01)","Woodford (DIST 01)","Wolfe (DIST 01)",0.83660000000000001,0.13500000000000001,null,"Wolfe (DIST 01)",0.83660000000000001,0.13500000000000001,null,null,null,null,null,null,null,null,null,"Nelson","(DIST UNKNOWN)"," (DIST UNKNOWN)",null,"Nelson",null,"(502) 348-1810",null,null,null,null,null,null,null,null,null,null,null,"Woodford (DIST 01)",0.93199999999999994]
[null,null,null,null,null,null,null,null,null,null,"WOOD","Woodford","12002","Woodford","(DIST 02)","Woodford (DIST 02)","Woodford (DIST 02)","Wolfe (UNKNOWN)",0.83660000000000001,0.13500000000000001,null,"Wolfe (UNKNOWN)",0.83660000000000001,0.13500000000000001,null,null,null,null,null,null,null,null,null,"Nicholas","(DIST UNKNOWN)"," (DIST UNKNOWN)",null,"Nicholas",null,"(859) 289-3735",null,null,null,null,null,null,null,null,null,null,null,"Woodford (DIST 02)",0.96899999999999997]
[null,null,null,null,null,null,null,null,null,null,"WOOD","Woodford","12003","Woodford","(DIST 03)","Woodford (DIST 03)","Woodford (DIST 03)","Woodford (DIST 01)",0.93199999999999994,0.14299999999999999,null,"Woodford (DIST 01)",0.93199999999999994,0.14299999999999999,null,null,null,null,null,null,null,null,null,"Ohio","(DIST UNKNOWN)"," (DIST UNKNOWN)",null,"Ohio",null,"(270) 298-4433",null,null,null,null,null,null,null,null,null,null,null,"Woodford (DIST 03)",0.93100000000000005]
[null,null,null,null,null,null,null,null,null,null,"WOOD","Woodford","UNKNOWN","Woodford","(DIST UNKNOWN)"," (DIST UNKNOWN)"," (DIST UNKNOWN)","Woodford (DIST 02)",0.96330000000000005,0.08,null,"Woodford (DIST 02)",0.96330000000000005,0.08,null,null,null,null,null,null,null,null,null,"Oldham","(DIST UNKNOWN)"," (DIST UNKNOWN)",null,"Oldham",null,"(502) 222-9320",null,null,null,null,null,null,null,null,null,null,null,"Woodford (UNKNOWN)",{"$error":"#N/A"}]
[null,null,null,null,null,null,null,null,null,null,null,null,null,null,null,null,null,"Woodford (DIST 03)",0.92400000000000004,0.08,null,"Woodford (DIST 03)",0.92400000000000004,0.08,null,null,null,null,null,null,null,null,null,"Owen","(DIST UNKNOWN)"," (DIST UNKNOWN)",null,"Owen",null,"(502) 484-5172"]
[null,null,null,null,null,null,null,null,null,null,null,null,null,null,null,null,null,"Woodford (UNKNOWN)",0.93200000000000005,0.08,null,"Woodford (UNKNOWN)",0.93200000000000005,0.08,null,null,null,null,null,null,null,null,null,"Owsley","(DIST UNKNOWN)"," (DIST UNKNOWN)",null,"Owsley",null,"(606) 593-6265"]
[null,null,null,null,null,null,null,null,null,null,null,null,null,null,null,null,null,null,null,null,null,null,null,null,null,null,null,null,null,null,null,null,null,"Pendleton","(DIST UNKNOWN)"," (DIST UNKNOWN)",null,"Pendleton",null,"(859) 654-6055"]
[null,null,null,null,null,null,null,null,null,null,null,null,null,null,null,null,null,null,null,null,null,null,null,null,null,null,null,null,null,null,null,null,null,"Perry","(DIST UNKNOWN)"," (DIST UNKNOWN)",null,"Perry",null,"(606) 436-4914"]
[null,null,null,null,null,null,null,null,null,null,null,null,null,null,null,null,null,null,null,null,null,null,null,null,null,null,null,null,null,null,null,null,null,"Pike","(DIST UNKNOWN)"," (DIST UNKNOWN)",null,"Pike",null,"(606) 432-6201"]
[null,null,null,null,null,null,null,null,null,null,null,null,null,null,null,null,null,null,null,null,null,null,null,null,null,null,null,null,null,null,null,null,null,"Powell","(DIST UNKNOWN)"," (DIST UNKNOWN)",null,"Powell",null,"(606) 663-4184"]
[null,null,null,null,null,null,null,null,null,null,null,null,null,null,null,null,null,null,null,null,null,null,null,null,null,null,null,null,null,null,null,null,null,"Pulaski","(DIST UNKNOWN)"," (DIST UNKNOWN)",null,"Pulaski",null,"(606) 679-1812"]
[null,null,null,null,null,null,null,null,null,null,null,null,null,null,null,null,null,null,null,null,null,null,null,null,null,null,null,null,null,null,null,null,null,"Robertson","(DIST UNKNOWN)"," (DIST UNKNOWN)",null,"Robertson",null,"(606) 724-5213"]
[null,null,null,null,null,null,null,null,null,null,null,null,null,null,null,null,null,null,null,null,null,null,null,null,null,null,null,null,null,null,null,null,null,"Rockcastle","(DIST UNKNOWN)"," (DIST UNKNOWN)",null,"Rockcastle",null,"(606) 256-4194"]
[null,null,null,null,null,null,null,null,null,null,null,null,null,null,null,null,null,null,null,null,null,null,null,null,null,null,null,null,null,null,null,null,null,"Rowan","(DIST UNKNOWN)"," (DIST UNKNOWN)",null,"Rowan",null,"(606) 784-5512"]
[null,null,null,null,null,null,null,null,null,null,null,null,null,null,null,null,null,null,null,null,null,null,null,null,null,null,null,null,null,null,null,null,null,"Russell","(DIST UNKNOWN)"," (DIST UNKNOWN)",null,"Russell",null,"(270) 343-4395"]
[null,null,null,null,null,null,null,null,null,null,null,null,null,null,null,null,null,null,null,null,null,null,null,null,null,null,null,null,null,null,null,null,null,"Scott","(DIST UNKNOWN)"," (DIST UNKNOWN)",null,"Scott",null,"(502) 863-7885"]
[null,null,null,null,null,null,null,null,null,null,null,null,null,null,null,null,null,null,null,null,null,null,null,null,null,null,null,null,null,null,null,null,null,"Shelby","(DIST UNKNOWN)"," (DIST UNKNOWN)",null,"Shelby",null,"(502) 633-4403"]
[null,null,null,null,null,null,null,null,null,null,null,null,null,null,null,null,null,null,null,null,null,null,null,null,null,null,null,null,null,null,null,null,null,"Simpson","(DIST UNKNOWN)"," (DIST UNKNOWN)",null,"Simpson",null,"(270) 586-4261"]
[null,null,null,null,null,null,null,null,null,null,null,null,null,null,null,null,null,null,null,null,null,null,null,null,null,null,null,null,null,null,null,null,null,"Spencer","(DIST UNKNOWN)"," (DIST UNKNOWN)",null,"Spencer",null,"(502) 477-3207"]
[null,null,null,null,null,null,null,null,null,null,null,null,null,null,null,null,null,null,null,null,null,null,null,null,null,null,null,null,null,null,null,null,null,"Taylor","(DIST UNKNOWN)"," (DIST UNKNOWN)",null,"Taylor",null,"(270) 465-5811"]
[null,null,null,null,null,null,null,null,null,null,null,null,null,null,null,null,null,null,null,null,null,null,null,null,null,null,null,null,null,null,null,null,null,"Todd","(DIST UNKNOWN)"," (DIST UNKNOWN)",null,"Todd",null,"(270) 265-9966"]
[null,null,null,null,null,null,null,null,null,null,null,null,null,null,null,null,null,null,null,null,null,null,null,null,null,null,null,null,null,null,null,null,null,"Trigg","(DIST UNKNOWN)"," (DIST UNKNOWN)",null,"Trigg",null,"(270) 522-3271"]
[null,null,null,null,null,null,null,null,null,null,null,null,null,null,null,null,null,null,null,null,null,null,null,null,null,null,null,null,null,null,null,null,null,"Trimble","(DIST UNKNOWN)"," (DIST UNKNOWN)",null,"Trimble",null,"(502) 255-3592"]
[null,null,null,null,null,null,null,null,null,null,null,null,null,null,null,null,null,null,null,null,null,null,null,null,null,null,null,null,null,null,null,null,null,"Union","(DIST UNKNOWN)"," (DIST UNKNOWN)",null,"Union",null,"(270) 389-1933"]
[null,null,null,null,null,null,null,null,null,null,null,null,null,null,null,null,null,null,null,null,null,null,null,null,null,null,null,null,null,null,null,null,null,"Warren","(DIST UNKNOWN)"," (DIST UNKNOWN)",null,"Warren",null,"(270) 843-3268"]
[null,null,null,null,null,null,null,null,null,null,null,null,null,null,null,null,null,null,null,null,null,null,null,null,null,null,null,null,null,null,null,null,null,"Washington","(DIST UNKNOWN)"," (DIST UNKNOWN)",null,"Washington",null,"(859) 336-5420"]
[null,null,null,null,null,null,null,null,null,null,null,null,null,null,null,null,null,null,null,null,null,null,null,null,null,null,null,null,null,null,null,null,null,"Wayne","(DIST UNKNOWN)"," (DIST UNKNOWN)",null,"Wayne",null,"(606) 348-6621"]
[null,null,null,null,null,null,null,null,null,null,null,null,null,null,null,null,null,null,null,null,null,null,null,null,null,null,null,null,null,null,null,null,null,"Webster","(DIST UNKNOWN)"," (DIST UNKNOWN)",null,"Webster",null,"(270) 639-7016"]
[null,null,null,null,null,null,null,null,null,null,null,null,null,null,null,null,null,null,null,null,null,null,null,null,null,null,null,null,null,null,null,null,null,"Whitley","(DIST UNKNOWN)"," (DIST UNKNOWN)",null,"Whitley",null,"(606) 549-6008"]
[null,null,null,null,null,null,null,null,null,null,null,null,null,null,null,null,null,null,null,null,null,null,null,null,null,null,null,null,null,null,null,null,null,"Wolfe","(DIST UNKNOWN)"," (DIST UNKNOWN)",null,"Wolfe",null,"(606) 668-6923"]
[null,null,null,null,null,null,null,null,null,null,null,null,null,null,null,null,null,null,null,null,null,null,null,null,null,null,null,null,null,null,null,null,null,"Woodford","(DIST UNKNOWN)"," (DIST UNKNOWN)",null,"Woodford",null,"(859) 873-4101"]
[null,null,null,null,null,null,null,null,null,null,null,null,null,null,null,null,null,null,null,null,null,null,null,null,null,null,null,null,null,null,null,null,null,"Warren","(DIST 05)","Warren (DIST 05)",null,"Warren",null,"(270) 843-3268"]
[null,null,null,null,null,null,null,null,null,null,null,null,null,null,null,null,null,null,null,null,null,null,null,null,null,null,null,null,null,null,null,null,null,"Warren","(UNKNOWN)","Warren (UNKNOWN)",null,"Warren",null,"(270) 843-3268"]
[null,null,null,null,null,null,null,null,null,null,null,null,null,null,null,null,null,null,null,null,null,null,null,null,null,null,null,null,null,null,null,null,null,"Washington","(DIST 00)","Washington (DIST 00)",null,"Washington",null,"(859) 336-5420"]
[null,null,null,null,null,null,null,null,null,null,null,null,null,null,null,null,null,null,null,null,null,null,null,null,null,null,null,null,null,null,null,null,null,"Washington","(DIST 03)","Washington (DIST 03)",null,"Washington",null,"(859) 336-5420"]
[null,null,null,null,null,null,null,null,null,null,null,null,null,null,null,null,null,null,null,null,null,null,null,null,null,null,null,null,null,null,null,null,null,"Washington","(DIST 05)","Washington (DIST 05)",null,"Washington",null,"(859) 336-5420"]
[null,null,null,null,null,null,null,null,null,null,null,null,null,null,null,null,null,null,null,null,null,null,null,null,null,null,null,null,null,null,null,null,null,"Washington","(UNKNOWN)","Washington (UNKNOWN)",null,"Washington",null,"(859) 336-5420"]
[null,null,null,null,null,null,null,null,null,null,null,null,null,null,null,null,null,null,null,null,null,null,null,null,null,null,null,null,null,null,null,null,null,"Wayne","(DIST 01)","Wayne (DIST 01)",null,"Wayne",null,"(606) 348-6621"]
[null,null,null,null,null,null,null,null,null,null,null,null,null,null,null,null,null,null,null,null,null,null,null,null,null,null,null,null,null,null,null,null,null,"Wayne","(DIST 02)","Wayne (DIST 02)",null,"Wayne",null,"(606) 348-6621"]
[null,null,null,null,null,null,null,null,null,null,null,null,null,null,null,null,null,null,null,null,null,null,null,null,null,null,null,null,null,null,null,null,null,"Wayne","(DIST 03)","Wayne (DIST 03)",null,"Wayne",null,"(606) 348-6621"]
[null,null,null,null,null,null,null,null,null,null,null,null,null,null,null,null,null,null,null,null,null,null,null,null,null,null,null,null,null,null,null,null,null,"Wayne","(DIST 04)","Wayne (DIST 04)",null,"Wayne",null,"(606) 348-6621"]
[null,null,null,null,null,null,null,null,null,null,null,null,null,null,null,null,null,null,null,null,null,null,null,null,null,null,null,null,null,null,null,null,null,"Wayne","(DIST 05)","Wayne (DIST 05)",null,"Wayne",null,"(606) 348-6621"]
[null,null,null,null,null,null,null,null,null,null,null,null,null,null,null,null,null,null,null,null,null,null,null,null,null,null,null,null,null,null,null,null,null,"Wayne","(UNKNOWN)","Wayne (UNKNOWN)",null,"Wayne",null,"(606) 348-6621"]
[null,null,null,null,null,null,null,null,null,null,null,null,null,null,null,null,null,null,null,null,null,null,null,null,null,null,null,null,null,null,null,null,null,"Webster","(DIST 01)","Webster (DIST 01)",null,"Webster",null,"(270) 639-7016"]
[null,null,null,null,null,null,null,null,null,null,null,null,null,null,null,null,null,null,null,null,null,null,null,null,null,null,null,null,null,null,null,null,null,"Webster","(DIST 02)","Webster (DIST 02)",null,"Webster",null,"(270) 639-7016"]
[null,null,null,null,null,null,null,null,null,null,null,null,null,null,null,null,null,null,null,null,null,null,null,null,null,null,null,null,null,null,null,null,null,"Webster","(DIST 03)","Webster (DIST 03)",null,"Webster",null,"(270) 639-7016"]
[null,null,null,null,null,null,null,null,null,null,null,null,null,null,null,null,null,null,null,null,null,null,null,null,null,null,null,null,null,null,null,null,null,"Webster","(DIST 04)","Webster (DIST 04)",null,"Webster",null,"(270) 639-7016"]
[null,null,null,null,null,null,null,null,null,null,null,null,null,null,null,null,null,null,null,null,null,null,null,null,null,null,null,null,null,null,null,null,null,"Webster","(DIST 05)","Webster (DIST 05)",null,"Webster",null,"(270) 639-7016"]
[null,null,null,null,null,null,null,null,null,null,null,null,null,null,null,null,null,null,null,null,null,null,null,null,null,null,null,null,null,null,null,null,null,"Webster","(DIST 06)","Webster (DIST 06)",null,"Webster",null,"(270) 639-7016"]
[null,null,null,null,null,null,null,null,null,null,null,null,null,null,null,null,null,null,null,null,null,null,null,null,null,null,null,null,null,null,null,null,null,"Webster","(DIST 07)","Webster (DIST 07)",null,"Webster",null,"(270) 639-7016"]
[null,null,null,null,null,null,null,null,null,null,null,null,null,null,null,null,null,null,null,null,null,null,null,null,null,null,null,null,null,null,null,null,null,"Webster","(DIST 09)","Webster (DIST 09)",null,"Webster",null,"(270) 639-7016"]
[null,null,null,null,null,null,null,null,null,null,null,null,null,null,null,null,null,null,null,null,null,null,null,null,null,null,null,null,null,null,null,null,null,"Webster","(UNKNOWN)","Webster (UNKNOWN)",null,"Webster",null,"(270) 639-7016"]
[null,null,null,null,null,null,null,null,null,null,null,null,null,null,null,null,null,null,null,null,null,null,null,null,null,null,null,null,null,null,null,null,null,"Whitley","(DIST 00)","Whitley (DIST 00)",null,"Whitley",null,"(606) 549-6008"]
[null,null,null,null,null,null,null,null,null,null,null,null,null,null,null,null,null,null,null,null,null,null,null,null,null,null,null,null,null,null,null,null,null,"Whitley","(DIST 01)","Whitley (DIST 01)",null,"Whitley",null,"(606) 549-6008"]
[null,null,null,null,null,null,null,null,null,null,null,null,null,null,null,null,null,null,null,null,null,null,null,null,null,null,null,null,null,null,null,null,null,"Whitley","(DIST 02)","Whitley (DIST 02)",null,"Whitley",null,"(606) 549-6008"]
[null,null,null,null,null,null,null,null,null,null,null,null,null,null,null,null,null,null,null,null,null,null,null,null,null,null,null,null,null,null,null,null,null,"Whitley","(DIST 03)","Whitley (DIST 03)",null,"Whitley",null,"(606) 549-6008"]
[null,null,null,null,null,null,null,null,null,null,null,null,null,null,null,null,null,null,null,null,null,null,null,null,null,null,null,null,null,null,null,null,null,"Whitley","(DIST 04)","Whitley (DIST 04)",null,"Whitley",null,"(606) 549-6008"]
[null,null,null,null,null,null,null,null,null,null,null,null,null,null,null,null,null,null,null,null,null,null,null,null,null,null,null,null,null,null,null,null,null,"Whitley","(DIST 05)","Whitley (DIST 05)",null,"Whitley",null,"(606) 549-6008"]
[null,null,null,null,null,null,null,null,null,null,null,null,null,null,null,null,null,null,null,null,null,null,null,null,null,null,null,null,null,null,null,null,null,"Whitley","(DIST 06)","Whitley (DIST 06)",null,"Whitley",null,"(606) 549-6008"]
[null,null,null,null,null,null,null,null,null,null,null,null,null,null,null,null,null,null,null,null,null,null,null,null,null,null,null,null,null,null,null,null,null,"Whitley","(UNKNOWN)","Whitley (UNKNOWN)",null,"Whitley",null,"(606) 549-6008"]
[null,null,null,null,null,null,null,null,null,null,null,null,null,null,null,null,null,null,null,null,null,null,null,null,null,null,null,null,null,null,null,null,null,"Wolfe","(DIST 00)","Wolfe (DIST 00)",null,"Wolfe",null,"(606) 668-6923"]
[null,null,null,null,null,null,null,null,null,null,null,null,null,null,null,null,null,null,null,null,null,null,null,null,null,null,null,null,null,null,null,null,null,"Wolfe","(DIST 01)","Wolfe (DIST 01)",null,"Wolfe",null,"(606) 668-6923"]
[null,null,null,null,null,null,null,null,null,null,null,null,null,null,null,null,null,null,null,null,null,null,null,null,null,null,null,null,null,null,null,null,null,"Wolfe","(UNKNOWN)","Wolfe (UNKNOWN)",null,"Wolfe",null,"(606) 668-6923"]
[null,null,null,null,null,null,null,null,null,null,null,null,null,null,null,null,null,null,null,null,null,null,null,null,null,null,null,null,null,null,null,null,null,"Woodford","(DIST 01)","Woodford (DIST 01)",null,"Woodford",null,"(859) 873-4101"]
[null,null,null,null,null,null,null,null,null,null,null,null,null,null,null,null,null,null,null,null,null,null,null,null,null,null,null,null,null,null,null,null,null,"Woodford","(DIST 02)","Woodford (DIST 02)",null,"Woodford",null,"(859) 873-4101"]
[null,null,null,null,null,null,null,null,null,null,null,null,null,null,null,null,null,null,null,null,null,null,null,null,null,null,null,null,null,null,null,null,null,"Woodford","(DIST 03)","Woodford (DIST 03)",null,"Woodford",null,"(859) 873-4101"]
[null,null,null,null,null,null,null,null,null,null,null,null,null,null,null,null,null,null,null,null,null,null,null,null,null,null,null,null,null,null,null,null,null,"Woodford","(UNKNOWN)","Woodford (UNKNOWN)","x","Woodford",null,"(859) 873-4101"]

{"sheet":"Sheet1","index":1,"n_rows":811,"n_cols":19,"rows_kept":811,"cut":false,"hidden":true,"merged":[]}
[null,99,null,"2022 INV","2022 Transit",2021,2021]
["count AND dist","count","County/District TP drop","2022inv","2022trans","Inventory","In-Transit","county","compare1","stack"]
["Adair (DIST 00)","ADAI","Adair (DIST 00)",1.0879000000000001,0.2676,1.0851000000000002,0.2676,"ADAI",2.7999999999999137E-3,1,"Adair (DIST 00)"]
["Adair (DIST 01)","ADAI","Adair (DIST 01)",1.2948999999999999,0.2676,1.3021000000000003,0.2676,"ADAI",-7.2000000000003173E-3,2,"Adair (DIST 01)",null,null,null,null,null,null,null,"asdfasdf"]
[" (DIST UNKNOWN)","ADAI","Adair (UNKNOWN)",1.0879000000000001,0.2676,1.0851,0.2676,"ADAI",2.8000000000001357E-3,3,"Adair (UNKNOWN)",null,null,null,null,null,null,null,"sdfasdf"]
["Allen (DIST 00)","ALLE","Allen (DIST 00)",0.83640000000000003,0.2097,0.87970000000000004,0.2097,"ALLE",-4.3300000000000005E-2,4,"Allen (DIST 00)",null,null,null,null,null,null,null,"sfds"]
["Allen (DIST 01)","ALLE","Allen (DIST 01)",1.0545,0.2097,1.1097000000000001,0.2097,"ALLE",-5.5200000000000138E-2,5,"Allen (DIST 01)",null,null,null,null,null,null,null,"adfasd"]
[" (DIST UNKNOWN)","ALLE","Allen (UNKNOWN)",0.83640000000000003,0.2097,0.87970000000000004,0.2097,"ALLE",-4.3300000000000005E-2,6,"Allen (UNKNOWN)",null,null,null,null,null,null,null,"aerarae"]
["Anderson (DIST 00)","ANDE","Anderson (DIST 00)",0.96919999999999995,0.219,0.97100000000000009,0.219,"ANDE",-1.8000000000001348E-3,7,"Anderson (DIST 00)",null,null,null,null,null,null,null,"dfgsdfg"]
["Anderson (DIST 02)","ANDE","Anderson (DIST 02)",1.1047,0.11899999999999999,1.1065,0.11899999999999999,"ANDE",-1.8000000000000238E-3,8,"Anderson (DIST 02)",null,null,null,null,null,null,null,"tryrty"]
[" (DIST UNKNOWN)","ANDE","Anderson (UNKNOWN)",0.96919999999999995,0.11899999999999999,0.97099999999999997,0.11899999999999999,"ANDE",-1.8000000000000238E-3,9,"Anderson (UNKNOWN)",null,null,null,null,null,null,null,"hgegfhf"]
["Ballard (DIST 00)","BALL","Ballard (DIST 00)",0.90620000000000001,0.03,0.90900000000000003,0.03,"BALL",-2.8000000000000247E-3,10,"Ballard (DIST 00)",null,null,null,null,null,null,null,"sgsfgfd"]
["Ballard (DIST 02)","BALL","Ballard (DIST 02)",1.2802,0.03,1.2830000000000001,0.03,"BALL",-2.8000000000001357E-3,11,"Ballard (DIST 02)",null,null,null,null,null,null,null,"gfgfreerg"]
["Ballard (DIST 03)","BALL","Ballard (DIST 03)",1.2482,0.03,1.2510000000000001,0.03,"BALL",-2.8000000000001357E-3,12,"Ballard (DIST 03)",null,null,null,null,null,null,null,"fdfdsfsdfd"]
["Ballard (DIST 04)","BALL","Ballard (DIST 04)",1.3952,0.03,1.3980000000000001,0.03,"BALL",-2.8000000000001357E-3,13,"Ballard (DIST 04)",null,null,null,null,null,null,null,"tyyyt"]
["Ballard (DIST 05)","BALL","Ballard (DIST 05)",1.2462,0.03,1.2490000000000001,0.03,"BALL",-2.8000000000001357E-3,14,"Ballard (DIST 05)",null,null,null,null,null,null,null,"fdffg"]
[" (DIST UNKNOWN)","BALL","Ballard (UNKNOWN)",0.90620000000000001,0.03,0.90900000000000003,0.03,"BALL",-2.8000000000000247E-3,15,"Ballard (UNKNOWN)",null,null,null,null,null,null,null,"lkjlk"]
["Barren (DIST 01)","BARR","Barren (DIST 01)",0.65749999999999997,6.7900000000000002E-2,0.89490000000000003,6.7900000000000002E-2,"BARR",-0.23740000000000006,16,"Barren (DIST 01)",null,null,null,null,null,null,null,"kjkjij"]
["Barren (DIST 02)","BARR","Barren (DIST 02)",1.1907000000000001,6.7900000000000002E-2,1.1939,6.7900000000000002E-2,"BARR",-3.1999999999998696E-3,17,"Barren (DIST 02)",null,null,null,null,null,null,null,"kjipui0uio"]
["Barren (DIST 03)","BARR","Barren (DIST 03)",1.2497,6.7900000000000002E-2,1.2528999999999999,6.7900000000000002E-2,"BARR",-3.1999999999998696E-3,18,"Barren (DIST 03)",null,null,null,null,null,null,null,"tdtu"]
["Barren (DIST 04)","BARR","Barren (DIST 04)",1.0367,6.7900000000000002E-2,1.0399,6.7900000000000002E-2,"BARR",-3.2000000000000917E-3,19,"Barren (DIST 04)",null,null,null,null,null,null,null,"jjklkl"]
["Barren (DIST 05)","BARR","Barren (DIST 05)",1.0727,6.7900000000000002E-2,1.0709,6.7900000000000002E-2,"BARR",1.8000000000000238E-3,20,"Barren (DIST 05)",null,null,null,null,null,null,null,"qetwet"]
["Barren (DIST 06)","BARR","Barren (DIST 06)",1.1987000000000001,6.7900000000000002E-2,1.1969000000000001,6.7900000000000002E-2,"BARR",1.8000000000000238E-3,21,"Barren (DIST 06)",null,null,null,null,null,null,null,"ytyry"]
["Barren (DIST 07)","BARR","Barren (DIST 07)",1.0507,6.7900000000000002E-2,1.0488999999999999,6.7900000000000002E-2,"BARR",1.8000000000000238E-3,22,"Barren (DIST 07)",null,null,null,null,null,null,null,"tertewr"]
["Barren (DIST 08)","BARR","Barren (DIST 08)",1.0737000000000001,6.7900000000000002E-2,1.0769,6.7900000000000002E-2,"BARR",-3.1999999999998696E-3,23,"Barren (DIST 08)",null,null,null,null,null,null,null,"zffds"]
[" (DIST UNKNOWN)","BARR","Barren (UNKNOWN)",0.65749999999999997,6.7900000000000002E-2,0.89490000000000003,6.7900000000000002E-2,"BARR",-0.23740000000000006,24,"Barren (UNKNOWN)",null,null,null,null,null,null,null,"ytryryt"]
["Bath (DIST 00)","BATH","Bath (DIST 00)",1.034,0.2253,1.0203,0.2253,"BATH",1.3700000000000045E-2,25,"Bath (DIST 00)",null,null,null,null,null,null,null,"dffs"]
["Bath (DIST 01)","BATH","Bath (DIST 01)",1.2030000000000001,0.2253,1.1943000000000001,0.2253,"BATH",8.69999999999993E-3,26,"Bath (DIST 01)",null,null,null,null,null,null,null,"afasfd"]
["Bath (DIST 02)","BATH","Bath (DIST 02)",1.3380000000000001,0.2253,1.3243,0.2253,"BATH",1.3700000000000045E-2,27,"Bath (DIST 02)",null,null,null,null,null,null,null,"rerrt"]
["Bath (DIST 03)","BATH","Bath (DIST 03)",1.1439999999999999,0.2253,1.1303000000000001,0.2253,"BATH",1.3699999999999823E-2,28,"Bath (DIST 03)",null,null,null,null,null,null,null,"adgfdggf"]
[" (DIST UNKNOWN)","BATH","Bath (UNKNOWN)",1.034,0.2253,1.0203,0.2253,"BATH",1.3700000000000045E-2,29,"Bath (UNKNOWN)",null,null,null,null,null,null,null,"sghf"]
["Bell (DIST 01)","BELL","Bell (DIST 01)",1.034,0.14499999999999999,1.0489999999999999,0.14499999999999999,"BELL",-1.4999999999999902E-2,30,"Bell (DIST 01)",null,null,null,null,null,null,null,"fssdgsdf"]
["Bell (DIST 02)","BELL","Bell (DIST 02)",1.083,0.14499999999999999,1.0900000000000001,0.14499999999999999,"BELL",-7.0000000000001172E-3,31,"Bell (DIST 02)"]
["Bell (DIST 03)","BELL","Bell (DIST 03)",1.3460000000000001,0.14499999999999999,1.3510000000000002,0.14499999999999999,"BELL",-5.0000000000001155E-3,32,"Bell (DIST 03)"]
[" (DIST UNKNOWN)","BELL","Bell (UNKNOWN)",1.034,0.14499999999999999,1.0489999999999999,0.14499999999999999,"BELL",-1.4999999999999902E-2,33,"Bell (UNKNOWN)"]
["Boone (DIST 02)","BOON","Boone (DIST 02)",1.0528999999999999,0.21920000000000001,1.0310000000000001,0.21920000000000001,"BOON",2.1899999999999809E-2,34,"Boone (DIST 02)"]
["Boone (DIST 03)","BOON","Boone (DIST 03)",1.2808999999999999,6.9199999999999998E-2,1.218,6.9199999999999998E-2,"BOON",6.2899999999999956E-2,35,"Boone (DIST 03)"]
["Boone (DIST 04)","BOON","Boone (DIST 04)",1.1029,0.26919999999999999,1.081,0.26919999999999999,"BOON",2.1900000000000031E-2,36,"Boone (DIST 04)"]
["Boone (DIST 05)","BOON","Boone (DIST 05)",1.0879000000000001,0.25419999999999998,1.0660000000000001,0.25419999999999998,"BOON",2.1900000000000031E-2,37,"Boone (DIST 05)"]
["Boone (DIST 06)","BOON","Boone (DIST 06)",1.1029,0.26919999999999999,1.081,0.26919999999999999,"BOON",2.1900000000000031E-2,38,"Boone (DIST 06)"]
["Boone (DIST 07)","BOON","Boone (DIST 07)",1.0328999999999999,0.19919999999999999,1.0110000000000001,0.19919999999999999,"BOON",2.1899999999999809E-2,39,"Boone (DIST 07)"]
["Boone (DIST 08)","BOON","Boone (DIST 08)",1.1029,0.26919999999999999,1.081,0.26919999999999999,"BOON",2.1900000000000031E-2,40,"Boone (DIST 08)"]
["Boone (DIST 09)","BOON","Boone (DIST 09)",1.2848999999999999,0.26919999999999999,1.24,0.26919999999999999,"BOON",4.489999999999994E-2,41,"Boone (DIST 09)"]
["Boone (DIST 10)","BOON","Boone (DIST 10)",1.0979000000000001,0.25419999999999998,1.0660000000000001,0.25419999999999998,"BOON",3.1900000000000039E-2,42,"Boone (DIST 10)"]
["Boone (DIST 11)","BOON","Boone (DIST 11)",1.1029,0.26919999999999999,1.081,0.26919999999999999,"BOON",2.1900000000000031E-2,43,"Boone (DIST 11)"]
["Boone (DIST 12)","BOON","Boone (DIST 12)",1.5499000000000001,0.26919999999999999,1.5349999999999999,0.26919999999999999,"BOON",1.4900000000000135E-2,44,"Boone (DIST 12)"]
["Boone (DIST 13)","BOON","Boone (DIST 13)",1.1029,0.26919999999999999,1.081,0.26919999999999999,"BOON",2.1900000000000031E-2,45,"Boone (DIST 13)"]
["Boone (DIST 14)","BOON","Boone (DIST 14)",1.5499000000000001,0.26919999999999999,1.5349999999999999,0.26919999999999999,"BOON",1.4900000000000135E-2,46,"Boone (DIST 14)"]
["Boone (DIST 15)","BOON","Boone (DIST 15)",1.6849000000000001,0.26919999999999999,1.681,0.26919999999999999,"BOON",3.9000000000000146E-3,47,"Boone (DIST 15)"]
[" (DIST UNKNOWN)","BOON","Boone (UNKNOWN)",1.0328999999999999,6.9199999999999998E-2,1.0109999999999999,6.9199999999999998E-2,"BOON",2.1900000000000031E-2,48,"Boone (UNKNOWN)"]
["Bourbon (DIST 00)","BOUR","Bourbon (DIST 00)",0.88870000000000005,0.16650000000000001,0.91570000000000007,0.16650000000000001,"BOUR",-2.7000000000000024E-2,49,"Bourbon (DIST 00)"]
["Bourbon (DIST 02)","BOUR","Bourbon (DIST 02)",1.1587000000000001,0.16650000000000001,1.2588999999999999,0.16650000000000001,"BOUR",-0.10019999999999984,50,"Bourbon (DIST 02)"]
["Bourbon (DIST 03)","BOUR","Bourbon (DIST 03)",1.3787,0.16650000000000001,1.4036999999999999,0.16650000000000001,"BOUR",-2.4999999999999911E-2,51,"Bourbon (DIST 03)"]
["Bourbon (DIST 04)","BOUR","Bourbon (DIST 04)",1.3673,0.16650000000000001,1.3246,0.16650000000000001,"BOUR",4.269999999999996E-2,52,"Bourbon (DIST 04)"]
["Bourbon (DIST 05)","BOUR","Bourbon (DIST 05)",1.0337000000000001,0.16650000000000001,1.0809,0.16650000000000001,"BOUR",-4.7199999999999909E-2,53,"Bourbon (DIST 05)"]
[" (DIST UNKNOWN)","BOUR","Bourbon (UNKNOWN)",8.8870000000000005E-2,0.16650000000000001,0.91569999999999996,0.16650000000000001,"BOUR",-0.82682999999999995,54,"Bourbon (UNKNOWN)"]
["Boyd (DIST 10)","BOYD","Boyd (DIST 10)",1.4778,9.6000000000000002E-2,1.4516,9.6000000000000002E-2,"BOYD",2.6200000000000001E-2,55,"Boyd (DIST 10)"]
["Boyd (DIST 11)","BOYD","Boyd (DIST 11)",1.7028000000000001,9.6000000000000002E-2,1.6766000000000001,9.6000000000000002E-2,"BOYD",2.6200000000000001E-2,56,"Boyd (DIST 11)"]
["Boyd (DIST 22)","BOYD","Boyd (DIST 22)",1.5022,9.6000000000000002E-2,1.5010000000000001,9.6000000000000002E-2,"BOYD",1.1999999999998678E-3,57,"Boyd (DIST 22)"]
["Boyd (DIST 23)","BOYD","Boyd (DIST 23)",1.2478,9.6000000000000002E-2,1.2434000000000001,9.6000000000000002E-2,"BOYD",4.3999999999999595E-3,58,"Boyd (DIST 23)"]
["Boyd (DIST 24)","BOYD","Boyd (DIST 24)",1.4141999999999999,9.6000000000000002E-2,1.3860000000000001,9.6000000000000002E-2,"BOYD",2.8199999999999781E-2,59,"Boyd (DIST 24)"]
["Boyd (DIST 25)","BOYD","Boyd (DIST 25)",1.6077999999999999,9.6000000000000002E-2,1.5935000000000001,9.6000000000000002E-2,"BOYD",1.4299999999999757E-2,60,"Boyd (DIST 25)"]
["Boyd (DIST 26)","BOYD","Boyd (DIST 26)",1.6077999999999999,9.6000000000000002E-2,1.5935000000000001,9.6000000000000002E-2,"BOYD",1.4299999999999757E-2,61,"Boyd (DIST 26)"]
["Boyd (DIST 33)","BOYD","Boyd (DIST 33)",1.4678,0.19600000000000001,1.4634,0.19600000000000001,"BOYD",4.3999999999999595E-3,62,"Boyd (DIST 33)"]
["Boyd (DIST 34)","BOYD","Boyd (DIST 34)",1.6222000000000001,9.6000000000000002E-2,1.621,9.6000000000000002E-2,"BOYD",1.2000000000000899E-3,63,"Boyd (DIST 34)"]
["Boyd (DIST 44)","BOYD","Boyd (DIST 44)",1.2598,0.19600000000000001,1.2284000000000002,0.19600000000000001,"BOYD",3.1399999999999872E-2,64,"Boyd (DIST 44)"]
["Boyd (DIST 45)","BOYD","Boyd (DIST 45)",1.2598,0.19600000000000001,1.2284000000000002,0.19600000000000001,"BOYD",3.1399999999999872E-2,65,"Boyd (DIST 45)"]
["Boyd (DIST 46)","BOYD","Boyd (DIST 46)",1.2598,0.19600000000000001,1.2283999999999999,0.19600000000000001,"BOYD",3.1400000000000095E-2,66,"Boyd (DIST 46)"]
["Boyd (DIST 47)","BOYD","Boyd (DIST 47)",1.2598,0.19600000000000001,1.2284000000000002,0.19600000000000001,"BOYD",3.1399999999999872E-2,67,"Boyd (DIST 47)"]
["Boyd (DIST 48)","BOYD","Boyd (DIST 48)",1.2598,0.19600000000000001,1.2284000000000002,0.19600000000000001,"BOYD",3.1399999999999872E-2,68,"Boyd (DIST 48)"]
["Boyd (DIST 53)","BOYD","Boyd (DIST 53)",1.4318,0.19600000000000001,1.4274,0.19600000000000001,"BOYD",4.3999999999999595E-3,69,"Boyd (DIST 53)"]
[" (DIST UNKNOWN)","BOYD","Boyd (UNKNOWN)",1.2598,9.6000000000000002E-2,1.2283999999999999,9.6000000000000002E-2,"BOYD",3.1400000000000095E-2,70,"Boyd (UNKNOWN)"]
["Boyle (DIST 00)","BOYL","Boyle (DIST 00)",1.1777,0.1426,1.2225999999999999,0.1426,"BOYL",-4.489999999999994E-2,71,"Boyle (DIST 00)"]
["Boyle (DIST 01)","BOYL","Boyle (DIST 01)",1.5126999999999999,0.1426,1.4885999999999999,0.1426,"BOYL",2.410000000000001E-2,72,"Boyle (DIST 01)"]
["Boyle (DIST 02)","BOYL","Boyle (DIST 02)",1.6028,0.1426,1.5787999999999998,0.1426,"BOYL",2.4000000000000243E-2,73,"Boyle (DIST 02)"]
["Boyle (DIST 04)","BOYL","Boyle (DIST 04)",1.2678,0.1426,1.3127999999999997,0.1426,"BOYL",-4.4999999999999707E-2,74,"Boyle (DIST 04)"]
["Boyle (DIST 05)","BOYL","Boyle (DIST 05)",1.4563999999999999,0.1426,1.5012999999999999,0.1426,"BOYL",-4.489999999999994E-2,75,"Boyle (DIST 05)"]
["Boyle (DIST 06)","BOYL","Boyle (DIST 06)",1.1817,0.1426,1.2265999999999999,0.1426,"BOYL",-4.489999999999994E-2,76,"Boyle (DIST 06)"]
[" (DIST UNKNOWN)","BOYL","Boyle (UNKNOWN)",1.1777,0.1426,1.2225999999999999,0.1426,"BOYL",-4.489999999999994E-2,77,"Boyle (UNKNOWN)"]
["Bracken (DIST 00)","BRAC","Bracken (DIST 00)",1.1818,0.26700000000000002,1.1892000000000003,0.26700000000000002,"BRAC",-7.4000000000002952E-3,78,"Bracken (DIST 00)"]
["Bracken (DIST 01)","BRAC","Bracken (DIST 01)",2.2538,0.26700000000000002,1.9992000000000003,0.26700000000000002,"BRAC",0.25459999999999972,79,"Bracken (DIST 01)"]
["Bracken (DIST 02)","BRAC","Bracken (DIST 02)",1.1818,0.26700000000000002,1.1892000000000003,0.26700000000000002,"BRAC",-7.4000000000002952E-3,80,"Bracken (DIST 02)"]
["Bracken (DIST 03)","BRAC","Bracken (DIST 03)",1.1818,0.26700000000000002,1.1892000000000003,0.26700000000000002,"BRAC",-7.4000000000002952E-3,81,"Bracken (DIST 03)"]
["Bracken (DIST 04)","BRAC","Bracken (DIST 04)",2.4510000000000001,0.26700000000000002,2.4546000000000001,0.26700000000000002,"BRAC",-3.6000000000000476E-3,82,"Bracken (DIST 04)"]
["Bracken (DIST 05)","BRAC","Bracken (DIST 05)",1.5078,0.26700000000000002,1.5482000000000002,0.26700000000000002,"BRAC",-4.0400000000000214E-2,83,"Bracken (DIST 05)"]
[" (DIST UNKNOWN)","BRAC","Bracken (UNKNOWN)",1.1818,0.26700000000000002,1.1892,0.26700000000000002,"BRAC",-7.4000000000000732E-3,84,"Bracken (UNKNOWN)"]
["Breathitt (DIST 01)","BREA","Breathitt (DIST 01)",1.3399000000000001,0.24709999999999999,1.3393999999999999,0.24709999999999999,"BREA",5.0000000000016698E-4,85,"Breathitt (DIST 01)"]
["Breathitt (DIST 02)","BREA","Breathitt (DIST 02)",1.3019000000000001,0.24709999999999999,1.3024,0.24709999999999999,"BREA",-4.9999999999994493E-4,86,"Breathitt (DIST 02)"]
["Breathitt (DIST 03)","BREA","Breathitt (DIST 03)",1.6229,0.24709999999999999,1.6223999999999998,0.24709999999999999,"BREA",5.0000000000016698E-4,87,"Breathitt (DIST 03)"]
["Breathitt (DIST 04)","BREA","Breathitt (DIST 04)",1.5849,0.24709999999999999,1.5853999999999999,0.24709999999999999,"BREA",-4.9999999999994493E-4,88,"Breathitt (DIST 04)"]
[" (DIST UNKNOWN)","BREA","Breathitt (UNKNOWN)",1.3019000000000001,0.24709999999999999,1.3024,0.24709999999999999,"BREA",-4.9999999999994493E-4,89,"Breathitt (UNKNOWN)"]
["Breckinridge (DIST 01)","BREC","Breckinridge (DIST 01)",0.874,0.20895900000000001,0.89200000000000013,0.20895900000000001,"BREC",-1.8000000000000127E-2,90,"Breckinridge (DIST 01)"]
["Breckinridge (DIST 02)","BREC","Breckinridge (DIST 02)",1.054,0.20895900000000001,1.089,0.20895900000000001,"BREC",-3.499999999999992E-2,91,"Breckinridge (DIST 02)"]
["Breckinridge (DIST 03)","BREC","Breckinridge (DIST 03)",1.224,0.20895900000000001,1.2520000000000002,0.20895900000000001,"BREC",-2.8000000000000247E-2,92,"Breckinridge (DIST 03)"]
["Breckinridge (DIST 04)","BREC","Breckinridge (DIST 04)",1.2909999999999999,0.20895900000000001,1.3694999999999999,0.20895900000000001,"BREC",-7.8500000000000014E-2,93,"Breckinridge (DIST 04)"]
["Breckinridge (DIST 05)","BREC","Breckinridge (DIST 05)",1.4159999999999999,0.20895900000000001,1.4509999999999998,0.20895900000000001,"BREC",-3.499999999999992E-2,94,"Breckinridge (DIST 05)"]
[" (DIST UNKNOWN)","BREC","Breckinridge (UNKNOWN)",0.874,0.20895900000000001,0.89200000000000002,0.20895900000000001,"BREC",-1.8000000000000016E-2,95,"Breckinridge (UNKNOWN)"]
["Bullitt (DIST 00)","BULL","Bullitt (DIST 00)",0.9375,0.12659999999999999,0.96660000000000001,0.12659999999999999,"BULL",-2.9100000000000015E-2,96,"Bullitt (DIST 00)"]
["Bullitt (DIST 01)","BULL","Bullitt (DIST 01)",1.0375000000000001,0.2266,1.0666,0.2266,"BULL",-2.9099999999999904E-2,97,"Bullitt (DIST 01)"]
["Bullitt (DIST 02)","BULL","Bullitt (DIST 02)",1.0375000000000001,0.2266,1.0666,0.2266,"BULL",-2.9099999999999904E-2,98,"Bullitt (DIST 02)"]
["Bullitt (DIST 03)","BULL","Bullitt (DIST 03)",1.1375,0.3266,1.1665999999999999,0.3266,"BULL",-2.9099999999999904E-2,99,"Bullitt (DIST 03)"]
["Bullitt (DIST 04)","BULL","Bullitt (DIST 04)",1.0375000000000001,0.2266,1.0666,0.2266,"BULL",-2.9099999999999904E-2,100,"Bullitt (DIST 04)"]
["Bullitt (DIST 05)","BULL","Bullitt (DIST 05)",1.2295,0.3266,1.2615999999999998,0.3266,"BULL",-3.2099999999999795E-2,101,"Bullitt (DIST 05)"]
["Bullitt (DIST 06)","BULL","Bullitt (DIST 06)",1.2175,0.2266,1.2465999999999999,0.2266,"BULL",-2.9099999999999904E-2,102,"Bullitt (DIST 06)"]
["Bullitt (DIST 07)","BULL","Bullitt (DIST 07)",1.1951000000000001,0.2266,1.2242,0.2266,"BULL",-2.9099999999999904E-2,103,"Bullitt (DIST 07)"]
["Bullitt (DIST 08)","BULL","Bullitt (DIST 08)",1.2375,0.2266,1.2665999999999999,0.2266,"BULL",-2.9099999999999904E-2,104,"Bullitt (DIST 08)"]
["Bullitt (DIST 09)","BULL","Bullitt (DIST 09)",1.212,0.2266,1.2410999999999999,0.2266,"BULL",-2.9099999999999904E-2,105,"Bullitt (DIST 09)"]
["Bullitt (DIST 10)","BULL","Bullitt (DIST 10)",1.2775000000000001,0.12659999999999999,1.3066,0.12659999999999999,"BULL",-2.9099999999999904E-2,106,"Bullitt (DIST 10)"]
["Bullitt (DIST 11)","BULL","Bullitt (DIST 11)",1.0595000000000001,0.12659999999999999,1.0946,0.12659999999999999,"BULL",-3.5099999999999909E-2,107,"Bullitt (DIST 11)"]
["Bullitt (DIST 12)","BULL","Bullitt (DIST 12)",1.0375000000000001,0.2266,1.0666,0.2266,"BULL",-2.9099999999999904E-2,108,"Bullitt (DIST 12)"]
["Bullitt (DIST 16)","BULL","Bullitt (DIST 16)",1.1595,0.2266,1.1945999999999999,0.2266,"BULL",-3.5099999999999909E-2,109,"Bullitt (DIST 16)"]
[" (DIST UNKNOWN)","BULL","Bullitt (UNKNOWN)",0.9375,0.12659999999999999,0.96660000000000001,0.12659999999999999,"BULL",-2.9100000000000015E-2,110,"Bullitt (UNKNOWN)"]
["Butler (DIST 00)","BUTL","Butler (DIST 00)",0.85560000000000003,0.115,0.84849999999999992,0.115,"BUTL",7.1000000000001062E-3,111,"Butler (DIST 00)"]
["Butler (DIST 01)","BUTL","Butler (DIST 01)",0.9486,0.115,0.95809999999999995,0.115,"BUTL",-9.4999999999999529E-3,112,"Butler (DIST 01)"]
["Butler (DIST 02)","BUTL","Butler (DIST 02)",0.85560000000000003,0.115,0.84849999999999992,0.115,"BUTL",7.1000000000001062E-3,113,"Butler (DIST 02)"]
["Butler (DIST 03)","BUTL","Butler (DIST 03)",0.9506,0.115,0.84850000000000003,0.115,"BUTL",0.10209999999999997,114,"Butler (DIST 03)"]
[" (DIST UNKNOWN)","BUTL","Butler (UNKNOWN)",0.85560000000000003,0.115,0.84849999999999992,0.115,"BUTL",7.1000000000001062E-3,115,"Butler (UNKNOWN)"]
["Caldwell (DIST 00)","CALD","Caldwell (DIST 00)",0.75770000000000004,0.1055,0.74380000000000002,0.1055,"CALD",1.3900000000000023E-2,116,"Caldwell (DIST 00)"]
["Caldwell (DIST 01)","CALD","Caldwell (DIST 01)",0.93149999999999999,0.1055,0.91759999999999997,0.1055,"CALD",1.3900000000000023E-2,117,"Caldwell (DIST 01)"]
["Caldwell (DIST 02)","CALD","Caldwell (DIST 02)",1.0377000000000001,0.1055,1.0238,0.1055,"CALD",1.3900000000000023E-2,118,"Caldwell (DIST 02)"]
[" (DIST UNKNOWN)","CALD","Caldwell (UNKNOWN)",0.75770000000000004,0.1055,0.74380000000000002,0.1055,"CALD",1.3900000000000023E-2,119,"Caldwell (UNKNOWN)"]
["Calloway (DIST 01)","CALL","Calloway (DIST 01)",1.3097000000000001,7.1499999999999994E-2,1.3047,7.1499999999999994E-2,"CALL",5.0000000000001155E-3,120,"Calloway (DIST 01)"]
["Calloway (DIST 02)","CALL","Calloway (DIST 02)",1.0886,0.1615,1.0793000000000001,0.1615,"CALL",9.2999999999998639E-3,121,"Calloway (DIST 02)"]
["Calloway (DIST 03)","CALL","Calloway (DIST 03)",1.0297000000000001,7.1499999999999994E-2,1.0507,7.1499999999999994E-2,"CALL",-2.0999999999999908E-2,122,"Calloway (DIST 03)"]
["Calloway (DIST 10)","CALL","Calloway (DIST 10)",0.80859999999999999,0.1615,0.82530000000000003,0.1615,"CALL",-1.6700000000000048E-2,123,"Calloway (DIST 10)"]
["Calloway (DIST 12)","CALL","Calloway (DIST 12)",1.2085999999999999,0.1615,1.2253000000000001,0.1615,"CALL",-1.6700000000000159E-2,124,"Calloway (DIST 12)"]
[" (DIST UNKNOWN)","CALL","Calloway (UNKNOWN)",0.80859999999999999,7.1499999999999994E-2,0.82530000000000003,7.1499999999999994E-2,"CALL",-1.6700000000000048E-2,125,"Calloway (UNKNOWN)"]
["Campbell (DIST 01)","CAMP","Campbell (DIST 01)",1.1115999999999999,9.8000000000000004E-2,1.0579000000000001,9.8000000000000004E-2,"CAMP",5.3699999999999859E-2,126,"Campbell (DIST 01)"]
["Campbell (DIST 02)","CAMP","Campbell (DIST 02)",1.1115999999999999,9.8000000000000004E-2,1.0579000000000001,9.8000000000000004E-2,"CAMP",5.3699999999999859E-2,127,"Campbell (DIST 02)"]
["Campbell (DIST 04)","CAMP","Campbell (DIST 04)",2.4096000000000002,9.8000000000000004E-2,1.3579000000000001,9.8000000000000004E-2,"CAMP",1.0517000000000001,128,"Campbell (DIST 04)"]
["Campbell (DIST 05)","CAMP","Campbell (DIST 05)",2.0566,9.8000000000000004E-2,1.9559,9.8000000000000004E-2,"CAMP",0.10070000000000001,129,"Campbell (DIST 05)"]
["Campbell (DIST 06)","CAMP","Campbell (DIST 06)",1.7525999999999999,9.8000000000000004E-2,0.68390000000000006,9.8000000000000004E-2,"CAMP",1.0686999999999998,130,"Campbell (DIST 06)"]
["Campbell (DIST 07)","CAMP","Campbell (DIST 07)",1.9206000000000001,9.8000000000000004E-2,0.92790000000000006,9.8000000000000004E-2,"CAMP",0.99270000000000003,131,"Campbell (DIST 07)"]
["Campbell (DIST 08)","CAMP","Campbell (DIST 08)",2.2635000000000001,9.8000000000000004E-2,1.2118000000000002,9.8000000000000004E-2,"CAMP",1.0516999999999999,132,"Campbell (DIST 08)"]
["Campbell (DIST 09)","CAMP","Campbell (DIST 09)",1.4486000000000001,9.8000000000000004E-2,1.4549000000000001,9.8000000000000004E-2,"CAMP",-6.2999999999999723E-3,133,"Campbell (DIST 09)"]
["Campbell (DIST 10)","CAMP","Campbell (DIST 10)",1.6706000000000001,9.8000000000000004E-2,1.6169000000000002,9.8000000000000004E-2,"CAMP",5.3699999999999859E-2,134,"Campbell (DIST 10)"]
["Campbell (DIST 11)","CAMP","Campbell (DIST 11)",1.7376,9.8000000000000004E-2,1.6349,9.8000000000000004E-2,"CAMP",0.10270000000000001,135,"Campbell (DIST 11)"]
["Campbell (DIST 12)","CAMP","Campbell (DIST 12)",2.5446,0.28299999999999997,1.2428999999999999,0.28299999999999997,"CAMP",1.3017000000000001,136,"Campbell (DIST 12)"]
["Campbell (DIST 13)","CAMP","Campbell (DIST 13)",1.6246,9.8000000000000004E-2,1.3709,9.8000000000000004E-2,"CAMP",0.25370000000000004,137,"Campbell (DIST 13)"]
["Campbell (DIST 14)","CAMP","Campbell (DIST 14)",1.4545999999999999,0.28299999999999997,1.3969,0.28299999999999997,"CAMP",5.7699999999999863E-2,138,"Campbell (DIST 14)"]
["Campbell (DIST 15)","CAMP","Campbell (DIST 15)",1.4545999999999999,0.28299999999999997,1.3969,0.28299999999999997,"CAMP",5.7699999999999863E-2,139,"Campbell (DIST 15)"]
["Campbell (DIST 16)","CAMP","Campbell (DIST 16)",1.3116000000000001,0.28299999999999997,1.2429000000000001,0.28299999999999997,"CAMP",6.8699999999999983E-2,140,"Campbell (DIST 16)"]
["Campbell (DIST 17)","CAMP","Campbell (DIST 17)",1.3116000000000001,0.28299999999999997,1.2429000000000001,0.28299999999999997,"CAMP",6.8699999999999983E-2,141,"Campbell (DIST 17)"]
["Campbell (DIST 18)","CAMP","Campbell (DIST 18)",1.8615999999999999,9.8000000000000004E-2,1.8079000000000001,9.8000000000000004E-2,"CAMP",5.3699999999999859E-2,142,"Campbell (DIST 18)"]
["Campbell (DIST 19)","CAMP","Campbell (DIST 19)",1.8466,9.8000000000000004E-2,1.7899,9.8000000000000004E-2,"CAMP",5.6699999999999973E-2,143,"Campbell (DIST 19)"]
["Campbell (DIST 20)","CAMP","Campbell (DIST 20)",1.3855999999999999,9.8000000000000004E-2,1.3149000000000002,9.8000000000000004E-2,"CAMP",7.0699999999999763E-2,144,"Campbell (DIST 20)"]
["Campbell (DIST 21)","CAMP","Campbell (DIST 21)",2.1046,9.8000000000000004E-2,1.0039,9.8000000000000004E-2,"CAMP",1.1007,145,"Campbell (DIST 21)"]
["Campbell (DIST 22)","CAMP","Campbell (DIST 22)",1.7376,9.8000000000000004E-2,1.6349,9.8000000000000004E-2,"CAMP",0.10270000000000001,146,"Campbell (DIST 22)"]
["Campbell (DIST 23)","CAMP","Campbell (DIST 23)",1.3386,9.8000000000000004E-2,1.2849000000000002,9.8000000000000004E-2,"CAMP",5.3699999999999859E-2,147,"Campbell (DIST 23)"]
["Campbell (DIST 26)","CAMP","Campbell (DIST 26)",1.4765999999999999,0.28299999999999997,1.4079000000000002,0.28299999999999997,"CAMP",6.8699999999999761E-2,148,"Campbell (DIST 26)"]
["Campbell (DIST 27)","CAMP","Campbell (DIST 27)",1.2916000000000001,0.27800000000000002,1.2379,0.27800000000000002,"CAMP",5.3700000000000081E-2,149,"Campbell (DIST 27)"]
["Campbell (DIST 28)","CAMP","Campbell (DIST 28)",1.3116000000000001,0.29799999999999999,1.2579,0.29799999999999999,"CAMP",5.3700000000000081E-2,150,"Campbell (DIST 28)"]
["Campbell (DIST 29)","CAMP","Campbell (DIST 29)",1.3615999999999999,9.8000000000000004E-2,1.3079000000000001,9.8000000000000004E-2,"CAMP",5.3699999999999859E-2,151,"Campbell (DIST 29)"]
["Campbell (DIST 33)","CAMP","Campbell (DIST 33)",1.2916000000000001,0.27800000000000002,1.2379,0.27800000000000002,"CAMP",5.3700000000000081E-2,152,"Campbell (DIST 33)"]
["Campbell (DIST 35)","CAMP","Campbell (DIST 35)",1.4346000000000001,0.27800000000000002,1.3918999999999999,0.27800000000000002,"CAMP",4.2700000000000182E-2,153,"Campbell (DIST 35)"]
["Campbell (DIST 37)","CAMP","Campbell (DIST 37)",1.2916000000000001,0.27800000000000002,1.2379,0.27800000000000002,"CAMP",5.3700000000000081E-2,154,"Campbell (DIST 37)"]
["Campbell (DIST 38)","CAMP","Campbell (DIST 38)",1.7045999999999999,9.8000000000000004E-2,1.6358999999999999,9.8000000000000004E-2,"CAMP",6.8699999999999983E-2,155,"Campbell (DIST 38)"]
["Campbell (DIST 39)","CAMP","Campbell (DIST 39)",1.8466,9.8000000000000004E-2,1.7899,9.8000000000000004E-2,"CAMP",5.6699999999999973E-2,156,"Campbell (DIST 39)"]
["Campbell (DIST 45)","CAMP","Campbell (DIST 45)",1.3116000000000001,0.29799999999999999,1.2579,0.29799999999999999,"CAMP",5.3700000000000081E-2,157,"Campbell (DIST 45)"]
["Campbell (DIST 47)","CAMP","Campbell (DIST 47)",1.3116000000000001,0.29799999999999999,1.2579,0.29799999999999999,"CAMP",5.3700000000000081E-2,158,"Campbell (DIST 47)"]
["Campbell (DIST 48)","CAMP","Campbell (DIST 48)",1.4816,0.29799999999999999,1.4049,0.29799999999999999,"CAMP",7.669999999999999E-2,159,"Campbell (DIST 48)"]
[" (DIST UNKNOWN)","CAMP","Campbell (UNKNOWN)",1.1115999999999999,9.8000000000000004E-2,0.68390000000000006,9.8000000000000004E-2,"CAMP",0.42769999999999986,160,"Campbell (UNKNOWN)"]
["Carlisle (DIST 00)","CARL","Carlisle (DIST 00)",0.99,3.2000000000000001E-2,0.99979999999999991,3.2000000000000001E-2,"CARL",-9.7999999999999199E-3,161,"Carlisle (DIST 00)"]
["Carlisle (DIST 01)","CARL","Carlisle (DIST 01)",1.26,3.2000000000000001E-2,1.2698,3.2000000000000001E-2,"CARL",-9.8000000000000309E-3,162,"Carlisle (DIST 01)"]
["Carlisle (DIST 02)","CARL","Carlisle (DIST 02)",1.4039999999999999,3.2000000000000001E-2,1.4137999999999999,3.2000000000000001E-2,"CARL",-9.8000000000000309E-3,163,"Carlisle (DIST 02)"]
[" (DIST UNKNOWN)","CARL","Carlisle (UNKNOWN)",0.99,3.2000000000000001E-2,0.99980000000000002,3.2000000000000001E-2,"CARL",-9.8000000000000309E-3,164,"Carlisle (UNKNOWN)"]
["Carroll (DIST 00)","CARR","Carroll (DIST 00)",1.0105,0.2331,1.0111000000000001,0.2331,"CARR",-6.0000000000015596E-4,165,"Carroll (DIST 00)"]
["Carroll (DIST 01)","CARR","Carroll (DIST 01)",1.1105,0.33310000000000001,1.1111,0.33310000000000001,"CARR",-5.9999999999993392E-4,166,"Carroll (DIST 01)"]
["Carroll (DIST 02)","CARR","Carroll (DIST 02)",1.3905000000000001,0.33310000000000001,1.3911,0.33310000000000001,"CARR",-5.9999999999993392E-4,167,"Carroll (DIST 02)"]
["Carroll (DIST 03)","CARR","Carroll (DIST 03)",1.3115000000000001,0.2331,1.3771,0.2331,"CARR",-6.5599999999999881E-2,168,"Carroll (DIST 03)"]
["Carroll (DIST 04)","CARR","Carroll (DIST 04)",1.2244999999999999,0.2331,1.2251000000000001,0.2331,"CARR",-6.0000000000015596E-4,169,"Carroll (DIST 04)"]
["Carroll (DIST 05)","CARR","Carroll (DIST 05)",1.3105,0.2331,1.3111000000000002,0.2331,"CARR",-6.0000000000015596E-4,170,"Carroll (DIST 05)"]
["Carroll (DIST 06)","CARR","Carroll (DIST 06)",1.2605,0.2331,1.2611000000000001,0.2331,"CARR",-6.0000000000015596E-4,171,"Carroll (DIST 06)"]
[" (DIST UNKNOWN)","CARR","Carroll (UNKNOWN)",1.0105,0.2331,1.0111000000000001,0.2331,"CARR",-6.0000000000015596E-4,172,"Carroll (UNKNOWN)"]
["Carter (DIST 00)","CART","Carter (DIST 00)",0.76549999999999996,0.16,0.77559999999999996,0.16,"CART",-1.0099999999999998E-2,173,"Carter (DIST 00)"]
["Carter (DIST 01)","CART","Carter (DIST 01)",0.95740000000000003,0.16,0.96960000000000002,0.16,"CART",-1.2199999999999989E-2,174,"Carter (DIST 01)"]
["Carter (DIST 02)","CART","Carter (DIST 02)",0.98850000000000005,0.16,1.0076000000000001,0.16,"CART",-1.9100000000000006E-2,175,"Carter (DIST 02)"]
[" (DIST UNKNOWN)","CART","Carter (UNKNOWN)",0.76549999999999996,0.16,0.77559999999999996,0.16,"CART",-1.0099999999999998E-2,176,"Carter (UNKNOWN)"]
["Casey (DIST 00)","CASE","Casey (DIST 00)",0.81379999999999997,0.245,0.84309999999999996,0.245,"CASE",-2.9299999999999993E-2,177,"Casey (DIST 00)"]
["Casey (DIST 01)","CASE","Casey (DIST 01)",1.0258,0.245,1.0521,0.245,"CASE",-2.629999999999999E-2,178,"Casey (DIST 01)"]
[" (DIST UNKNOWN)","CASE","Casey (UNKNOWN)",0.81379999999999997,0.245,0.84309999999999996,0.245,"CASE",-2.9299999999999993E-2,179,"Casey (UNKNOWN)"]
["Christian (DIST 00)","CHRI","Christian (DIST 00)",0.6804,6.4799999999999996E-2,0.67880000000000007,6.4799999999999996E-2,"CHRI",1.5999999999999348E-3,180,"Christian (DIST 00)"]
["Christian (DIST 01)","CHRI","Christian (DIST 01)",0.9194,6.4799999999999996E-2,0.91780000000000006,6.4799999999999996E-2,"CHRI",1.5999999999999348E-3,181,"Christian (DIST 01)"]
["Christian (DIST 02)","CHRI","Christian (DIST 02)",0.9143,6.4799999999999996E-2,1.0031000000000001,6.4799999999999996E-2,"CHRI",-8.8800000000000101E-2,182,"Christian (DIST 02)"]
["Christian (DIST 03)","CHRI","Christian (DIST 03)",0.76370000000000005,6.4799999999999996E-2,0.76210000000000011,6.4799999999999996E-2,"CHRI",1.5999999999999348E-3,183,"Christian (DIST 03)"]
["Christian (DIST 04)","CHRI","Christian (DIST 04)",0.7802,6.4799999999999996E-2,0.7491000000000001,6.4799999999999996E-2,"CHRI",3.1099999999999905E-2,184,"Christian (DIST 04)"]
["Christian (DIST 05)","CHRI","Christian (DIST 05)",0.90839999999999999,6.4799999999999996E-2,0.78220000000000012,6.4799999999999996E-2,"CHRI",0.12619999999999987,185,"Christian (DIST 05)"]
[" (DIST UNKNOWN)","CHRI","Christian (UNKNOWN)",0.6804,6.4799999999999996E-2,0.67879999999999996,6.4799999999999996E-2,"CHRI",1.6000000000000458E-3,186,"Christian (UNKNOWN)"]
["Clark (DIST 00)","CLAR","Clark (DIST 00)",0.95179999999999998,0.1419,0.94580000000000009,0.1419,"CLAR",5.9999999999998943E-3,187,"Clark (DIST 00)"]
["Clark (DIST 01)","CLAR","Clark (DIST 01)",1.1048,0.1419,1.0957000000000001,0.1419,"CLAR",9.099999999999886E-3,188,"Clark (DIST 01)"]
[" (DIST UNKNOWN)","CLAR","Clark (UNKNOWN)",0.95179999999999998,0.1419,0.94579999999999997,0.1419,"CLAR",6.0000000000000053E-3,189,"Clark (UNKNOWN)"]
["Clay (DIST 00)","CLAY","Clay (DIST 00)",1.1718999999999999,0.2298,1.1560000000000001,0.2298,"CLAY",1.5899999999999803E-2,190,"Clay (DIST 00)"]
["Clay (DIST 01)","CLAY","Clay (DIST 01)",1.5319,0.2298,1.516,0.2298,"CLAY",1.5900000000000025E-2,191,"Clay (DIST 01)"]
[" (DIST UNKNOWN)","CLAY","Clay (UNKNOWN)",1.1718999999999999,0.2298,1.1559999999999999,0.2298,"CLAY",1.5900000000000025E-2,192,"Clay (UNKNOWN)"]
["Clinton (DIST 00)","CLIN","Clinton (DIST 00)",0.76339999999999997,8.6099999999999996E-2,0.73720000000000008,8.6099999999999996E-2,"CLIN",2.619999999999989E-2,193,"Clinton (DIST 00)"]
["Clinton (DIST 01)","CLIN","Clinton (DIST 01)",0.96340000000000003,8.6099999999999996E-2,0.93720000000000003,8.6099999999999996E-2,"CLIN",2.6200000000000001E-2,194,"Clinton (DIST 01)"]
[" (DIST UNKNOWN)","CLIN","Clinton (UNKNOWN)",0.76339999999999997,8.6099999999999996E-2,0.73719999999999997,8.6099999999999996E-2,"CLIN",2.6200000000000001E-2,195,"Clinton (UNKNOWN)"]
["Crittenden (DIST 01)","CRIT","Crittenden (DIST 01)",0.74439999999999995,0.1336,0.74660000000000004,0.1336,"CRIT",-2.2000000000000908E-3,196,"Crittenden (DIST 01)"]
["Crittenden (DIST 02)","CRIT","Crittenden (DIST 02)",1.0225,0.1336,1.0246999999999999,0.1336,"CRIT",-2.1999999999999797E-3,197,"Crittenden (DIST 02)"]
[" (DIST UNKNOWN)","CRIT","Crittenden (UNKNOWN)",0.74439999999999995,0.1336,0.74660000000000004,0.1336,"CRIT",-2.2000000000000908E-3,198,"Crittenden (UNKNOWN)"]
["Cumberland (DIST 00)","CUMB","Cumberland (DIST 00)",0.76070000000000004,0.12720000000000001,0.76639999999999997,0.12720000000000001,"CUMB",-5.6999999999999273E-3,199,"Cumberland (DIST 00)"]
["Cumberland (DIST 01)","CUMB","Cumberland (DIST 01)",1.0507,0.12720000000000001,1.0764,0.12720000000000001,"CUMB",-2.5700000000000056E-2,200,"Cumberland (DIST 01)"]
[" (DIST UNKNOWN)","CUMB","Cumberland (UNKNOWN)",0.76070000000000004,0.12720000000000001,0.76639999999999997,0.12720000000000001,"CUMB",-5.6999999999999273E-3,201,"Cumberland (UNKNOWN)"]
["Daviess (DIST 00)","DAVI","Daviess (DIST 00)",0.96630000000000005,0.12429,1.0030000000000001,0.12429,"DAVI",-3.6700000000000066E-2,202,"Daviess (DIST 00)"]
["Daviess (DIST 01)","DAVI","Daviess (DIST 01)",0.96630000000000005,0.12429,1.0030000000000001,0.12429,"DAVI",-3.6700000000000066E-2,203,"Daviess (DIST 01)"]
["Daviess (DIST 02)","DAVI","Daviess (DIST 02)",1.1129,0.12429,1.1448,0.12429,"DAVI",-3.1900000000000039E-2,204,"Daviess (DIST 02)"]
["Daviess (DIST 03)","DAVI","Daviess (DIST 03)",1.2423999999999999,0.12429,1.3332000000000002,0.12429,"DAVI",-9.0800000000000214E-2,205,"Daviess (DIST 03)"]
["Daviess (DIST 04)","DAVI","Daviess (DIST 04)",1.3934,0.12429,1.4842000000000002,0.12429,"DAVI",-9.0800000000000214E-2,206,"Daviess (DIST 04)"]
["Daviess (DIST 05)","DAVI","Daviess (DIST 05)",1.3934,0.12429,1.4842000000000002,0.12429,"DAVI",-9.0800000000000214E-2,207,"Daviess (DIST 05)"]
["Daviess (DIST 06)","DAVI","Daviess (DIST 06)",1.2423999999999999,0.12429,1.3332000000000002,0.12429,"DAVI",-9.0800000000000214E-2,208,"Daviess (DIST 06)"]
["Daviess (DIST 07)","DAVI","Daviess (DIST 07)",0.96630000000000005,0.12429,1.0030000000000001,0.12429,"DAVI",-3.6700000000000066E-2,209,"Daviess (DIST 07)"]
[" (DIST UNKNOWN)","DAVI","Daviess (UNKNOWN)",0.96630000000000005,0.12429,1.0030000000000001,0.12429,"DAVI",-3.6700000000000066E-2,210,"Daviess (UNKNOWN)"]
["Edmonson (DIST 00)","EDMO","Edmonson (DIST 00)",1.0004,0.3206,0.99959999999999993,0.3206,"EDMO",8.0000000000002292E-4,211,"Edmonson (DIST 00)"]
["Edmonson (DIST 01)","EDMO","Edmonson (DIST 01)",1.0666,0.3206,1.0640999999999998,0.3206,"EDMO",2.5000000000001688E-3,212,"Edmonson (DIST 01)"]
[" (DIST UNKNOWN)","EDMO","Edmonson (UNKNOWN)",1.0004,0.3206,0.99960000000000004,0.3206,"EDMO",7.9999999999991189E-4,213,"Edmonson (UNKNOWN)"]
["Elliott (DIST 00)","ELLI","Elliott (DIST 00)",0.83089999999999997,0.08,0.82820000000000005,0.08,"ELLI",2.6999999999999247E-3,214,"Elliott (DIST 00)"]
["Elliott (DIST 01)","ELLI","Elliott (DIST 01)",1.0308999999999999,0.08,1.0282,0.08,"ELLI",2.6999999999999247E-3,215,"Elliott (DIST 01)"]
[" (DIST UNKNOWN)","ELLI","Elliott (UNKNOWN)",0.83089999999999997,0.08,0.82820000000000005,0.08,"ELLI",2.6999999999999247E-3,216,"Elliott (UNKNOWN)"]
["Estill (DIST 00)","ESTI","Estill (DIST 00)",1.0828,0.2364,1.1069,0.2364,"ESTI",-2.410000000000001E-2,217,"Estill (DIST 00)"]
["Estill (DIST 01)","ESTI","Estill (DIST 01)",1.6328,0.2364,1.6569,0.2364,"ESTI",-2.410000000000001E-2,218,"Estill (DIST 01)"]
["Estill (DIST 02)","ESTI","Estill (DIST 02)",1.4827999999999999,0.2364,1.5068999999999999,0.2364,"ESTI",-2.410000000000001E-2,219,"Estill (DIST 02)"]
[" (DIST UNKNOWN)","ESTI","Estill (UNKNOWN)",1.0828,0.2364,1.1069,0.2364,"ESTI",-2.410000000000001E-2,220,"Estill (UNKNOWN)"]
["Fayette (DIST 02)","FAYE","Fayette (DIST 02)",1.0122,8.7999999999999995E-2,0.99009999999999998,8.7999999999999995E-2,"FAYE",2.2100000000000009E-2,221,"Fayette (DIST 02)"]
[" (DIST UNKNOWN)","FAYE","Fayette (UNKNOWN)",1.0122,8.7999999999999995E-2,0.99009999999999998,8.7999999999999995E-2,"FAYE",2.2100000000000009E-2,222,"Fayette (UNKNOWN)"]
["Fleming (DIST 00)","FLEM","Fleming (DIST 00)",0.93640000000000001,0.21579999999999999,0.94819999999999993,0.21579999999999999,"FLEM",-1.1799999999999922E-2,223,"Fleming (DIST 00)"]
["Fleming (DIST 01)","FLEM","Fleming (DIST 01)",1.0676000000000001,0.21579999999999999,1.0735999999999999,0.21579999999999999,"FLEM",-5.9999999999997833E-3,224,"Fleming (DIST 01)"]
[" (DIST UNKNOWN)","FLEM","Fleming (UNKNOWN)",0.93640000000000001,0.21579999999999999,0.94820000000000004,0.21579999999999999,"FLEM",-1.1800000000000033E-2,225,"Fleming (UNKNOWN)"]
["Floyd (DIST 00)","FLOY","Floyd (DIST 00)",1.0416000000000001,0.20910000000000001,1.0415999999999999,0.20910000000000001,"FLOY",0,226,"Floyd (DIST 00)"]
["Floyd (DIST 01)","FLOY","Floyd (DIST 01)",1.4189000000000001,0.20910000000000001,1.4188999999999998,0.20910000000000001,"FLOY",0,227,"Floyd (DIST 01)"]
["Floyd (DIST 02)","FLOY","Floyd (DIST 02)",1.3715999999999999,0.30909999999999999,1.3715999999999999,0.30909999999999999,"FLOY",0,228,"Floyd (DIST 02)"]
["Floyd (DIST 03)","FLOY","Floyd (DIST 03)",1.2616000000000001,0.20910000000000001,1.2615999999999998,0.20910000000000001,"FLOY",0,229,"Floyd (DIST 03)"]
["Floyd (DIST 04)","FLOY","Floyd (DIST 04)",1.4416,0.20910000000000001,1.4415999999999998,0.20910000000000001,"FLOY",0,230,"Floyd (DIST 04)"]
["Floyd (DIST 05)","FLOY","Floyd (DIST 05)",1.1415999999999999,0.30909999999999999,1.1415999999999999,0.30909999999999999,"FLOY",0,231,"Floyd (DIST 05)"]
["Floyd (DIST 06)","FLOY","Floyd (DIST 06)",1.1415999999999999,0.30909999999999999,1.1415999999999999,0.30909999999999999,"FLOY",0,232,"Floyd (DIST 06)"]
["Floyd (DIST 07)","FLOY","Floyd (DIST 07)",1.1415999999999999,0.30909999999999999,1.1415999999999999,0.30909999999999999,"FLOY",0,233,"Floyd (DIST 07)"]
["Floyd (DIST 08)","FLOY","Floyd (DIST 08)",1.1415999999999999,0.30909999999999999,1.1415999999999999,0.30909999999999999,"FLOY",0,234,"Floyd (DIST 08)"]
["Floyd (DIST 09)","FLOY","Floyd (DIST 09)",1.1415999999999999,0.20910000000000001,1.1415999999999999,0.20910000000000001,"FLOY",0,235,"Floyd (DIST 09)"]
["Floyd (DIST 10)","FLOY","Floyd (DIST 10)",1.6315999999999999,0.30909999999999999,1.6315999999999999,0.30909999999999999,"FLOY",0,236,"Floyd (DIST 10)"]
["Floyd (DIST 11)","FLOY","Floyd (DIST 11)",1.1415999999999999,0.30909999999999999,1.1415999999999999,0.30909999999999999,"FLOY",0,237,"Floyd (DIST 11)"]
["Floyd (DIST 12)","FLOY","Floyd (DIST 12)",1.1415999999999999,0.20910000000000001,1.1415999999999999,0.20910000000000001,"FLOY",0,238,"Floyd (DIST 12)"]
["Floyd (DIST 13)","FLOY","Floyd (DIST 13)",1.1415999999999999,0.30909999999999999,1.1415999999999999,0.30909999999999999,"FLOY",0,239,"Floyd (DIST 13)"]
["Floyd (DIST 14)","FLOY","Floyd (DIST 14)",1.1415999999999999,0.20910000000000001,1.1415999999999999,0.20910000000000001,"FLOY",0,240,"Floyd (DIST 14)"]
["Floyd (DIST 15)","FLOY","Floyd (DIST 15)",1.1415999999999999,0.30909999999999999,1.1415999999999999,0.30909999999999999,"FLOY",0,241,"Floyd (DIST 15)"]
["Floyd (DIST 16)","FLOY","Floyd (DIST 16)",1.1415999999999999,0.30909999999999999,1.1415999999999999,0.30909999999999999,"FLOY",0,242,"Floyd (DIST 16)"]
["Floyd (DIST 17)","FLOY","Floyd (DIST 17)",1.1415999999999999,0.30909999999999999,1.1415999999999999,0.30909999999999999,"FLOY",0,243,"Floyd (DIST 17)"]
["Floyd (DIST 18)","FLOY","Floyd (DIST 18)",1.1415999999999999,0.30909999999999999,1.1415999999999999,0.30909999999999999,"FLOY",0,244,"Floyd (DIST 18)"]
[" (DIST UNKNOWN)","FLOY","Floyd (UNKNOWN)",1.0416000000000001,0.20910000000000001,1.0416000000000001,0.20910000000000001,"FLOY",0,245,"Floyd (UNKNOWN)"]
["Franklin (DIST 01)","FRAN","Franklin (DIST 01)",1.0688,7.2499999999999995E-2,1.091,7.2499999999999995E-2,"FRAN",-2.2199999999999998E-2,246,"Franklin (DIST 01)"]
["Franklin (DIST 02)","FRAN","Franklin (DIST 02)",1.2618,7.2499999999999995E-2,1.2869999999999999,7.2499999999999995E-2,"FRAN",-2.5199999999999889E-2,247,"Franklin (DIST 02)"]
["Franklin (DIST 03)","FRAN","Franklin (DIST 03)",1.5728,7.2499999999999995E-2,1.5980000000000001,7.2499999999999995E-2,"FRAN",-2.5200000000000111E-2,248,"Franklin (DIST 03)"]
[" (DIST UNKNOWN)","FRAN","Franklin (UNKNOWN)",1.0688,7.2499999999999995E-2,1.091,7.2499999999999995E-2,"FRAN",-2.2199999999999998E-2,249,"Franklin (UNKNOWN)"]
["Fulton (DIST 01)","FULT","Fulton (DIST 01)",1.0995999999999999,0.15140000000000001,1.0939000000000001,0.15140000000000001,"FULT",5.6999999999998163E-3,250,"Fulton (DIST 01)"]
["Fulton (DIST 02)","FULT","Fulton (DIST 02)",1.5339,0.15140000000000001,1.4612000000000001,0.15140000000000001,"FULT",7.2699999999999987E-2,251,"Fulton (DIST 02)"]
["Fulton (DIST 03)","FULT","Fulton (DIST 03)",0.90059999999999996,0.15140000000000001,0.91789999999999994,0.15140000000000001,"FULT",-1.7299999999999982E-2,252,"Fulton (DIST 03)"]
["Fulton (DIST 04)","FULT","Fulton (DIST 04)",1.4396,0.15140000000000001,1.5718999999999999,0.15140000000000001,"FULT",-0.13229999999999986,253,"Fulton (DIST 04)"]
[" (DIST UNKNOWN)","FULT","Fulton (UNKNOWN)",0.90059999999999996,0.15140000000000001,0.91790000000000005,0.15140000000000001,"FULT",-1.7300000000000093E-2,254,"Fulton (UNKNOWN)"]
["Gallatin (DIST 00)","GALL","Gallatin (DIST 00)",1.026,0.16400000000000001,1.032,0.16400000000000001,"GALL",-6.0000000000000053E-3,255,"Gallatin (DIST 00)"]
["Gallatin (DIST 01)","GALL","Gallatin (DIST 01)",1.06,0.16400000000000001,1.0720000000000001,0.16400000000000001,"GALL",-1.2000000000000011E-2,256,"Gallatin (DIST 01)"]
["Gallatin (DIST 02)","GALL","Gallatin (DIST 02)",1.216,0.16400000000000001,1.222,0.16400000000000001,"GALL",-6.0000000000000053E-3,257,"Gallatin (DIST 02)"]
["Gallatin (DIST 03)","GALL","Gallatin (DIST 03)",1.349,0.16400000000000001,1.2890000000000001,0.16400000000000001,"GALL",5.9999999999999831E-2,258,"Gallatin (DIST 03)"]
["Gallatin (DIST 04)","GALL","Gallatin (DIST 04)",1.226,0.36399999999999999,1.232,0.36399999999999999,"GALL",-6.0000000000000053E-3,259,"Gallatin (DIST 04)"]
[" (DIST UNKNOWN)","GALL","Gallatin (UNKNOWN)",1.026,0.16400000000000001,1.032,0.16400000000000001,"GALL",-6.0000000000000053E-3,260,"Gallatin (UNKNOWN)"]
["Garrard (DIST 01)","GARR","Garrard (DIST 01)",1.1045,0.15759999999999999,1.115,0.15759999999999999,"GARR",-1.0499999999999954E-2,261,"Garrard (DIST 01)"]
["Garrard (DIST 02)","GARR","Garrard (DIST 02)",1.0745,0.15759999999999999,1.085,0.15759999999999999,"GARR",-1.0499999999999954E-2,262,"Garrard (DIST 02)"]
["Garrard (DIST 03)","GARR","Garrard (DIST 03)",1.0734999999999999,0.2266,1.0840000000000001,0.2266,"GARR",-1.0500000000000176E-2,263,"Garrard (DIST 03)"]
["Garrard (DIST 04)","GARR","Garrard (DIST 04)",1.0645,0.15759999999999999,1.0750000000000002,0.15759999999999999,"GARR",-1.0500000000000176E-2,264,"Garrard (DIST 04)"]
["Garrard (DIST 08)","GARR","Garrard (DIST 08)",1.2645,0.15759999999999999,1.2750000000000001,0.15759999999999999,"GARR",-1.0500000000000176E-2,265,"Garrard (DIST 08)"]
[" (DIST UNKNOWN)","GARR","Garrard (UNKNOWN)",1.0645,0.15759999999999999,1.075,0.15759999999999999,"GARR",-1.0499999999999954E-2,266,"Garrard (UNKNOWN)"]
["Grant (DIST 00)","GRAN","Grant (DIST 00)",1.4898,0.3548,1.5508,0.3548,"GRAN",-6.0999999999999943E-2,267,"Grant (DIST 00)"]
["Grant (DIST 01)","GRAN","Grant (DIST 01)",0.99980000000000002,0.3548,1.0608,0.3548,"GRAN",-6.0999999999999943E-2,268,"Grant (DIST 01)"]
["Grant (DIST 02)","GRAN","Grant (DIST 02)",1.2998000000000001,0.3548,1.3608,0.3548,"GRAN",-6.0999999999999943E-2,269,"Grant (DIST 02)"]
["Grant (DIST 03)","GRAN","Grant (DIST 03)",1.2807999999999999,0.45479999999999998,1.3418000000000001,0.45479999999999998,"GRAN",-6.1000000000000165E-2,270,"Grant (DIST 03)"]
["Grant (DIST 04)","GRAN","Grant (DIST 04)",1.2088000000000001,0.3548,1.2698,0.3548,"GRAN",-6.0999999999999943E-2,271,"Grant (DIST 04)"]
["Grant (DIST 05)","GRAN","Grant (DIST 05)",1.7927999999999999,0.3548,1.8708,0.3548,"GRAN",-7.8000000000000069E-2,272,"Grant (DIST 05)"]
["Grant (DIST 06)","GRAN","Grant (DIST 06)",1.3028,0.3548,1.3808,0.3548,"GRAN",-7.8000000000000069E-2,273,"Grant (DIST 06)"]
[" (DIST UNKNOWN)","GRAN","Grant (UNKNOWN)",0.99980000000000002,0.3548,1.0608,0.3548,"GRAN",-6.0999999999999943E-2,274,"Grant (UNKNOWN)"]
["Graves (DIST 01)","GRAV","Graves (DIST 01)",1.3129,0.1009,1.3073999999999999,0.1009,"GRAV",5.5000000000000604E-3,275,"Graves (DIST 01)"]
["Graves (DIST 02)","GRAV","Graves (DIST 02)",0.76290000000000002,0.1009,0.75740000000000007,0.1009,"GRAV",5.4999999999999494E-3,276,"Graves (DIST 02)"]
["Graves (DIST 04)","GRAV","Graves (DIST 04)",1.2928999999999999,0.1009,1.2874000000000001,0.1009,"GRAV",5.4999999999998384E-3,277,"Graves (DIST 04)"]
["Graves (DIST 05)","GRAV","Graves (DIST 05)",0.8629,0.1009,0.85740000000000005,0.1009,"GRAV",5.4999999999999494E-3,278,"Graves (DIST 05)"]
["Graves (DIST 06)","GRAV","Graves (DIST 06)",1.0528999999999999,0.1009,1.0473999999999999,0.1009,"GRAV",5.5000000000000604E-3,279,"Graves (DIST 06)"]
[" (DIST UNKNOWN)","GRAV","Graves (UNKNOWN)",0.76290000000000002,0.1009,0.75739999999999996,0.1009,"GRAV",5.5000000000000604E-3,280,"Graves (UNKNOWN)"]
["Grayson (DIST 00)","GRAY","Grayson (DIST 00)",0.8881,0.22819999999999999,0.88319999999999999,0.22819999999999999,"GRAY",4.9000000000000155E-3,281,"Grayson (DIST 00)"]
["Grayson (DIST 01)","GRAY","Grayson (DIST 01)",1.1540999999999999,0.22819999999999999,1.1492,0.22819999999999999,"GRAY",4.8999999999999044E-3,282,"Grayson (DIST 01)"]
["Grayson (DIST 02)","GRAY","Grayson (DIST 02)",1.1040000000000001,0.22819999999999999,1.1465000000000001,0.22819999999999999,"GRAY",-4.2499999999999982E-2,283,"Grayson (DIST 02)"]
["Grayson (DIST 03)","GRAY","Grayson (DIST 03)",1.1040000000000001,0.22819999999999999,0.98970000000000002,0.22819999999999999,"GRAY",0.11430000000000007,284,"Grayson (DIST 03)"]
["Grayson (DIST 04)","GRAY","Grayson (DIST 04)",1.1540999999999999,0.22819999999999999,1.1492,0.22819999999999999,"GRAY",4.8999999999999044E-3,285,"Grayson (DIST 04)"]
[" (DIST UNKNOWN)","GRAY","Grayson (UNKNOWN)",0.8881,0.22819999999999999,0.88319999999999999,0.22819999999999999,"GRAY",4.9000000000000155E-3,286,"Grayson (UNKNOWN)"]
["Green (DIST 00)","GREE","Green (DIST 00)",0.96050000000000002,0.348499,1.0035000000000001,0.348499,"GREE",-4.3000000000000038E-2,287,"Green (DIST 00)"]
["Green (DIST 01)","GREE","Green (DIST 01)",1.2004999999999999,0.348499,1.2495000000000001,0.348499,"GREE",-4.9000000000000155E-2,288,"Green (DIST 01)"]
[" (DIST UNKNOWN)","GREE","Green (UNKNOWN)",0.96050000000000002,0.348499,1.0035000000000001,0.348499,"GREE",-4.3000000000000038E-2,289,"Green (UNKNOWN)"]
["Greenup (DIST 01)","GREU","Greenup (DIST 01)",1.48,0.1633,1.4784999999999999,0.1633,"GREU",1.5000000000000568E-3,290,"Greenup (DIST 01)"]
["Greenup (DIST 02)","GREU","Greenup (DIST 02)",1.7211000000000001,0.26329999999999998,1.7838000000000001,0.26329999999999998,"GREU",-6.2699999999999978E-2,291,"Greenup (DIST 02)"]
["Greenup (DIST 03)","GREU","Greenup (DIST 03)",1.9791000000000001,0.26329999999999998,2.3681000000000001,0.26329999999999998,"GREU",-0.38900000000000001,292,"Greenup (DIST 03)"]
["Greenup (DIST 04)","GREU","Greenup (DIST 04)",1.58,0.1633,1.5785,0.1633,"GREU",1.5000000000000568E-3,293,"Greenup (DIST 04)"]
["Greenup (DIST 05)","GREU","Greenup (DIST 05)",1.7609999999999999,0.26329999999999998,0.96550000000000002,0.26329999999999998,"GREU",0.79549999999999987,294,"Greenup (DIST 05)"]
["Greenup (DIST 06)","GREU","Greenup (DIST 06)",2.3696999999999999,0.26329999999999998,2.3812000000000002,0.26329999999999998,"GREU",-1.1500000000000288E-2,295,"Greenup (DIST 06)"]
["Greenup (DIST 07)","GREU","Greenup (DIST 07)",1.601,0.26329999999999998,1.6025,0.26329999999999998,"GREU",-1.5000000000000568E-3,296,"Greenup (DIST 07)"]
["Greenup (DIST 08)","GREU","Greenup (DIST 08)",1.601,0.26329999999999998,1.6025,0.26329999999999998,"GREU",-1.5000000000000568E-3,297,"Greenup (DIST 08)"]
["Greenup (DIST 09)","GREU","Greenup (DIST 09)",2.6206999999999998,0.26329999999999998,2.5989,0.26329999999999998,"GREU",2.179999999999982E-2,298,"Greenup (DIST 09)"]
["Greenup (DIST 10)","GREU","Greenup (DIST 10)",1.601,0.26329999999999998,1.7955000000000001,0.26329999999999998,"GREU",-0.19450000000000012,299,"Greenup (DIST 10)"]
["Greenup (DIST 11)","GREU","Greenup (DIST 11)",1.58,0.1633,1.5785,0.1633,"GREU",1.5000000000000568E-3,300,"Greenup (DIST 11)"]
["Greenup (DIST 12)","GREU","Greenup (DIST 12)",1.58,0.26329999999999998,1.5785,0.26329999999999998,"GREU",1.5000000000000568E-3,301,"Greenup (DIST 12)"]
["Greenup (DIST 13)","GREU","Greenup (DIST 13)",1.861,0.36330000000000001,1.8725000000000001,0.36330000000000001,"GREU",-1.1500000000000066E-2,302,"Greenup (DIST 13)"]
["Greenup (DIST 14)","GREU","Greenup (DIST 14)",1.7010000000000001,0.36330000000000001,1.7025000000000001,0.36330000000000001,"GREU",-1.5000000000000568E-3,303,"Greenup (DIST 14)"]
["Greenup (DIST 15)","GREU","Greenup (DIST 15)",1.58,0.26329999999999998,1.5785,0.26329999999999998,"GREU",1.5000000000000568E-3,304,"Greenup (DIST 15)"]
["Greenup (DIST 16)","GREU","Greenup (DIST 16)",1.58,0.26329999999999998,1.5785,0.26329999999999998,"GREU",1.5000000000000568E-3,305,"Greenup (DIST 16)"]
["Greenup (DIST 17)","GREU","Greenup (DIST 17)",1.58,0.1633,1.5785,0.1633,"GREU",1.5000000000000568E-3,306,"Greenup (DIST 17)"]
["Greenup (DIST 18)","GREU","Greenup (DIST 18)",1.58,0.1633,1.5785,0.1633,"GREU",1.5000000000000568E-3,307,"Greenup (DIST 18)"]
["Greenup (DIST 19)","GREU","Greenup (DIST 19)",1.58,0.26329999999999998,1.5785,0.26329999999999998,"GREU",1.5000000000000568E-3,308,"Greenup (DIST 19)"]
["Greenup (DIST 20)","GREU","Greenup (DIST 20)",1.58,0.26329999999999998,1.5785,0.26329999999999998,"GREU",1.5000000000000568E-3,309,"Greenup (DIST 20)"]
["Greenup (DIST 24)","GREU","Greenup (DIST 24)",1.7010000000000001,0.36330000000000001,1.7025000000000001,0.36330000000000001,"GREU",-1.5000000000000568E-3,310,"Greenup (DIST 24)"]
[" (DIST UNKNOWN)","GREU","Greenup (UNKNOWN)",1.48,0.1633,0.96550000000000002,0.1633,"GREU",0.51449999999999996,311,"Greenup (UNKNOWN)"]
["Hancock (DIST 00)","HANCK","Hancock (DIST 00)",0.9405,0.1575,0.9425,0.1575,"HANCK",-2.0000000000000018E-3,312,"Hancock (DIST 00)"]
["Hancock (DIST 01)","HANCK","Hancock (DIST 01)",1.1843999999999999,0.1575,1.2329000000000001,0.1575,"HANCK",-4.850000000000021E-2,313,"Hancock (DIST 01)"]
["Hancock (DIST 02)","HANCK","Hancock (DIST 02)",1.6904999999999999,0.1575,1.6924999999999999,0.1575,"HANCK",-2.0000000000000018E-3,314,"Hancock (DIST 02)"]
[" (DIST UNKNOWN)","HANCK","Hancock (UNKNOWN)",0.9405,0.1575,0.9425,0.1575,"HANCK",-2.0000000000000018E-3,315,"Hancock (UNKNOWN)"]
["Hardin (DIST 00)","HARD","Hardin (DIST 00)",0.81799999999999995,4.87E-2,0.82669999999999999,4.87E-2,"HARD",-8.700000000000041E-3,316,"Hardin (DIST 00)"]
["Hardin (DIST 02)","HARD","Hardin (DIST 02)",0.93400000000000005,4.87E-2,0.94269999999999998,4.87E-2,"HARD",-8.69999999999993E-3,317,"Hardin (DIST 02)"]
["Hardin (DIST 03)","HARD","Hardin (DIST 03)",0.97099999999999997,4.87E-2,1.0006999999999999,4.87E-2,"HARD",-2.9699999999999949E-2,318,"Hardin (DIST 03)"]
["Hardin (DIST 04)","HARD","Hardin (DIST 04)",1.018,4.87E-2,1.0266999999999999,4.87E-2,"HARD",-8.69999999999993E-3,319,"Hardin (DIST 04)"]
["Hardin (DIST 05)","HARD","Hardin (DIST 05)",1.0680000000000001,4.87E-2,1.0767,4.87E-2,"HARD",-8.69999999999993E-3,320,"Hardin (DIST 05)"]
["Hardin (DIST 06)","HARD","Hardin (DIST 06)",1.1541999999999999,4.87E-2,1.0820000000000001,4.87E-2,"HARD",7.219999999999982E-2,321,"Hardin (DIST 06)"]
["Hardin (DIST 07)","HARD","Hardin (DIST 07)",1.1679999999999999,4.87E-2,1.1737000000000002,4.87E-2,"HARD",-5.7000000000002604E-3,322,"Hardin (DIST 07)"]
["Hardin (DIST 08)","HARD","Hardin (DIST 08)",0,0,0,4.87E-2,"HARD",0,323,"Hardin (DIST 08)"]
["Hardin (DIST 09)","HARD","Hardin (DIST 09)",1.131,4.87E-2,1.1396999999999999,4.87E-2,"HARD",-8.69999999999993E-3,324,"Hardin (DIST 09)"]
[" (DIST UNKNOWN)","HARD","Hardin (UNKNOWN)",0.81799999999999995,4.87E-2,0.82669999999999999,4.87E-2,"HARD",-8.700000000000041E-3,325,"Hardin (UNKNOWN)"]
["Harlan (DIST 01)","HARL","Harlan (DIST 01)",1.373,5.5E-2,1.373,5.5E-2,"HARL",0,326,"Harlan (DIST 01)"]
["Harlan (DIST 02)","HARL","Harlan (DIST 02)",1.843,5.5E-2,1.849,5.5E-2,"HARL",-6.0000000000000053E-3,327,"Harlan (DIST 02)"]
["Harlan (DIST 03)","HARL","Harlan (DIST 03)",1.863,5.5E-2,1.863,5.5E-2,"HARL",0,328,"Harlan (DIST 03)"]
["Harlan (DIST 04)","HARL","Harlan (DIST 04)",1.353,5.5E-2,1.359,5.5E-2,"HARL",-6.0000000000000053E-3,329,"Harlan (DIST 04)"]
["Harlan (DIST 05)","HARL","Harlan (DIST 05)",1.823,5.5E-2,1.823,5.5E-2,"HARL",0,330,"Harlan (DIST 05)"]
["Harlan (DIST 06)","HARL","Harlan (DIST 06)",1.788,5.5E-2,1.788,5.5E-2,"HARL",0,331,"Harlan (DIST 06)"]
["Harlan (DIST 07)","HARL","Harlan (DIST 07)",1.7729999999999999,5.5E-2,1.7730000000000001,5.5E-2,"HARL",0,332,"Harlan (DIST 07)"]
["Harlan (DIST 08)","HARL","Harlan (DIST 08)",1.373,5.5E-2,1.373,5.5E-2,"HARL",0,333,"Harlan (DIST 08)"]
["Harlan (DIST 09)","HARL","Harlan (DIST 09)",1.673,5.5E-2,1.673,5.5E-2,"HARL",0,334,"Harlan (DIST 09)"]
["Harlan (DIST 10)","HARL","Harlan (DIST 10)",1.873,5.5E-2,1.873,5.5E-2,"HARL",0,335,"Harlan (DIST 10)"]
[" (DIST UNKNOWN)","HARL","Harlan (UNKNOWN)",1.353,5.5E-2,1.359,5.5E-2,"HARL",-6.0000000000000053E-3,336,"Harlan (UNKNOWN)"]
["Harrison (DIST 00)","HARR","Harrison (DIST 00)",1.0827,0.2351,1.0484,0.2351,"HARR",3.4299999999999997E-2,337,"Harrison (DIST 00)"]
["Harrison (DIST 01)","HARR","Harrison (DIST 01)",1.2385999999999999,0.1741,1.2265999999999999,0.1741,"HARR",1.2000000000000011E-2,338,"Harrison (DIST 01)"]
["Harrison (DIST 02)","HARR","Harrison (DIST 02)",1.2237,0.1741,1.1874,0.1741,"HARR",3.6299999999999999E-2,339,"Harrison (DIST 02)"]
[" (DIST UNKNOWN)","HARR","Harrison (UNKNOWN)",1.0827,0.1741,1.0484,0.1741,"HARR",3.4299999999999997E-2,340,"Harrison (UNKNOWN)"]
["Hart (DIST 01)","HART","Hart (DIST 01)",0.97419999999999995,0.15629999999999999,0.97419999999999995,0.15629999999999999,"HART",0,341,"Hart (DIST 01)"]
["Hart (DIST 02)","HART","Hart (DIST 02)",1.2532000000000001,0.15629999999999999,1.2631999999999999,0.15629999999999999,"HART",-9.9999999999997868E-3,342,"Hart (DIST 02)"]
["Hart (DIST 03)","HART","Hart (DIST 03)",1.1252,0.15629999999999999,1.1361999999999999,0.15629999999999999,"HART",-1.0999999999999899E-2,343,"Hart (DIST 03)"]
["Hart (DIST 04)","HART","Hart (DIST 04)",1.4206000000000001,0.15629999999999999,1.5238,0.15629999999999999,"HART",-0.10319999999999996,344,"Hart (DIST 04)"]
["Hart (DIST 05)","HART","Hart (DIST 05)",1.1961999999999999,0.15629999999999999,1.1961999999999999,0.15629999999999999,"HART",0,345,"Hart (DIST 05)"]
[" (DIST UNKNOWN)","HART","Hart (UNKNOWN)",0.97419999999999995,0.15629999999999999,0.97419999999999995,0.15629999999999999,"HART",0,346,"Hart (UNKNOWN)"]
["Henderson (DIST 00)","HEND","Henderson (DIST 00)",1.0915999999999999,0.1943,1.0882000000000001,0.1943,"HEND",3.3999999999998476E-3,347,"Henderson (DIST 00)"]
["Henderson (DIST 01)","HEND","Henderson (DIST 01)",1.8216000000000001,0.1943,1.8182,0.1943,"HEND",3.4000000000000696E-3,348,"Henderson (DIST 01)"]
["Henderson (DIST 02)","HEND","Henderson (DIST 02)",1.3371,0.27929999999999999,1.3287,0.27929999999999999,"HEND",8.3999999999999631E-3,349,"Henderson (DIST 02)"]
["Henderson (DIST 03)","HEND","Henderson (DIST 03)",1.1115999999999999,0.1943,1.1082000000000001,0.1943,"HEND",3.3999999999998476E-3,350,"Henderson (DIST 03)"]
[" (DIST UNKNOWN)","HEND","Henderson (UNKNOWN)",1.0915999999999999,0.1943,1.0882000000000001,0.1943,"HEND",3.3999999999998476E-3,351,"Henderson (UNKNOWN)"]
["Henry (DIST 00)","HENR","Henry (DIST 00)",1.1874,0.2177,1.2137,0.2177,"HENR",-2.629999999999999E-2,352,"Henry (DIST 00)"]
["Henry (DIST 02)","HENR","Henry (DIST 02)",1.3324,0.2177,1.4047000000000001,0.2177,"HENR",-7.2300000000000031E-2,353,"Henry (DIST 02)"]
["Henry (DIST 03)","HENR","Henry (DIST 03)",1.4585999999999999,0.2177,1.4645999999999999,0.2177,"HENR",-6.0000000000000053E-3,354,"Henry (DIST 03)"]
["Henry (DIST 04)","HENR","Henry (DIST 04)",1.5224,0.2177,1.5927000000000002,0.2177,"HENR",-7.0300000000000251E-2,355,"Henry (DIST 04)"]
["Henry (DIST 05)","HENR","Henry (DIST 05)",1.2754000000000001,0.2177,1.2807000000000002,0.2177,"HENR",-5.3000000000000824E-3,356,"Henry (DIST 05)"]
["Henry (DIST 06)","HENR","Henry (DIST 06)",1.3193999999999999,0.2177,1.3456999999999999,0.2177,"HENR",-2.629999999999999E-2,357,"Henry (DIST 06)"]
["Henry (DIST 07)","HENR","Henry (DIST 07)",1.3453999999999999,0.2177,1.3756999999999999,0.2177,"HENR",-3.0299999999999994E-2,358,"Henry (DIST 07)"]
[" (DIST UNKNOWN)","HENR","Henry (UNKNOWN)",1.1874,0.2177,1.2137,0.2177,"HENR",-2.629999999999999E-2,359,"Henry (UNKNOWN)"]
["Hickman (DIST 00)","HICK","Hickman (DIST 00)",0.80600000000000005,8.8999999999999996E-2,0.79299999999999993,8.8999999999999996E-2,"HICK",1.3000000000000123E-2,360,"Hickman (DIST 00)"]
["Hickman (DIST 01)","HICK","Hickman (DIST 01)",1.17,8.8999999999999996E-2,1.157,8.8999999999999996E-2,"HICK",1.2999999999999901E-2,361,"Hickman (DIST 01)"]
["Hickman (DIST 02)","HICK","Hickman (DIST 02)",0.90600000000000003,8.8999999999999996E-2,0.89300000000000002,8.8999999999999996E-2,"HICK",1.3000000000000012E-2,362,"Hickman (DIST 02)"]
["Hickman (DIST 03)","HICK","Hickman (DIST 03)",0.90600000000000003,8.8999999999999996E-2,0.89300000000000002,8.8999999999999996E-2,"HICK",1.3000000000000012E-2,363,"Hickman (DIST 03)"]
["Hickman (DIST 04)","HICK","Hickman (DIST 04)",0.80600000000000005,8.8999999999999996E-2,0.79299999999999993,8.8999999999999996E-2,"HICK",1.3000000000000123E-2,364,"Hickman (DIST 04)"]
[" (DIST UNKNOWN)","HICK","Hickman (UNKNOWN)",0.80600000000000005,8.8999999999999996E-2,0.79300000000000004,8.8999999999999996E-2,"HICK",1.3000000000000012E-2,365,"Hickman (UNKNOWN)"]
["Hopkins (DIST 01)","HOPK","Hopkins (DIST 01)",0.90469999999999995,7.7730999999999995E-2,0.93470000000000009,7.7730999999999995E-2,"HOPK",-3.0000000000000138E-2,366,"Hopkins (DIST 01)"]
["Hopkins (DIST 02)","HOPK","Hopkins (DIST 02)",1.5972,7.7730999999999995E-2,1.5291000000000001,7.7730999999999995E-2,"HOPK",6.8099999999999827E-2,367,"Hopkins (DIST 02)"]
["Hopkins (DIST 04)","HOPK","Hopkins (DIST 04)",1.0704,7.7730999999999995E-2,1.1004,7.7730999999999995E-2,"HOPK",-3.0000000000000027E-2,368,"Hopkins (DIST 04)"]
["Hopkins (DIST 05)","HOPK","Hopkins (DIST 05)",0.98509999999999998,7.7730999999999995E-2,1.2000000000000002,7.7730999999999995E-2,"HOPK",-0.2149000000000002,369,"Hopkins (DIST 05)"]
["Hopkins (DIST 06)","HOPK","Hopkins (DIST 06)",1.3471,7.7730999999999995E-2,1.2914000000000001,7.7730999999999995E-2,"HOPK",5.5699999999999861E-2,370,"Hopkins (DIST 06)"]
["Hopkins (DIST 07)","HOPK","Hopkins (DIST 07)",0.92869999999999997,7.7730999999999995E-2,0.95900000000000007,7.7730999999999995E-2,"HOPK",-3.0300000000000105E-2,371,"Hopkins (DIST 07)"]
["Hopkins (DIST 08)","HOPK","Hopkins (DIST 08)",1.2447999999999999,7.7730999999999995E-2,1.3211000000000002,7.7730999999999995E-2,"HOPK",-7.6300000000000257E-2,372,"Hopkins (DIST 08)"]
["Hopkins (DIST 09)","HOPK","Hopkins (DIST 09)",1.0297000000000001,7.7730999999999995E-2,1.0617000000000001,7.7730999999999995E-2,"HOPK",-3.2000000000000028E-2,373,"Hopkins (DIST 09)"]
["Hopkins (DIST 10)","HOPK","Hopkins (DIST 10)",0.94950000000000001,7.7730999999999995E-2,0.97950000000000004,7.7730999999999995E-2,"HOPK",-3.0000000000000027E-2,374,"Hopkins (DIST 10)"]
["Hopkins (DIST 11)","HOPK","Hopkins (DIST 11)",1.0777000000000001,7.7730999999999995E-2,1.1077000000000001,7.7730999999999995E-2,"HOPK",-3.0000000000000027E-2,375,"Hopkins (DIST 11)"]
[" (DIST UNKNOWN)","HOPK","Hopkins (UNKNOWN)",0.90469999999999995,7.7730999999999995E-2,0.93469999999999998,7.7730999999999995E-2,"HOPK",-3.0000000000000027E-2,376,"Hopkins (UNKNOWN)"]
["Jackson (DIST 00)","JACK","Jackson (DIST 00)",1.1533,7.4999999999999997E-2,1.1306,7.4999999999999997E-2,"JACK",2.2699999999999942E-2,377,"Jackson (DIST 00)"]
["Jackson (DIST 01)","JACK","Jackson (DIST 01)",1.3152999999999999,7.4999999999999997E-2,1.2926,7.4999999999999997E-2,"JACK",2.2699999999999942E-2,378,"Jackson (DIST 01)"]
[" (DIST UNKNOWN)","JACK","Jackson (UNKNOWN)",1.1533,7.4999999999999997E-2,1.1306,7.4999999999999997E-2,"JACK",2.2699999999999942E-2,379,"Jackson (UNKNOWN)"]
["Jefferson (DIST 01)","JEFF","Jefferson (DIST 01)",1.0821000000000001,0.15,0.79600000000000004,0.15,"JEFF",0.28610000000000002,380,"Jefferson (DIST 01)"]
["Jefferson (DIST 03)","JEFF","Jefferson (DIST 03)",0.94799999999999995,0.2,0.996,0.2,"JEFF",-4.8000000000000043E-2,381,"Jefferson (DIST 03)"]
["Jefferson (DIST 06)","JEFF","Jefferson (DIST 06)",0.93799999999999994,0.17,0.96599999999999997,0.17,"JEFF",-2.8000000000000025E-2,382,"Jefferson (DIST 06)"]
["Jefferson (DIST 07)","JEFF","Jefferson (DIST 07)",0,0,0.95599999999999996,0.16,"JEFF",-0.95599999999999996,383,"Jefferson (DIST 07)"]
["Jefferson (DIST 08)","JEFF","Jefferson (DIST 08)",0,0,0.95599999999999996,0.16,"JEFF",-0.95599999999999996,384,"Jefferson (DIST 08)"]
["Jefferson (DIST 09)","JEFF","Jefferson (DIST 09)",0.96799999999999997,0.2,0.996,0.2,"JEFF",-2.8000000000000025E-2,385,"Jefferson (DIST 09)"]
["Jefferson (DIST 11)","JEFF","Jefferson (DIST 11)",0.94799999999999995,0.18,0.97599999999999998,0.18,"JEFF",-2.8000000000000025E-2,386,"Jefferson (DIST 11)"]
["Jefferson (DIST 12)","JEFF","Jefferson (DIST 12)",0,0,0.95599999999999996,0.16,"JEFF",-0.95599999999999996,387,"Jefferson (DIST 12)"]
["Jefferson (DIST 13)","JEFF","Jefferson (DIST 13)",0.92800000000000005,0.16,0.95599999999999996,0.16,"JEFF",-2.7999999999999914E-2,388,"Jefferson (DIST 13)"]
["Jefferson (DIST 15)","JEFF","Jefferson (DIST 15)",0.94799999999999995,0.17,0.96599999999999997,0.17,"JEFF",-1.8000000000000016E-2,389,"Jefferson (DIST 15)"]
["Jefferson (DIST 17)","JEFF","Jefferson (DIST 17)",0.94799999999999995,0.2,0.96599999999999997,0.2,"JEFF",-1.8000000000000016E-2,390,"Jefferson (DIST 17)"]
["Jefferson (DIST 18)","JEFF","Jefferson (DIST 18)",0,0,0.95599999999999996,0.16,"JEFF",-0.95599999999999996,391,"Jefferson (DIST 18)"]
["Jefferson (DIST 19)","JEFF","Jefferson (DIST 19)",0.86799999999999999,0.1,0.89600000000000002,0.1,"JEFF",-2.8000000000000025E-2,392,"Jefferson (DIST 19)"]
["Jefferson (DIST 20)","JEFF","Jefferson (DIST 20)",1.2569999999999999,0.16,1.2849999999999999,0.16,"JEFF",-2.8000000000000025E-2,393,"Jefferson (DIST 20)"]
["Jefferson (DIST 21)","JEFF","Jefferson (DIST 21)",1.4850000000000001,0.16,1.4850000000000001,0.16,"JEFF",0,394,"Jefferson (DIST 21)"]
["Jefferson (DIST 22)","JEFF","Jefferson (DIST 22)",0.76800000000000002,0,0.79600000000000004,0,"JEFF",-2.8000000000000025E-2,395,"Jefferson (DIST 22)"]
["Jefferson (DIST 23)","JEFF","Jefferson (DIST 23)",0.76800000000000002,0,0.79600000000000004,0,"JEFF",-2.8000000000000025E-2,396,"Jefferson (DIST 23)"]
["Jefferson (DIST 24)","JEFF","Jefferson (DIST 24)",0.76800000000000002,0,0.79600000000000004,0,"JEFF",-2.8000000000000025E-2,397,"Jefferson (DIST 24)"]
["Jefferson (DIST 25)","JEFF","Jefferson (DIST 25)",0.91800000000000004,0.15,0.94599999999999995,0.15,"JEFF",-2.7999999999999914E-2,398,"Jefferson (DIST 25)"]
["Jefferson (DIST 26)","JEFF","Jefferson (DIST 26)",0.91800000000000004,0.15,0.94599999999999995,0.15,"JEFF",-2.7999999999999914E-2,399,"Jefferson (DIST 26)"]
["Jefferson (DIST 28)","JEFF","Jefferson (DIST 28)",1.0821000000000001,0.15,0.94599999999999995,0.15,"JEFF",0.13610000000000011,400,"Jefferson (DIST 28)"]
["Jefferson (DIST 30)","JEFF","Jefferson (DIST 30)",0.93799999999999994,0.17,0.96599999999999997,0.17,"JEFF",-2.8000000000000025E-2,401,"Jefferson (DIST 30)"]
["Jefferson (DIST 31)","JEFF","Jefferson (DIST 31)",0.998,0.2,1.046,0.2,"JEFF",-4.8000000000000043E-2,402,"Jefferson (DIST 31)"]
["Jefferson (DIST 32)","JEFF","Jefferson (DIST 32)",0.98799999999999999,0.17,1.016,0.17,"JEFF",-2.8000000000000025E-2,403,"Jefferson (DIST 32)"]
["Jefferson (DIST 33)","JEFF","Jefferson (DIST 33)",0,0,1.046,0.2,"JEFF",-1.046,404,"Jefferson (DIST 33)"]
["Jefferson (DIST 34)","JEFF","Jefferson (DIST 34)",0,0,0.996,0.2,"JEFF",-0.996,405,"Jefferson (DIST 34)"]
[" (DIST UNKNOWN)","JEFF","Jefferson (UNKNOWN)",0.76800000000000002,0,0.79600000000000004,0,"JEFF",-2.8000000000000025E-2,406,"Jefferson (UNKNOWN)"]
["Jessamine (DIST 00)","JESS","Jessamine (DIST 00)",1.2708999999999999,0.25769999999999998,1.2917000000000001,0.25769999999999998,"JESS",-2.0800000000000152E-2,407,"Jessamine (DIST 00)"]
["Jessamine (DIST 01)","JESS","Jessamine (DIST 01)",1.3129,0.25769999999999998,1.3377000000000001,0.25769999999999998,"JESS",-2.4800000000000155E-2,408,"Jessamine (DIST 01)"]
["Jessamine (DIST 02)","JESS","Jessamine (DIST 02)",2.0245000000000002,0.25769999999999998,2.0482999999999998,0.25769999999999998,"JESS",-2.3799999999999599E-2,409,"Jessamine (DIST 02)"]
["Jessamine (DIST 03)","JESS","Jessamine (DIST 03)",1.4018999999999999,0.25769999999999998,1.4257,0.25769999999999998,"JESS",-2.3800000000000043E-2,410,"Jessamine (DIST 03)"]
[" (DIST UNKNOWN)","JESS","Jessamine (UNKNOWN)",1.2708999999999999,0.25769999999999998,1.2917000000000001,0.25769999999999998,"JESS",-2.0800000000000152E-2,411,"Jessamine (UNKNOWN)"]
["Johnson (DIST 00)","JOHN","Johnson (DIST 00)",0.94479999999999997,0.17749999999999999,0.92239999999999989,0.17749999999999999,"JOHN",2.2400000000000087E-2,412,"Johnson (DIST 00)"]
["Johnson (DIST 01)","JOHN","Johnson (DIST 01)",0.94479999999999997,0.17749999999999999,0.92239999999999989,0.17749999999999999,"JOHN",2.2400000000000087E-2,413,"Johnson (DIST 01)"]
["Johnson (DIST 02)","JOHN","Johnson (DIST 02)",1.1597999999999999,0.17749999999999999,1.1374,0.17749999999999999,"JOHN",2.2399999999999975E-2,414,"Johnson (DIST 02)"]
["Johnson (DIST 03)","JOHN","Johnson (DIST 03)",1.3168,0.17749999999999999,1.2684,0.17749999999999999,"JOHN",4.8399999999999999E-2,415,"Johnson (DIST 03)"]
["Johnson (DIST 04)","JOHN","Johnson (DIST 04)",1.5318000000000001,0.17749999999999999,1.4834000000000001,0.17749999999999999,"JOHN",4.8399999999999999E-2,416,"Johnson (DIST 04)"]
[" (DIST UNKNOWN)","JOHN","Johnson (UNKNOWN)",0.94479999999999997,0.17749999999999999,0.9224,0.17749999999999999,"JOHN",2.2399999999999975E-2,417,"Johnson (UNKNOWN)"]
["Kenton (DIST 01)","KENT","Kenton (DIST 01)",1.7750999999999999,4.7500000000000001E-2,1.8797999999999999,4.7500000000000001E-2,"KENT",-0.10470000000000002,418,"Kenton (DIST 01)"]
["Kenton (DIST 02)","KENT","Kenton (DIST 02)",2.8311000000000002,4.7500000000000001E-2,2.7307999999999999,4.7500000000000001E-2,"KENT",0.10030000000000028,419,"Kenton (DIST 02)"]
["Kenton (DIST 03)","KENT","Kenton (DIST 03)",1.7641,4.7500000000000001E-2,1.7678,4.7500000000000001E-2,"KENT",-3.7000000000000366E-3,420,"Kenton (DIST 03)"]
["Kenton (DIST 04)","KENT","Kenton (DIST 04)",1.9280999999999999,0.2475,1.8688,0.2475,"KENT",5.9299999999999908E-2,421,"Kenton (DIST 04)"]
["Kenton (DIST 06)","KENT","Kenton (DIST 06)",1.4131,4.7500000000000001E-2,1.4108000000000001,4.7500000000000001E-2,"KENT",2.2999999999999687E-3,422,"Kenton (DIST 06)"]
["Kenton (DIST 07)","KENT","Kenton (DIST 07)",2.5951,4.7500000000000001E-2,2.5928,4.7500000000000001E-2,"KENT",2.2999999999999687E-3,423,"Kenton (DIST 07)"]
["Kenton (DIST 08)","KENT","Kenton (DIST 08)",1.7930999999999999,4.7500000000000001E-2,1.8197999999999999,4.7500000000000001E-2,"KENT",-2.6699999999999946E-2,424,"Kenton (DIST 08)"]
["Kenton (DIST 09)","KENT","Kenton (DIST 09)",1.4451000000000001,4.7500000000000001E-2,1.4678,4.7500000000000001E-2,"KENT",-2.2699999999999942E-2,425,"Kenton (DIST 09)"]
["Kenton (DIST 10)","KENT","Kenton (DIST 10)",2.5261,4.7500000000000001E-2,2.4258000000000002,4.7500000000000001E-2,"KENT",0.10029999999999983,426,"Kenton (DIST 10)"]
["Kenton (DIST 11)","KENT","Kenton (DIST 11)",1.4131,4.7500000000000001E-2,1.4157999999999999,4.7500000000000001E-2,"KENT",-2.6999999999999247E-3,427,"Kenton (DIST 11)"]
["Kenton (DIST 12)","KENT","Kenton (DIST 12)",1.5770999999999999,0.2475,1.5167999999999999,0.2475,"KENT",6.030000000000002E-2,428,"Kenton (DIST 12)"]
["Kenton (DIST 13)","KENT","Kenton (DIST 13)",1.4371,4.7500000000000001E-2,1.4488000000000001,4.7500000000000001E-2,"KENT",-1.1700000000000044E-2,429,"Kenton (DIST 13)"]
["Kenton (DIST 15)","KENT","Kenton (DIST 15)",1.3121,4.7500000000000001E-2,1.3138000000000001,4.7500000000000001E-2,"KENT",-1.7000000000000348E-3,430,"Kenton (DIST 15)"]
["Kenton (DIST 16)","KENT","Kenton (DIST 16)",1.1171,2.2499999999999999E-2,1.1188,2.2499999999999999E-2,"KENT",-1.7000000000000348E-3,431,"Kenton (DIST 16)"]
["Kenton (DIST 19)","KENT","Kenton (DIST 19)",1.2381,0.21249999999999999,1.2838000000000001,0.21249999999999999,"KENT",-4.5700000000000074E-2,432,"Kenton (DIST 19)"]
["Kenton (DIST 21)","KENT","Kenton (DIST 21)",1.1171,4.7500000000000001E-2,1.1188,4.7500000000000001E-2,"KENT",-1.7000000000000348E-3,433,"Kenton (DIST 21)"]
["Kenton (DIST 22)","KENT","Kenton (DIST 22)",1.4971000000000001,4.7500000000000001E-2,1.5278,4.7500000000000001E-2,"KENT",-3.069999999999995E-2,434,"Kenton (DIST 22)"]
["Kenton (DIST 25)","KENT","Kenton (DIST 25)",1.8511,0.2475,1.9137999999999999,0.2475,"KENT",-6.2699999999999978E-2,435,"Kenton (DIST 25)"]
["Kenton (DIST 27)","KENT","Kenton (DIST 27)",2.2991000000000001,4.7500000000000001E-2,2.3008000000000002,4.7500000000000001E-2,"KENT",-1.7000000000000348E-3,436,"Kenton (DIST 27)"]
["Kenton (DIST 29)","KENT","Kenton (DIST 29)",1.8671,4.7500000000000001E-2,1.8688,4.7500000000000001E-2,"KENT",-1.7000000000000348E-3,437,"Kenton (DIST 29)"]
["Kenton (DIST 30)","KENT","Kenton (DIST 30)",1.3891,0.21249999999999999,1.4378,0.21249999999999999,"KENT",-4.8699999999999966E-2,438,"Kenton (DIST 30)"]
["Kenton (DIST 31)","KENT","Kenton (DIST 31)",1.6500999999999999,4.7500000000000001E-2,1.7378,4.7500000000000001E-2,"KENT",-8.7700000000000111E-2,439,"Kenton (DIST 31)"]
["Kenton (DIST 33)","KENT","Kenton (DIST 33)",1.7710999999999999,0.21249999999999999,1.9028,0.21249999999999999,"KENT",-0.13170000000000015,440,"Kenton (DIST 33)"]
["Kenton (DIST 36)","KENT","Kenton (DIST 36)",1.1820999999999999,4.7500000000000001E-2,1.1808000000000001,4.7500000000000001E-2,"KENT",1.2999999999998568E-3,441,"Kenton (DIST 36)"]
["Kenton (DIST 37)","KENT","Kenton (DIST 37)",1.1171,4.7500000000000001E-2,1.1188,4.7500000000000001E-2,"KENT",-1.7000000000000348E-3,442,"Kenton (DIST 37)"]
["Kenton (DIST 38)","KENT","Kenton (DIST 38)",1.3170999999999999,0.2475,1.3188,0.2475,"KENT",-1.7000000000000348E-3,443,"Kenton (DIST 38)"]
["Kenton (DIST 39)","KENT","Kenton (DIST 39)",1.3170999999999999,0.2475,1.3188,0.2475,"KENT",-1.7000000000000348E-3,444,"Kenton (DIST 39)"]
["Kenton (DIST 40)","KENT","Kenton (DIST 40)",0,0,0,0,"KENT",0,445,"Kenton (DIST 40)"]
["Kenton (DIST 41)","KENT","Kenton (DIST 41)",1.2381,0.21249999999999999,1.2838000000000001,0.21249999999999999,"KENT",-4.5700000000000074E-2,446,"Kenton (DIST 41)"]
["Kenton (DIST 42)","KENT","Kenton (DIST 42)",1.3170999999999999,0.2475,1.3188,0.2475,"KENT",-1.7000000000000348E-3,447,"Kenton (DIST 42)"]
["Kenton (DIST 45)","KENT","Kenton (DIST 45)",1.3170999999999999,0.2475,1.3188,0.2475,"KENT",-1.7000000000000348E-3,448,"Kenton (DIST 45)"]
["Kenton (DIST 47)","KENT","Kenton (DIST 47)",1.4520999999999999,0.2475,1.4647999999999999,0.2475,"KENT",-1.2699999999999934E-2,449,"Kenton (DIST 47)"]
["Kenton (DIST 48)","KENT","Kenton (DIST 48)",1.7630999999999999,0.2475,1.7658,0.2475,"KENT",-2.7000000000001467E-3,450,"Kenton (DIST 48)"]
["Kenton (DIST 49)","KENT","Kenton (DIST 49)",1.8980999999999999,0.2475,1.9117999999999999,0.2475,"KENT",-1.3700000000000045E-2,451,"Kenton (DIST 49)"]
["Kenton (DIST 55)","KENT","Kenton (DIST 55)",1.1171,4.7500000000000001E-2,1.1188,4.7500000000000001E-2,"KENT",-1.7000000000000348E-3,452,"Kenton (DIST 55)"]
["Kenton (DIST 56)","KENT","Kenton (DIST 56)",1.4681,4.7500000000000001E-2,1.4708000000000001,4.7500000000000001E-2,"KENT",-2.7000000000001467E-3,453,"Kenton (DIST 56)"]
["Kenton (DIST 57)","KENT","Kenton (DIST 57)",1.3461000000000001,4.7500000000000001E-2,1.3498000000000001,4.7500000000000001E-2,"KENT",-3.7000000000000366E-3,454,"Kenton (DIST 57)"]
[" (DIST UNKNOWN)","KENT","Kenton (UNKNOWN)",1.1171,2.2499999999999999E-2,1.1188,2.2499999999999999E-2,"KENT",-1.7000000000000348E-3,455,"Kenton (UNKNOWN)"]
["Knott (DIST 00)","KNOT","Knott (DIST 00)",1.1105,0,1.1105,0,"KNOT",0,456,"Knott (DIST 00)"]
["Knott (DIST 01)","KNOT","Knott (DIST 01)",1.2705,0,1.2705,0,"KNOT",0,457,"Knott (DIST 01)"]
[" (DIST UNKNOWN)","KNOT","Knott (UNKNOWN)",1.1105,0,1.1105,0,"KNOT",0,458,"Knott (UNKNOWN)"]
["Knox (DIST 01)","KNOX","Knox (DIST 01)",1.2705,0.21,1.2611000000000001,0.21,"KNOX",9.3999999999998529E-3,459,"Knox (DIST 01)"]
["Knox (DIST 02)","KNOX","Knox (DIST 02)",1.8347,0.21,1.8293999999999999,0.21,"KNOX",5.3000000000000824E-3,460,"Knox (DIST 02)"]
["Knox (DIST 03)","KNOX","Knox (DIST 03)",1.6431,0.21,1.6761000000000001,0.21,"KNOX",-3.300000000000014E-2,461,"Knox (DIST 03)"]
["Knox (DIST 05)","KNOX","Knox (DIST 05)",1.5011000000000001,0.21,1.5321,0.21,"KNOX",-3.0999999999999917E-2,462,"Knox (DIST 05)"]
["Knox (DIST 09)","KNOX","Knox (DIST 09)",1.6637,0.21,1.6584000000000001,0.21,"KNOX",5.2999999999998604E-3,463,"Knox (DIST 09)"]
[" (DIST UNKNOWN)","KNOX","Knox (UNKNOWN)",1.2705,0.21,1.2611000000000001,0.21,"KNOX",9.3999999999998529E-3,464,"Knox (UNKNOWN)"]
["LaRue (DIST 00)","LARU","LaRue (DIST 00)",0.96689999999999998,6.6199999999999995E-2,0.96310000000000007,6.6199999999999995E-2,"LARU",3.7999999999999146E-3,465,"LaRue (DIST 00)"]
["LaRue (DIST 01)","LARU","LaRue (DIST 01)",1.2169000000000001,6.6199999999999995E-2,1.2131000000000001,6.6199999999999995E-2,"LARU",3.8000000000000256E-3,466,"LaRue (DIST 01)"]
["LaRue (DIST 02)","LARU","LaRue (DIST 02)",1.0869,6.6199999999999995E-2,1.0921000000000001,6.6199999999999995E-2,"LARU",-5.2000000000000934E-3,467,"LaRue (DIST 02)"]
["LaRue (DIST 03)","LARU","LaRue (DIST 03)",0.96689999999999998,6.6199999999999995E-2,0.96310000000000007,6.6199999999999995E-2,"LARU",3.7999999999999146E-3,468,"LaRue (DIST 03)"]
[" (DIST UNKNOWN)","LARU","LaRue (UNKNOWN)",0.96689999999999998,6.6199999999999995E-2,0.96309999999999996,6.6199999999999995E-2,"LARU",3.8000000000000256E-3,469,"LaRue (UNKNOWN)"]
["Laurel (DIST 00)","LAUR","Laurel (DIST 00)",0.78039999999999998,0.17829999999999999,0.78259999999999996,0.17829999999999999,"LAUR",-2.1999999999999797E-3,470,"Laurel (DIST 00)"]
["Laurel (DIST 01)","LAUR","Laurel (DIST 01)",0.85940000000000005,0.17829999999999999,0.86859999999999993,0.17829999999999999,"LAUR",-9.1999999999998749E-3,471,"Laurel (DIST 01)"]
["Laurel (DIST 02)","LAUR","Laurel (DIST 02)",0.76839999999999997,0.17829999999999999,0.83260000000000001,0.17829999999999999,"LAUR",-6.4200000000000035E-2,472,"Laurel (DIST 02)"]
[" (DIST UNKNOWN)","LAUR","Laurel (UNKNOWN)",0.76839999999999997,0.17829999999999999,0.78259999999999996,0.17829999999999999,"LAUR",-1.419999999999999E-2,473,"Laurel (UNKNOWN)"]
["Lawrence (DIST 00)","LAWR","Lawrence (DIST 00)",1.038,0,1.0609,0,"LAWR",-2.289999999999992E-2,474,"Lawrence (DIST 00)"]
["Lawrence (DIST 01)","LAWR","Lawrence (DIST 01)",1.038,0,1.0609,0,"LAWR",-2.289999999999992E-2,475,"Lawrence (DIST 01)"]
["Lawrence (DIST 02)","LAWR","Lawrence (DIST 02)",1.278,0,1.3008999999999999,0,"LAWR",-2.289999999999992E-2,476,"Lawrence (DIST 02)"]
[" (DIST UNKNOWN)","LAWR","Lawrence (UNKNOWN)",1.038,0,1.0609,0,"LAWR",-2.289999999999992E-2,477,"Lawrence (UNKNOWN)"]
["Lee  (DIST 00)","LEE","Lee  (DIST 00)",1.2595000000000001,0.14599999999999999,1.2829999999999999,0.14599999999999999,"LEE",-2.3499999999999854E-2,478,"Lee  (DIST 00)"]
["Lee  (DIST 01)","LEE","Lee  (DIST 01)",1.5685,0.14599999999999999,1.5920000000000001,0.14599999999999999,"LEE",-2.3500000000000076E-2,479,"Lee  (DIST 01)"]
[" (DIST UNKNOWN)","LEE","Lee  (UNKNOWN)",1.2595000000000001,0.14599999999999999,1.2829999999999999,0.14599999999999999,"LEE",-2.3499999999999854E-2,480,"Lee  (UNKNOWN)"]
["Leslie (DIST 00)","LESL","Leslie (DIST 00)",1.2467999999999999,0.17699999999999999,1.2398,0.17699999999999999,"LESL",6.9999999999998952E-3,481,"Leslie (DIST 00)"]
["Leslie (DIST 01)","LESL","Leslie (DIST 01)",1.2467999999999999,0.17699999999999999,1.2398,0.17699999999999999,"LESL",6.9999999999998952E-3,482,"Leslie (DIST 01)"]
[" (DIST UNKNOWN)","LESL","Leslie (UNKNOWN)",1.2467999999999999,0.17699999999999999,1.2398,0.17699999999999999,"LESL",6.9999999999998952E-3,483,"Leslie (UNKNOWN)"]
["Letcher (DIST 01)","LETC","Letcher (DIST 01)",1.4924999999999999,0.1799,1.4667999999999999,0.1799,"LETC",2.5700000000000056E-2,484,"Letcher (DIST 01)"]
["Letcher (DIST 02)","LETC","Letcher (DIST 02)",1.8325,0.1799,1.8068,0.1799,"LETC",2.5700000000000056E-2,485,"Letcher (DIST 02)"]
["Letcher (DIST 03)","LETC","Letcher (DIST 03)",1.9974000000000001,0.1799,1.9716999999999998,0.1799,"LETC",2.5700000000000278E-2,486,"Letcher (DIST 03)"]
["Letcher (DIST 04)","LETC","Letcher (DIST 04)",1.9424999999999999,0.1799,1.9167999999999998,0.1799,"LETC",2.5700000000000056E-2,487,"Letcher (DIST 04)"]
["Letcher (DIST 05)","LETC","Letcher (DIST 05)",1.6475,0.1799,1.6217999999999999,0.1799,"LETC",2.5700000000000056E-2,488,"Letcher (DIST 05)"]
["Letcher (DIST 06)","LETC","Letcher (DIST 06)",1.4924999999999999,0.1799,1.4667999999999999,0.1799,"LETC",2.5700000000000056E-2,489,"Letcher (DIST 06)"]
[" (DIST UNKNOWN)","LETC","Letcher (UNKNOWN)",1.4924999999999999,0.1799,1.4667999999999999,0.1799,"LETC",2.5700000000000056E-2,490,"Letcher (UNKNOWN)"]
["Lewis (DIST 00)","LEWI","Lewis (DIST 00)",0.88629999999999998,0.21060000000000001,0.90620000000000001,0.21060000000000001,"LEWI",-1.9900000000000029E-2,491,"Lewis (DIST 00)"]
["Lewis (DIST 01)","LEWI","Lewis (DIST 01)",1.0263,0.21060000000000001,1.0462,0.21060000000000001,"LEWI",-1.9900000000000029E-2,492,"Lewis (DIST 01)"]
["Lewis (DIST 02)","LEWI","Lewis (DIST 02)",0.98629999999999995,0.31059999999999999,1.0062,0.31059999999999999,"LEWI",-1.9900000000000029E-2,493,"Lewis (DIST 02)"]
["Lewis (DIST 03)","LEWI","Lewis (DIST 03)",0.98629999999999995,0.21060000000000001,1.0062,0.21060000000000001,"LEWI",-1.9900000000000029E-2,494,"Lewis (DIST 03)"]
["Lewis (DIST 04)","LEWI","Lewis (DIST 04)",0.98629999999999995,0.31059999999999999,1.0062,0.31059999999999999,"LEWI",-1.9900000000000029E-2,495,"Lewis (DIST 04)"]
["Lewis (DIST 05)","LEWI","Lewis (DIST 05)",0.98629999999999995,0.31059999999999999,1.0062,0.31059999999999999,"LEWI",-1.9900000000000029E-2,496,"Lewis (DIST 05)"]
["Lewis (DIST 06)","LEWI","Lewis (DIST 06)",0.98629999999999995,0.31059999999999999,1.0062,0.31059999999999999,"LEWI",-1.9900000000000029E-2,497,"Lewis (DIST 06)"]
["Lewis (DIST 07)","LEWI","Lewis (DIST 07)",0.98629999999999995,0.31059999999999999,1.0062,0.31059999999999999,"LEWI",-1.9900000000000029E-2,498,"Lewis (DIST 07)"]
["Lewis (DIST 08)","LEWI","Lewis (DIST 08)",0.98629999999999995,0.31059999999999999,1.0062,0.31059999999999999,"LEWI",-1.9900000000000029E-2,499,"Lewis (DIST 08)"]
[" (DIST UNKNOWN)","LEWI","Lewis (UNKNOWN)",0.88629999999999998,0.21060000000000001,0.90620000000000001,0.21060000000000001,"LEWI",-1.9900000000000029E-2,500,"Lewis (UNKNOWN)"]
["Lincoln (DIST 00)","LINC","Lincoln (DIST 00)",0.97189999999999999,7.2400000000000006E-2,0.96890000000000009,7.2400000000000006E-2,"LINC",2.9999999999998916E-3,501,"Lincoln (DIST 00)"]
["Lincoln (DIST 02)","LINC","Lincoln (DIST 02)",0.97489999999999999,7.2400000000000006E-2,1.0209000000000001,7.2400000000000006E-2,"LINC",-4.6000000000000152E-2,502,"Lincoln (DIST 02)"]
["Lincoln (DIST 03)","LINC","Lincoln (DIST 03)",1.2439,7.2400000000000006E-2,1.2409000000000001,7.2400000000000006E-2,"LINC",2.9999999999998916E-3,503,"Lincoln (DIST 03)"]
["Lincoln (DIST 04)","LINC","Lincoln (DIST 04)",1.0328999999999999,7.2400000000000006E-2,1.0269000000000001,7.2400000000000006E-2,"LINC",5.9999999999997833E-3,504,"Lincoln (DIST 04)"]
["Lincoln (DIST 05)","LINC","Lincoln (DIST 05)",1.1059000000000001,7.2400000000000006E-2,1.1029,7.2400000000000006E-2,"LINC",3.0000000000001137E-3,505,"Lincoln (DIST 05)"]
[" (DIST UNKNOWN)","LINC","Lincoln (UNKNOWN)",0.97189999999999999,7.2400000000000006E-2,0.96890000000000009,7.2400000000000006E-2,"LINC",2.9999999999998916E-3,506,"Lincoln (UNKNOWN)"]
["Livingston (DIST 01)","LIVI","Livingston (DIST 01)",0.70830000000000004,9.9500000000000005E-2,0.72050000000000003,9.9500000000000005E-2,"LIVI",-1.2199999999999989E-2,507,"Livingston (DIST 01)"]
["Livingston (DIST 02)","LIVI","Livingston (DIST 02)",0.80830000000000002,0.19950000000000001,0.82050000000000001,0.19950000000000001,"LIVI",-1.2199999999999989E-2,508,"Livingston (DIST 02)"]
["Livingston (DIST 03)","LIVI","Livingston (DIST 03)",0.80830000000000002,9.9500000000000005E-2,0.82050000000000001,9.9500000000000005E-2,"LIVI",-1.2199999999999989E-2,509,"Livingston (DIST 03)"]
["Livingston (DIST 04)","LIVI","Livingston (DIST 04)",1.0333000000000001,9.9500000000000005E-2,1.0455000000000001,9.9500000000000005E-2,"LIVI",-1.2199999999999989E-2,510,"Livingston (DIST 04)"]
["Livingston (DIST 05)","LIVI","Livingston (DIST 05)",1.4025000000000001,0.19950000000000001,1.4081000000000001,0.19950000000000001,"LIVI",-5.6000000000000494E-3,511,"Livingston (DIST 05)"]
["Livingston (DIST 06)","LIVI","Livingston (DIST 06)",1.0083,9.9500000000000005E-2,1.0155000000000001,9.9500000000000005E-2,"LIVI",-7.2000000000000952E-3,512,"Livingston (DIST 06)"]
["Livingston (DIST 07)","LIVI","Livingston (DIST 07)",0.80830000000000002,0.19950000000000001,0.82050000000000001,0.19950000000000001,"LIVI",-1.2199999999999989E-2,513,"Livingston (DIST 07)"]
["Livingston (DIST 08)","LIVI","Livingston (DIST 08)",0.70830000000000004,9.9500000000000005E-2,0.72050000000000003,9.9500000000000005E-2,"LIVI",-1.2199999999999989E-2,514,"Livingston (DIST 08)"]
[" (DIST UNKNOWN)","LIVI","Livingston (UNKNOWN)",0.70830000000000004,9.9500000000000005E-2,0.72050000000000003,9.9500000000000005E-2,"LIVI",-1.2199999999999989E-2,515,"Livingston (UNKNOWN)"]
["Logan (DIST 01)","LOGA","Logan (DIST 01)",0.83809999999999996,0.22739999999999999,0.88640000000000008,0.22739999999999999,"LOGA",-4.8300000000000121E-2,516,"Logan (DIST 01)"]
["Logan (DIST 02)","LOGA","Logan (DIST 02)",1.5721000000000001,0.22739999999999999,1.6144000000000001,0.22739999999999999,"LOGA",-4.2300000000000004E-2,517,"Logan (DIST 02)"]
["Logan (DIST 03)","LOGA","Logan (DIST 03)",1.1671,0.22739999999999999,1.2154,0.22739999999999999,"LOGA",-4.830000000000001E-2,518,"Logan (DIST 03)"]
["Logan (DIST 04)","LOGA","Logan (DIST 04)",1.2391000000000001,0.22739999999999999,1.2864,0.22739999999999999,"LOGA",-4.7299999999999898E-2,519,"Logan (DIST 04)"]
["Logan (DIST 05)","LOGA","Logan (DIST 05)",1.1161000000000001,0.22739999999999999,1.1764000000000001,0.22739999999999999,"LOGA",-6.030000000000002E-2,520,"Logan (DIST 05)"]
["Logan (DIST 06)","LOGA","Logan (DIST 06)",1.3290999999999999,0.22739999999999999,1.3774000000000002,0.22739999999999999,"LOGA",-4.8300000000000232E-2,521,"Logan (DIST 06)"]
["Logan (DIST 07)","LOGA","Logan (DIST 07)",1.2431000000000001,0.22739999999999999,1.2854000000000001,0.22739999999999999,"LOGA",-4.2300000000000004E-2,522,"Logan (DIST 07)"]
[" (DIST UNKNOWN)","LOGA","Logan (UNKNOWN)",0.83809999999999996,0.22739999999999999,0.88640000000000008,0.22739999999999999,"LOGA",-4.8300000000000121E-2,523,"Logan (UNKNOWN)"]
["Lyon (DIST 00)","LYON","Lyon (DIST 00)",0.78249999999999997,0.2054,0.82440000000000002,0.2054,"LYON",-4.1900000000000048E-2,524,"Lyon (DIST 00)"]
["Lyon (DIST 01)","LYON","Lyon (DIST 01)",1.0241,0.2054,1.1166,0.2054,"LYON",-9.2500000000000027E-2,525,"Lyon (DIST 01)"]
["Lyon (DIST 02)","LYON","Lyon (DIST 02)",1.1396999999999999,0.2054,1.1496,0.2054,"LYON",-9.9000000000000199E-3,526,"Lyon (DIST 02)"]
["Lyon (DIST 03)","LYON","Lyon (DIST 03)",0.85870000000000002,0.2782,0.8972,0.2782,"LYON",-3.8499999999999979E-2,527,"Lyon (DIST 03)"]
["Lyon (DIST 04)","LYON","Lyon (DIST 04)",0.82850000000000001,0.27279999999999999,0.89180000000000004,0.27279999999999999,"LYON",-6.3300000000000023E-2,528,"Lyon (DIST 04)"]
["Lyon (DIST 05)","LYON","Lyon (DIST 05)",1.1857,0.27279999999999999,1.2169999999999999,0.27279999999999999,"LYON",-3.1299999999999883E-2,529,"Lyon (DIST 05)"]
[" (DIST UNKNOWN)","LYON","Lyon (UNKNOWN)",0.78249999999999997,0.2054,0.82440000000000002,0.2054,"LYON",-4.1900000000000048E-2,530,"Lyon (UNKNOWN)"]
["Madison (DIST 01)","MADI","Madison (DIST 01)",0.95889999999999997,0.1837,0.95040000000000002,0.1837,"MADI",8.499999999999952E-3,531,"Madison (DIST 01)"]
["Madison (DIST 02)","MADI","Madison (DIST 02)",1.1349,0.1837,1.1133999999999999,0.1837,"MADI",2.1500000000000075E-2,532,"Madison (DIST 02)"]
["Madison (DIST 03)","MADI","Madison (DIST 03)",1.0559000000000001,0.1837,1.0494000000000001,0.1837,"MADI",6.4999999999999503E-3,533,"Madison (DIST 03)"]
["Madison (DIST 04)","MADI","Madison (DIST 04)",1.1349,0.1837,1.1133999999999999,0.1837,"MADI",2.1500000000000075E-2,534,"Madison (DIST 04)"]
["Madison (DIST 06)","MADI","Madison (DIST 06)",1.3938999999999999,0.1837,1.3943999999999999,0.1837,"MADI",-4.9999999999994493E-4,535,"Madison (DIST 06)"]
[" (DIST UNKNOWN)","MADI","Madison (UNKNOWN)",0.95889999999999997,0.1837,0.95040000000000002,0.1837,"MADI",8.499999999999952E-3,536,"Madison (UNKNOWN)"]
["Magoffin (DIST 00)","MAGO","Magoffin (DIST 00)",1.4971000000000001,0.13700000000000001,1.496,0.13700000000000001,"MAGO",1.1000000000001009E-3,537,"Magoffin (DIST 00)"]
["Magoffin (DIST 01)","MAGO","Magoffin (DIST 01)",2.3271000000000002,0.13700000000000001,2.3260000000000001,0.13700000000000001,"MAGO",1.1000000000001009E-3,538,"Magoffin (DIST 01)"]
[" (DIST UNKNOWN)","MAGO","Magoffin (UNKNOWN)",1.4971000000000001,0.13700000000000001,1.496,0.13700000000000001,"MAGO",1.1000000000001009E-3,539,"Magoffin (UNKNOWN)"]
["Marion (DIST 00)","MARI","Marion (DIST 00)",0.81979999999999997,0.1235,0.83349999999999991,0.1235,"MARI",-1.3699999999999934E-2,540,"Marion (DIST 00)"]
["Marion (DIST 01)","MARI","Marion (DIST 01)",1.0551999999999999,0.1235,1.085,0.1235,"MARI",-2.9800000000000049E-2,541,"Marion (DIST 01)"]
["Marion (DIST 02)","MARI","Marion (DIST 02)",0.94479999999999997,0.1235,0.95849999999999991,0.1235,"MARI",-1.3699999999999934E-2,542,"Marion (DIST 02)"]
[" (DIST UNKNOWN)","MARI","Marion (UNKNOWN)",0.81979999999999997,0.1235,0.83349999999999991,0.1235,"MARI",-1.3699999999999934E-2,543,"Marion (UNKNOWN)"]
["Marshall (DIST 01)","MARS","Marshall (DIST 01)",0.88829999999999998,0.32990000000000003,0.89589999999999992,0.32990000000000003,"MARS",-7.5999999999999401E-3,544,"Marshall (DIST 01)"]
["Marshall (DIST 02)","MARS","Marshall (DIST 02)",1.0536000000000001,0.2424,1.0684,0.2424,"MARS",-1.4799999999999924E-2,545,"Marshall (DIST 02)"]
["Marshall (DIST 04)","MARS","Marshall (DIST 04)",1.2632000000000001,0.32990000000000003,1.2418,0.32990000000000003,"MARS",2.1400000000000086E-2,546,"Marshall (DIST 04)"]
["Marshall (DIST 05)","MARS","Marshall (DIST 05)",0.97330000000000005,0.41489999999999999,0.98089999999999999,0.41489999999999999,"MARS",-7.5999999999999401E-3,547,"Marshall (DIST 05)"]
["Marshall (DIST 06)","MARS","Marshall (DIST 06)",0.98229999999999995,0.4239,0.9899,0.4239,"MARS",-7.6000000000000512E-3,548,"Marshall (DIST 06)"]
["Marshall (DIST 07)","MARS","Marshall (DIST 07)",0.95630000000000004,0.39789999999999998,0.96389999999999998,0.39789999999999998,"MARS",-7.5999999999999401E-3,549,"Marshall (DIST 07)"]
["Marshall (DIST 08)","MARS","Marshall (DIST 08)",0.98829999999999996,0.4299,0.99590000000000001,0.4299,"MARS",-7.6000000000000512E-3,550,"Marshall (DIST 08)"]
["Marshall (DIST 09)","MARS","Marshall (DIST 09)",1.3032999999999999,0.4249,1.3109,0.4249,"MARS",-7.6000000000000512E-3,551,"Marshall (DIST 09)"]
["Marshall (DIST 12)","MARS","Marshall (DIST 12)",0.98829999999999996,0.32990000000000003,0.9958999999999999,0.32990000000000003,"MARS",-7.5999999999999401E-3,552,"Marshall (DIST 12)"]
["Marshall (DIST 14)","MARS","Marshall (DIST 14)",0.9708,0.40989999999999999,0.97589999999999999,0.40989999999999999,"MARS",-5.0999999999999934E-3,553,"Marshall (DIST 14)"]
["Marshall (DIST 15)","MARS","Marshall (DIST 15)",0.98329999999999995,0.4249,0.99089999999999989,0.4249,"MARS",-7.5999999999999401E-3,554,"Marshall (DIST 15)"]
[" (DIST UNKNOWN)","MARS","Marshall (UNKNOWN)",0.88829999999999998,0.2424,0.89589999999999992,0.2424,"MARS",-7.5999999999999401E-3,555,"Marshall (UNKNOWN)"]
["Martin (DIST 00)","MART","Martin (DIST 00)",1.4080999999999999,0.04,1.3254999999999999,0.04,"MART",8.2600000000000007E-2,556,"Martin (DIST 00)"]
["Martin (DIST 01)","MART","Martin (DIST 01)",1.5001,0.04,1.4175,0.04,"MART",8.2600000000000007E-2,557,"Martin (DIST 01)"]
["Martin (DIST 02)","MART","Martin (DIST 02)",1.5041,0.04,1.4235,0.04,"MART",8.0600000000000005E-2,558,"Martin (DIST 02)"]
[" (DIST UNKNOWN)","MART","Martin (UNKNOWN)",0.88829999999999998,0.04,1.3254999999999999,0.04,"MART",-0.43719999999999992,559,"Martin (UNKNOWN)"]
["Mason (DIST 01)","MASO","Mason (DIST 01)",0.95899999999999996,7.0199999999999999E-2,0.96710000000000007,7.0199999999999999E-2,"MASO",-8.1000000000001071E-3,560,"Mason (DIST 01)"]
["Mason (DIST 02)","MASO","Mason (DIST 02)",1.119,7.0199999999999999E-2,1.1331,7.0199999999999999E-2,"MASO",-1.4100000000000001E-2,561,"Mason (DIST 02)"]
["Mason (DIST 03)","MASO","Mason (DIST 03)",0.95899999999999996,7.0199999999999999E-2,0.96710000000000007,7.0199999999999999E-2,"MASO",-8.1000000000001071E-3,562,"Mason (DIST 03)"]
[" (DIST UNKNOWN)","MASO","Mason (UNKNOWN)",0.95899999999999996,7.0199999999999999E-2,0.96710000000000007,7.0199999999999999E-2,"MASO",-8.1000000000001071E-3,563,"Mason (UNKNOWN)"]
["McCracken (DIST 01)","MCCK","McCracken (DIST 01)",0.93240000000000001,0.1225,0.9244,0.1225,"MCCK",8.0000000000000071E-3,564,"McCracken (DIST 01)"]
["McCracken (DIST 02)","MCCK","McCracken (DIST 02)",1.0034000000000001,0.1225,0.99539999999999995,0.1225,"MCCK",8.0000000000001181E-3,565,"McCracken (DIST 02)"]
["McCracken (DIST 03)","MCCK","McCracken (DIST 03)",1.0079,0.19800000000000001,0.99990000000000001,0.19800000000000001,"MCCK",8.0000000000000071E-3,566,"McCracken (DIST 03)"]
["McCracken (DIST 04)","MCCK","McCracken (DIST 04)",1.0014000000000001,0.1915,0.99339999999999995,0.1915,"MCCK",8.0000000000001181E-3,567,"McCracken (DIST 04)"]
["McCracken (DIST 05)","MCCK","McCracken (DIST 05)",1.0074000000000001,0.19750000000000001,0.99939999999999996,0.19750000000000001,"MCCK",8.0000000000001181E-3,568,"McCracken (DIST 05)"]
["McCracken (DIST 06)","MCCK","McCracken (DIST 06)",0.98440000000000005,0.17449999999999999,0.97640000000000005,0.17449999999999999,"MCCK",8.0000000000000071E-3,569,"McCracken (DIST 06)"]
["McCracken (DIST 07)","MCCK","McCracken (DIST 07)",0.98440000000000005,0.17449999999999999,0.97640000000000005,0.17449999999999999,"MCCK",8.0000000000000071E-3,570,"McCracken (DIST 07)"]
["McCracken (DIST 08)","MCCK","McCracken (DIST 08)",1.2584,0.1225,1.2504,0.1225,"MCCK",8.0000000000000071E-3,571,"McCracken (DIST 08)"]
["McCracken (DIST 09)","MCCK","McCracken (DIST 09)",0.93240000000000001,0.1225,0.9244,0.1225,"MCCK",8.0000000000000071E-3,572,"McCracken (DIST 09)"]
["McCracken (DIST 10)","MCCK","McCracken (DIST 10)",0.97540000000000004,0.16550000000000001,0.96740000000000004,0.16550000000000001,"MCCK",8.0000000000000071E-3,573,"McCracken (DIST 10)"]
[" (DIST UNKNOWN)","MCCK","McCracken (UNKNOWN)",0.93240000000000001,0.1225,0.9244,0.1225,"MCCK",8.0000000000000071E-3,574,"McCracken (UNKNOWN)"]
["McCreary (DIST 00)","MCCR","McCreary (DIST 00)",0.73070000000000002,0.12559999999999999,0.76350000000000007,0.12559999999999999,"MCCR",-3.2800000000000051E-2,575,"McCreary (DIST 00)"]
["McCreary (DIST 01)","MCCR","McCreary (DIST 01)",0.83069999999999999,0.22559999999999999,0.86350000000000005,0.22559999999999999,"MCCR",-3.2800000000000051E-2,576,"McCreary (DIST 01)"]
["McCreary (DIST 02)","MCCR","McCreary (DIST 02)",0.83069999999999999,0.22559999999999999,0.86350000000000005,0.22559999999999999,"MCCR",-3.2800000000000051E-2,577,"McCreary (DIST 02)"]
["McCreary (DIST 03)","MCCR","McCreary (DIST 03)",0.83069999999999999,0.12559999999999999,0.86350000000000005,0.12559999999999999,"MCCR",-3.2800000000000051E-2,578,"McCreary (DIST 03)"]
["McCreary (DIST 04)","MCCR","McCreary (DIST 04)",0.83069999999999999,0.22559999999999999,0.86350000000000005,0.22559999999999999,"MCCR",-3.2800000000000051E-2,579,"McCreary (DIST 04)"]
["McCreary (DIST 05)","MCCR","McCreary (DIST 05)",0.83069999999999999,0.22559999999999999,0.86350000000000005,0.22559999999999999,"MCCR",-3.2800000000000051E-2,580,"McCreary (DIST 05)"]
[" (DIST UNKNOWN)","MCCR","McCreary (UNKNOWN)",0.73070000000000002,0.12559999999999999,0.76350000000000007,0.12559999999999999,"MCCR",-3.2800000000000051E-2,581,"McCreary (UNKNOWN)"]
["McLean (DIST 00)","MCLE","McLean (DIST 00)",0.9577,0,0.97919999999999996,0,"MCLE",-2.1499999999999964E-2,582,"McLean (DIST 00)"]
["McLean (DIST 01)","MCLE","McLean (DIST 01)",1.1625000000000001,0,1.157,0,"MCLE",5.5000000000000604E-3,583,"McLean (DIST 01)"]
["McLean (DIST 02)","MCLE","McLean (DIST 02)",1.1016999999999999,0,1.3233999999999999,0,"MCLE",-0.22170000000000001,584,"McLean (DIST 02)"]
["McLean (DIST 03)","MCLE","McLean (DIST 03)",1.2372000000000001,0,1.3351,0,"MCLE",-9.7899999999999876E-2,585,"McLean (DIST 03)"]
["McLean (DIST 04)","MCLE","McLean (DIST 04)",1.4918,0,1.4521999999999999,0,"MCLE",3.960000000000008E-2,586,"McLean (DIST 04)"]
[" (DIST UNKNOWN)","MCLE","McLean (UNKNOWN)",0.9577,0,0.97919999999999996,0,"MCLE",-2.1499999999999964E-2,587,"McLean (UNKNOWN)"]
["Meade (DIST 00)","MEAD","Meade (DIST 00)",1.0303,0.15,1.0293000000000001,0.15,"MEAD",9.9999999999988987E-4,588,"Meade (DIST 00)"]
["Meade (DIST 01)","MEAD","Meade (DIST 01)",1.4498,0.17499999999999999,1.5587,0.17499999999999999,"MEAD",-0.1089,589,"Meade (DIST 01)"]
["Meade (DIST 02)","MEAD","Meade (DIST 02)",1.2333000000000001,0.15,1.2403,0.15,"MEAD",-6.9999999999998952E-3,590,"Meade (DIST 02)"]
["Meade (DIST 03)","MEAD","Meade (DIST 03)",1.2803,0.23,1.2793000000000001,0.23,"MEAD",9.9999999999988987E-4,591,"Meade (DIST 03)"]
["Meade (DIST 04)","MEAD","Meade (DIST 04)",1.0452999999999999,0.15,1.0443,0.15,"MEAD",9.9999999999988987E-4,592,"Meade (DIST 04)"]
["Meade (DIST 05)","MEAD","Meade (DIST 05)",1.0552999999999999,0.17499999999999999,1.0543,0.17499999999999999,"MEAD",9.9999999999988987E-4,593,"Meade (DIST 05)"]
["Meade (DIST 06)","MEAD","Meade (DIST 06)",1.1103000000000001,0.23,1.1093,0.23,"MEAD",1.0000000000001119E-3,594,"Meade (DIST 06)"]
["Meade (DIST 07)","MEAD","Meade (DIST 07)",1.1303000000000001,0.25,1.1293,0.25,"MEAD",1.0000000000001119E-3,595,"Meade (DIST 07)"]
["Meade (DIST 08)","MEAD","Meade (DIST 08)",1.1303000000000001,0.15,1.1293,0.15,"MEAD",1.0000000000001119E-3,596,"Meade (DIST 08)"]
[" (DIST UNKNOWN)","MEAD","Meade (UNKNOWN)",1.1303000000000001,0.15,1.0293000000000001,0.15,"MEAD",0.10099999999999998,597,"Meade (UNKNOWN)"]
["Menifee (DIST 00)","MENI","Menifee (DIST 00)",1.1947000000000001,0.08,1.1659000000000002,0.08,"MENI",2.8799999999999937E-2,598,"Menifee (DIST 00)"]
["Menifee (DIST 01)","MENI","Menifee (DIST 01)",1.1747000000000001,0.08,1.1496999999999999,0.08,"MENI",2.5000000000000133E-2,599,"Menifee (DIST 01)"]
[" (DIST UNKNOWN)","MENI","Menifee (UNKNOWN)",1.1747000000000001,0.08,1.1496999999999999,0.08,"MENI",2.5000000000000133E-2,600,"Menifee (UNKNOWN)"]
["Mercer (DIST 01)","MERC","Mercer (DIST 01)",1.1560999999999999,0.05,1.1797,0.05,"MERC",-2.3600000000000065E-2,601,"Mercer (DIST 01)"]
["Mercer (DIST 02)","MERC","Mercer (DIST 02)",1.1551,0.05,1.1844000000000001,0.05,"MERC",-2.9300000000000104E-2,602,"Mercer (DIST 02)"]
["Mercer (DIST 03)","MERC","Mercer (DIST 03)",1.2741,0.05,1.3485000000000003,0.05,"MERC",-7.4400000000000244E-2,603,"Mercer (DIST 03)"]
["Mercer (DIST 04)","MERC","Mercer (DIST 04)",1.1791,0.05,1.2547000000000001,0.05,"MERC",-7.5600000000000112E-2,604,"Mercer (DIST 04)"]
["Mercer (DIST 06)","MERC","Mercer (DIST 06)",1.1551,0.05,1.1844000000000001,0.05,"MERC",-2.9300000000000104E-2,605,"Mercer (DIST 06)"]
[" (DIST UNKNOWN)","MERC","Mercer (UNKNOWN)",1.1551,0.05,1.1797,0.05,"MERC",-2.4599999999999955E-2,606,"Mercer (UNKNOWN)"]
["Metcalfe (DIST 00)","METC","Metcalfe (DIST 00)",0.91410000000000002,0.28999999999999998,0.91,0.28999999999999998,"METC",4.0999999999999925E-3,607,"Metcalfe (DIST 00)"]
["Metcalfe (DIST 01)","METC","Metcalfe (DIST 01)",0.99709999999999999,0.28999999999999998,0.99399999999999999,0.28999999999999998,"METC",3.0999999999999917E-3,608,"Metcalfe (DIST 01)"]
[" (DIST UNKNOWN)","METC","Metcalfe (UNKNOWN)",0.91410000000000002,0.28999999999999998,0.91,0.28999999999999998,"METC",4.0999999999999925E-3,609,"Metcalfe (UNKNOWN)"]
["Monroe (DIST 00)","MONR","Monroe (DIST 00)",0.91639999999999999,0.1636,0.90710000000000013,0.1636,"MONR",9.2999999999998639E-3,610,"Monroe (DIST 00)"]
["Monroe (DIST 01)","MONR","Monroe (DIST 01)",1.2349000000000001,0.1636,1.2862,0.1636,"MONR",-5.1299999999999901E-2,611,"Monroe (DIST 01)"]
["Monroe (DIST 02)","MONR","Monroe (DIST 02)",1.1604000000000001,0.1636,1.2011000000000001,0.1636,"MONR",-4.0699999999999958E-2,612,"Monroe (DIST 02)"]
["Monroe (DIST 03)","MONR","Monroe (DIST 03)",1.1244000000000001,0.1636,1.1100000000000001,0.1636,"MONR",1.4399999999999968E-2,613,"Monroe (DIST 03)"]
[" (DIST UNKNOWN)","MONR","Monroe (UNKNOWN)",0.91639999999999999,0.1636,0.90710000000000013,0.1636,"MONR",9.2999999999998639E-3,614,"Monroe (UNKNOWN)"]
["Montgomery (DIST 00)","MONT","Montgomery (DIST 00)",1.0474000000000001,0.17,1.0533000000000001,0.17,"MONT",-5.9000000000000163E-3,615,"Montgomery (DIST 00)"]
["Montgomery (DIST 01)","MONT","Montgomery (DIST 01)",1.2223999999999999,0.17,1.2593000000000001,0.17,"MONT",-3.6900000000000155E-2,616,"Montgomery (DIST 01)"]
[" (DIST UNKNOWN)","MONT","Montgomery (UNKNOWN)",1.0474000000000001,0.17,1.0533000000000001,0.17,"MONT",-5.9000000000000163E-3,617,"Montgomery (UNKNOWN)"]
["Morgan (DIST 00)","MORG","Morgan (DIST 00)",1.1793,0.1,1.2002999999999999,0.1,"MORG",-2.0999999999999908E-2,618,"Morgan (DIST 00)"]
["Morgan (DIST 01)","MORG","Morgan (DIST 01)",1.3663000000000001,0.1,1.3873,0.1,"MORG",-2.0999999999999908E-2,619,"Morgan (DIST 01)"]
[" (DIST UNKNOWN)","MORG","Morgan (UNKNOWN)",1.1793,0.1,1.2002999999999999,0.1,"MORG",-2.0999999999999908E-2,620,"Morgan (UNKNOWN)"]
["Muhlenberg (DIST 00)","MUHL","Muhlenberg (DIST 00)",0.89990000000000003,0.25940000000000002,0.91839999999999999,0.25940000000000002,"MUHL",-1.8499999999999961E-2,621,"Muhlenberg (DIST 00)"]
["Muhlenberg (DIST 01)","MUHL","Muhlenberg (DIST 01)",1.2646999999999999,0.25940000000000002,1.3042,0.25940000000000002,"MUHL",-3.9500000000000091E-2,622,"Muhlenberg (DIST 01)"]
["Muhlenberg (DIST 02)","MUHL","Muhlenberg (DIST 02)",1.137,0.25940000000000002,1.1418000000000001,0.25940000000000002,"MUHL",-4.8000000000001375E-3,623,"Muhlenberg (DIST 02)"]
["Muhlenberg (DIST 03)","MUHL","Muhlenberg (DIST 03)",1.2209000000000001,0.25940000000000002,1.2394000000000001,0.25940000000000002,"MUHL",-1.8499999999999961E-2,624,"Muhlenberg (DIST 03)"]
["Muhlenberg (DIST 04)","MUHL","Muhlenberg (DIST 04)",1.2563,0.25940000000000002,1.2806000000000002,0.25940000000000002,"MUHL",-2.430000000000021E-2,625,"Muhlenberg (DIST 04)"]
[" (DIST UNKNOWN)","MUHL","Muhlenberg (UNKNOWN)",0.89990000000000003,0.25940000000000002,0.91839999999999999,0.25940000000000002,"MUHL",-1.8499999999999961E-2,626,"Muhlenberg (UNKNOWN)"]
["Nelson (DIST 01)","NELS","Nelson (DIST 01)",0.94730000000000003,7.8E-2,0.95399999999999996,7.8E-2,"NELS",-6.6999999999999282E-3,627,"Nelson (DIST 01)"]
["Nelson (DIST 02)","NELS","Nelson (DIST 02)",1.2764,7.8E-2,1.3239000000000001,7.8E-2,"NELS",-4.7500000000000098E-2,628,"Nelson (DIST 02)"]
["Nelson (DIST 03)","NELS","Nelson (DIST 03)",1.1153,7.8E-2,1.1319999999999999,7.8E-2,"NELS",-1.6699999999999937E-2,629,"Nelson (DIST 03)"]
["Nelson (DIST 04)","NELS","Nelson (DIST 04)",1.2393000000000001,7.8E-2,1.25,7.8E-2,"NELS",-1.0699999999999932E-2,630,"Nelson (DIST 04)"]
["Nelson (DIST 05)","NELS","Nelson (DIST 05)",1.0712999999999999,7.8E-2,1.0720000000000001,7.8E-2,"NELS",-7.0000000000014495E-4,631,"Nelson (DIST 05)"]
["Nelson (DIST 08)","NELS","Nelson (DIST 08)",1.2423,7.8E-2,1.2862,7.8E-2,"NELS",-4.390000000000005E-2,632,"Nelson (DIST 08)"]
["Nelson (DIST 09)","NELS","Nelson (DIST 09)",1.0752999999999999,7.8E-2,1.0840000000000001,7.8E-2,"NELS",-8.7000000000001521E-3,633,"Nelson (DIST 09)"]
[" (DIST UNKNOWN)","NELS","Nelson (UNKNOWN)",0.94730000000000003,7.8E-2,0.95399999999999996,7.8E-2,"NELS",-6.6999999999999282E-3,634,"Nelson (UNKNOWN)"]
["Nicholas (DIST 01)","NICH","Nicholas (DIST 01)",0.89229999999999998,0.25219999999999998,0.87919999999999998,0.25219999999999998,"NICH",1.3100000000000001E-2,635,"Nicholas (DIST 01)"]
["Nicholas (DIST 02)","NICH","Nicholas (DIST 02)",1.2823,0.19320000000000001,1.2702,0.19320000000000001,"NICH",1.21E-2,636,"Nicholas (DIST 02)"]
[" (DIST UNKNOWN)","NICH","Nicholas (UNKNOWN)",0.89229999999999998,0.19320000000000001,0.87919999999999998,0.19320000000000001,"NICH",1.3100000000000001E-2,637,"Nicholas (UNKNOWN)"]
["Ohio (DIST 00)","OHIO","Ohio (DIST 00)",0.86870000000000003,0.2175,0.88949999999999996,0.2175,"OHIO",-2.079999999999993E-2,638,"Ohio (DIST 00)"]
["Ohio (DIST 01)","OHIO","Ohio (DIST 01)",1.3201000000000001,0.2175,1.2951999999999999,0.2175,"OHIO",2.4900000000000144E-2,639,"Ohio (DIST 01)"]
["Ohio (DIST 02)","OHIO","Ohio (DIST 02)",1.0787,0.2175,1.0994999999999999,0.2175,"OHIO",-2.079999999999993E-2,640,"Ohio (DIST 02)"]
["Ohio (DIST 03)","OHIO","Ohio (DIST 03)",1.0447,0.2175,1.0754999999999999,0.2175,"OHIO",-3.0799999999999939E-2,641,"Ohio (DIST 03)"]
["Ohio (DIST 04)","OHIO","Ohio (DIST 04)",1.1612,0.2175,1.1819999999999999,0.2175,"OHIO",-2.079999999999993E-2,642,"Ohio (DIST 04)"]
["Ohio (DIST 05)","OHIO","Ohio (DIST 05)",1.0687,0.2175,1.0894999999999999,0.2175,"OHIO",-2.079999999999993E-2,643,"Ohio (DIST 05)"]
["Ohio (DIST 06)","OHIO","Ohio (DIST 06)",1.0186999999999999,0.2175,1.0394999999999999,0.2175,"OHIO",-2.079999999999993E-2,644,"Ohio (DIST 06)"]
[" (DIST UNKNOWN)","OHIO","Ohio (UNKNOWN)",0.86870000000000003,0.2175,0.88949999999999996,0.2175,"OHIO",-2.079999999999993E-2,645,"Ohio (UNKNOWN)"]
["Oldham (DIST 00)","OLDH","Oldham (DIST 00)",1.1041000000000001,0.115,1.0949,0.115,"OLDH",9.200000000000097E-3,646,"Oldham (DIST 00)"]
["Oldham (DIST 01)","OLDH","Oldham (DIST 01)",1.4691000000000001,0.215,1.4599000000000002,0.215,"OLDH",9.1999999999998749E-3,647,"Oldham (DIST 01)"]
["Oldham (DIST 02)","OLDH","Oldham (DIST 02)",1.3480000000000001,0.215,1.3388,0.215,"OLDH",9.200000000000097E-3,648,"Oldham (DIST 02)"]
["Oldham (DIST 03)","OLDH","Oldham (DIST 03)",1.2641,0.27500000000000002,1.2548999999999999,0.27500000000000002,"OLDH",9.200000000000097E-3,649,"Oldham (DIST 03)"]
["Oldham (DIST 04)","OLDH","Oldham (DIST 04)",1.1991000000000001,0.20699999999999999,1.1869000000000001,0.20699999999999999,"OLDH",1.2199999999999989E-2,650,"Oldham (DIST 04)"]
["Oldham (DIST 05)","OLDH","Oldham (DIST 05)",1.1041000000000001,0.115,1.0949,0.115,"OLDH",9.200000000000097E-3,651,"Oldham (DIST 05)"]
["Oldham (DIST 06)","OLDH","Oldham (DIST 06)",1.2641,0.27500000000000002,1.2548999999999999,0.27500000000000002,"OLDH",9.200000000000097E-3,652,"Oldham (DIST 06)"]
["Oldham (DIST 07)","OLDH","Oldham (DIST 07)",1.2040999999999999,0.115,1.1949000000000001,0.115,"OLDH",9.1999999999998749E-3,653,"Oldham (DIST 07)"]
["Oldham (DIST 08)","OLDH","Oldham (DIST 08)",1.2040999999999999,0.215,1.1949000000000001,0.215,"OLDH",9.1999999999998749E-3,654,"Oldham (DIST 08)"]
["Oldham (DIST 09)","OLDH","Oldham (DIST 09)",1.1991000000000001,0.20699999999999999,1.1869000000000001,0.20699999999999999,"OLDH",1.2199999999999989E-2,655,"Oldham (DIST 09)"]
["Oldham (DIST 10)","OLDH","Oldham (DIST 10)",1.2040999999999999,0.215,1.1949000000000001,0.215,"OLDH",9.1999999999998749E-3,656,"Oldham (DIST 10)"]
["Oldham (DIST 11)","OLDH","Oldham (DIST 11)",1.2040999999999999,0.215,1.1949000000000001,0.215,"OLDH",9.1999999999998749E-3,657,"Oldham (DIST 11)"]
["Oldham (DIST 12)","OLDH","Oldham (DIST 12)",1.1940999999999999,0.115,1.1848999999999998,0.115,"OLDH",9.200000000000097E-3,658,"Oldham (DIST 12)"]
["Oldham (DIST 13)","OLDH","Oldham (DIST 13)",1.1041000000000001,0.115,1.0949,0.115,"OLDH",9.200000000000097E-3,659,"Oldham (DIST 13)"]
["Oldham (DIST 14)","OLDH","Oldham (DIST 14)",1.1940999999999999,0.115,1.1848999999999998,0.115,"OLDH",9.200000000000097E-3,660,"Oldham (DIST 14)"]
["Oldham (DIST 15)","OLDH","Oldham (DIST 15)",1.343,0.20699999999999999,1.3308,0.20699999999999999,"OLDH",1.2199999999999989E-2,661,"Oldham (DIST 15)"]
["Oldham (DIST 16)","OLDH","Oldham (DIST 16)",1.1041000000000001,0.115,1.0949,0.115,"OLDH",9.200000000000097E-3,662,"Oldham (DIST 16)"]
["Oldham (DIST 17)","OLDH","Oldham (DIST 17)",1.1991000000000001,0.20699999999999999,1.1869000000000001,0.20699999999999999,"OLDH",1.2199999999999989E-2,663,"Oldham (DIST 17)"]
["Oldham (DIST 20)","OLDH","Oldham (DIST 20)",1.4691000000000001,0.215,1.4599000000000002,0.215,"OLDH",9.1999999999998749E-3,664,"Oldham (DIST 20)"]
[" (DIST UNKNOWN)","OLDH","Oldham (UNKNOWN)",1.1041000000000001,0.115,1.0949,0.115,"OLDH",9.200000000000097E-3,665,"Oldham (UNKNOWN)"]
["Owen (DIST 00)","OWEN","Owen (DIST 00)",1.1032999999999999,5.6000000000000001E-2,1.0922999999999998,5.6000000000000001E-2,"OWEN",1.1000000000000121E-2,666,"Owen (DIST 00)"]
["Owen (DIST 01)","OWEN","Owen (DIST 01)",1.4983,5.6000000000000001E-2,1.5902999999999998,5.6000000000000001E-2,"OWEN",-9.199999999999986E-2,667,"Owen (DIST 01)"]
["Owen (DIST 04)","OWEN","Owen (DIST 04)",1.2932999999999999,5.6000000000000001E-2,1.2822999999999998,5.6000000000000001E-2,"OWEN",1.1000000000000121E-2,668,"Owen (DIST 04)"]
[" (DIST UNKNOWN)","OWEN","Owen (UNKNOWN)",1.1032999999999999,5.6000000000000001E-2,1.0922999999999998,5.6000000000000001E-2,"OWEN",1.1000000000000121E-2,669,"Owen (UNKNOWN)"]
["Owsley (DIST 00)","OWSL","Owsley (DIST 00)",1.4511000000000001,0.66220000000000001,1.3952,0.66220000000000001,"OWSL",5.5900000000000061E-2,670,"Owsley (DIST 00)"]
["Owsley (DIST 01)","OWSL","Owsley (DIST 01)",1.7511000000000001,0.66220000000000001,1.6952,0.66220000000000001,"OWSL",5.5900000000000061E-2,671,"Owsley (DIST 01)"]
[" (DIST UNKNOWN)","OWSL","Owsley (UNKNOWN)",1.1032999999999999,0.66220000000000001,1.3952,0.66220000000000001,"OWSL",-0.29190000000000005,672,"Owsley (UNKNOWN)"]
["Pendleton (DIST 00)","PEND","Pendleton (DIST 00)",1.2995000000000001,0.42429,1.3683000000000001,0.42429,"PEND",-6.8799999999999972E-2,673,"Pendleton (DIST 00)"]
["Pendleton (DIST 01)","PEND","Pendleton (DIST 01)",3.7134999999999998,0.42429,3.7823000000000002,0.42429,"PEND",-6.8800000000000416E-2,674,"Pendleton (DIST 01)"]
["Pendleton (DIST 02)","PEND","Pendleton (DIST 02)",1.9784999999999999,0.42429,2.0663,0.42429,"PEND",-8.78000000000001E-2,675,"Pendleton (DIST 02)"]
["Pendleton (DIST 04)","PEND","Pendleton (DIST 04)",1.3995,0.62429000000000001,1.4682999999999999,0.62429000000000001,"PEND",-6.8799999999999972E-2,676,"Pendleton (DIST 04)"]
["Pendleton (DIST 05)","PEND","Pendleton (DIST 05)",1.3995,0.62429000000000001,1.4682999999999999,0.62429000000000001,"PEND",-6.8799999999999972E-2,677,"Pendleton (DIST 05)"]
[" (DIST UNKNOWN)","PEND","Pendleton (UNKNOWN)",1.2995000000000001,0.42429,1.3683000000000001,0.42429,"PEND",-6.8799999999999972E-2,678,"Pendleton (UNKNOWN)"]
["Perry (DIST 01)","PERRY","Perry (DIST 01)",0.91779999999999995,0.206653,0.92269999999999996,0.206653,"PERRY",-4.9000000000000155E-3,679,"Perry (DIST 01)"]
["Perry (DIST 02)","PERRY","Perry (DIST 02)",0.99480000000000002,0.206653,0.98770000000000002,0.206653,"PERRY",7.0999999999999952E-3,680,"Perry (DIST 02)"]
["Perry (DIST 03)","PERRY","Perry (DIST 03)",1.3058000000000001,0.206653,1.2987,0.206653,"PERRY",7.1000000000001062E-3,681,"Perry (DIST 03)"]
["Perry (DIST 04)","PERRY","Perry (DIST 04)",1.2287999999999999,0.206653,1.2337,0.206653,"PERRY",-4.9000000000001265E-3,682,"Perry (DIST 04)"]
["Perry (DIST 05)","PERRY","Perry (DIST 05)",0.91779999999999995,0.206653,0.92269999999999996,0.206653,"PERRY",-4.9000000000000155E-3,683,"Perry (DIST 05)"]
["Perry (DIST 06)","PERRY","Perry (DIST 06)",0.96779999999999999,0.206653,0.97270000000000001,0.206653,"PERRY",-4.9000000000000155E-3,684,"Perry (DIST 06)"]
[" (DIST UNKNOWN)","PERRY","Perry (UNKNOWN)",0.91779999999999995,0.206653,0.92269999999999996,0.206653,"PERRY",-4.9000000000000155E-3,685,"Perry (UNKNOWN)"]
["Pike (DIST 01)","PIKE","Pike (DIST 01)",1.5716000000000001,0.23899999999999999,1.5715999999999999,0.23899999999999999,"PIKE",0,686,"Pike (DIST 01)"]
["Pike (DIST 02)","PIKE","Pike (DIST 02)",1.4316,0.23899999999999999,1.4316,0.23899999999999999,"PIKE",0,687,"Pike (DIST 02)"]
["Pike (DIST 03)","PIKE","Pike (DIST 03)",1.4216,0.23899999999999999,1.4216,0.23899999999999999,"PIKE",0,688,"Pike (DIST 03)"]
["Pike (DIST 05)","PIKE","Pike (DIST 05)",1.6215999999999999,0.23899999999999999,1.6215999999999999,0.23899999999999999,"PIKE",0,689,"Pike (DIST 05)"]
[" (DIST UNKNOWN)","PIKE","Pike (UNKNOWN)",1.4216,0.23899999999999999,1.4216,0.23899999999999999,"PIKE",0,690,"Pike (UNKNOWN)"]
["Powell (DIST 00)","POWE","Powell (DIST 00)",0.79330000000000001,5.1999999999999998E-2,0.77929999999999999,5.1999999999999998E-2,"POWE",1.4000000000000012E-2,691,"Powell (DIST 00)"]
["Powell (DIST 01)","POWE","Powell (DIST 01)",0.87829999999999997,5.1999999999999998E-2,0.89929999999999999,5.1999999999999998E-2,"POWE",-2.1000000000000019E-2,692,"Powell (DIST 01)"]
["Powell (DIST 02)","POWE","Powell (DIST 02)",0.90129999999999999,5.1999999999999998E-2,0.88329999999999997,5.1999999999999998E-2,"POWE",1.8000000000000016E-2,693,"Powell (DIST 02)"]
[" (DIST UNKNOWN)","POWE","Powell (UNKNOWN)",0.79330000000000001,5.1999999999999998E-2,0.77929999999999999,5.1999999999999998E-2,"POWE",1.4000000000000012E-2,694,"Powell (UNKNOWN)"]
["Pulaski (DIST 11)","PULA","Pulaski (DIST 11)",0.71130000000000004,0.13539999999999999,0.73140000000000005,0.13539999999999999,"PULA",-2.0100000000000007E-2,695,"Pulaski (DIST 11)"]
["Pulaski (DIST 13)","PULA","Pulaski (DIST 13)",0.80930000000000002,0.13539999999999999,0.81540000000000001,0.13539999999999999,"PULA",-6.0999999999999943E-3,696,"Pulaski (DIST 13)"]
["Pulaski (DIST 21)","PULA","Pulaski (DIST 21)",0.84130000000000005,0.13539999999999999,0.86140000000000005,0.13539999999999999,"PULA",-2.0100000000000007E-2,697,"Pulaski (DIST 21)"]
["Pulaski (DIST 22)","PULA","Pulaski (DIST 22)",1.0952999999999999,0.13539999999999999,1.1053999999999999,0.13539999999999999,"PULA",-1.0099999999999998E-2,698,"Pulaski (DIST 22)"]
["Pulaski (DIST 53)","PULA","Pulaski (DIST 53)",0.83430000000000004,0.13539999999999999,0.84040000000000004,0.13539999999999999,"PULA",-6.0999999999999943E-3,699,"Pulaski (DIST 53)"]
["Pulaski (DIST 61)","PULA","Pulaski (DIST 61)",0.9113,0.13539999999999999,0.93140000000000001,0.13539999999999999,"PULA",-2.0100000000000007E-2,700,"Pulaski (DIST 61)"]
["Pulaski (DIST 71)","PULA","Pulaski (DIST 71)",0.90329999999999999,0.13539999999999999,0.9234,0.13539999999999999,"PULA",-2.0100000000000007E-2,701,"Pulaski (DIST 71)"]
["Pulaski (DIST 81)","PULA","Pulaski (DIST 81)",0.86929999999999996,0.13539999999999999,0.88940000000000008,0.13539999999999999,"PULA",-2.0100000000000118E-2,702,"Pulaski (DIST 81)"]
[" (DIST UNKNOWN)","PULA","Pulaski (UNKNOWN)",0.79330000000000001,0.13539999999999999,0.73140000000000005,0.13539999999999999,"PULA",6.1899999999999955E-2,703,"Pulaski (UNKNOWN)"]
["Robertson (DIST 00)","ROBE","Robertson (DIST 00)",1.3010999999999999,0.2,1.3263,0.2,"ROBE",-2.5200000000000111E-2,704,"Robertson (DIST 00)"]
["Robertson (DIST 01)","ROBE","Robertson (DIST 01)",1.6748000000000001,0.2,1.7107000000000001,0.2,"ROBE",-3.5900000000000043E-2,705,"Robertson (DIST 01)"]
[" (DIST UNKNOWN)","ROBE","Robertson (UNKNOWN)",1.3010999999999999,0.2,1.3263,0.2,"ROBE",-2.5200000000000111E-2,706,"Robertson (UNKNOWN)"]
["Rockcastle (DIST 00)","ROCK","Rockcastle (DIST 00)",0.82089999999999996,0.22689999999999999,0.81109999999999993,0.22689999999999999,"ROCK",9.8000000000000309E-3,707,"Rockcastle (DIST 00)"]
["Rockcastle (DIST 01)","ROCK","Rockcastle (DIST 01)",0.97889999999999999,0.22689999999999999,0.96909999999999996,0.22689999999999999,"ROCK",9.8000000000000309E-3,708,"Rockcastle (DIST 01)"]
["Rockcastle (DIST 02)","ROCK","Rockcastle (DIST 02)",1.0609,0.22689999999999999,1.0510999999999999,0.22689999999999999,"ROCK",9.8000000000000309E-3,709,"Rockcastle (DIST 02)"]
["Rockcastle (DIST 03)","ROCK","Rockcastle (DIST 03)",1.2708999999999999,0.22689999999999999,1.2610999999999999,0.22689999999999999,"ROCK",9.8000000000000309E-3,710,"Rockcastle (DIST 03)"]
[" (DIST UNKNOWN)","ROCK","Rockcastle (UNKNOWN)",0.82089999999999996,0.22689999999999999,0.81110000000000004,0.22689999999999999,"ROCK",9.7999999999999199E-3,711,"Rockcastle (UNKNOWN)"]
["Rowan (DIST 00)","ROWA","Rowan (DIST 00)",0.77400000000000002,0.14799999999999999,0.77700000000000002,0.14799999999999999,"ROWA",-3.0000000000000027E-3,712,"Rowan (DIST 00)"]
["Rowan (DIST 01)","ROWA","Rowan (DIST 01)",1.4323999999999999,0.14799999999999999,1.4203000000000001,0.14799999999999999,"ROWA",1.2099999999999778E-2,713,"Rowan (DIST 01)"]
["Rowan (DIST 02)","ROWA","Rowan (DIST 02)",0.92400000000000004,0.14799999999999999,0.88700000000000001,0.14799999999999999,"ROWA",3.7000000000000033E-2,714,"Rowan (DIST 02)"]
[" (DIST UNKNOWN)","ROWA","Rowan (UNKNOWN)",0.77400000000000002,0.14799999999999999,0.77700000000000002,0.14799999999999999,"ROWA",-3.0000000000000027E-3,715,"Rowan (UNKNOWN)"]
["Russell (DIST 00)","RUSS","Russell (DIST 00)",0.76929999999999998,0.1236,0.98480000000000001,0.1236,"RUSS",-0.21550000000000002,716,"Russell (DIST 00)"]
["Russell (DIST 01)","RUSS","Russell (DIST 01)",1.1189,0.1236,1.1477999999999999,0.1236,"RUSS",-2.8899999999999926E-2,717,"Russell (DIST 01)"]
["Russell (DIST 02)","RUSS","Russell (DIST 02)",1.1158999999999999,0.1236,1.1637999999999999,0.1236,"RUSS",-4.7900000000000054E-2,718,"Russell (DIST 02)"]
[" (DIST UNKNOWN)","RUSS","Russell (UNKNOWN)",0.76929999999999998,0.1236,0.98480000000000001,0.1236,"RUSS",-0.21550000000000002,719,"Russell (UNKNOWN)"]
["Scott (DIST 00)","SCOT","Scott (DIST 00)",0.76639999999999997,0.10290000000000001,0.77969999999999995,0.10290000000000001,"SCOT",-1.3299999999999979E-2,720,"Scott (DIST 00)"]
["Scott (DIST 02)","SCOT","Scott (DIST 02)",0.83040000000000003,0.10290000000000001,0.84470000000000001,0.10290000000000001,"SCOT",-1.4299999999999979E-2,721,"Scott (DIST 02)"]
["Scott (DIST 03)","SCOT","Scott (DIST 03)",0.8034,0.10290000000000001,0.81669999999999998,0.10290000000000001,"SCOT",-1.3299999999999979E-2,722,"Scott (DIST 03)"]
["Scott (DIST 04)","SCOT","Scott (DIST 04)",0.90739999999999998,0.10290000000000001,0.92769999999999997,0.10290000000000001,"SCOT",-2.0299999999999985E-2,723,"Scott (DIST 04)"]
["Scott (DIST 05)","SCOT","Scott (DIST 05)",1.0664,0.10290000000000001,1.0796999999999999,0.10290000000000001,"SCOT",-1.3299999999999867E-2,724,"Scott (DIST 05)"]
[" (DIST UNKNOWN)","SCOT","Scott (UNKNOWN)",0.76639999999999997,0.10290000000000001,0.77969999999999995,0.10290000000000001,"SCOT",-1.3299999999999979E-2,725,"Scott (UNKNOWN)"]
["Shelby (DIST 00)","SHEL","Shelby (DIST 00)",0.92020000000000002,4.0800000000000003E-2,0.93429999999999991,4.0800000000000003E-2,"SHEL",-1.409999999999989E-2,726,"Shelby (DIST 00)"]
["Shelby (DIST 01)","SHEL","Shelby (DIST 01)",1.2759,4.0800000000000003E-2,1.2595999999999998,4.0800000000000003E-2,"SHEL",1.6300000000000203E-2,727,"Shelby (DIST 01)"]
["Shelby (DIST 02)","SHEL","Shelby (DIST 02)",1.0202,0.14080000000000001,1.0343,0.14080000000000001,"SHEL",-1.4100000000000001E-2,728,"Shelby (DIST 02)"]
["Shelby (DIST 03)","SHEL","Shelby (DIST 03)",1.0202,0.14080000000000001,1.0343,0.14080000000000001,"SHEL",-1.4100000000000001E-2,729,"Shelby (DIST 03)"]
["Shelby (DIST 04)","SHEL","Shelby (DIST 04)",0,0,0,0,"SHEL",0,730,"Shelby (DIST 04)"]
["Shelby (DIST 05)","SHEL","Shelby (DIST 05)",1.0202,0.14080000000000001,1.0343,0.14080000000000001,"SHEL",-1.4100000000000001E-2,731,"Shelby (DIST 05)"]
["Shelby (DIST 06)","SHEL","Shelby (DIST 06)",1.0202,0.14080000000000001,1.0343,0.14080000000000001,"SHEL",-1.4100000000000001E-2,732,"Shelby (DIST 06)"]
["Shelby (DIST 07)","SHEL","Shelby (DIST 07)",0.92020000000000002,4.0800000000000003E-2,0.93429999999999991,4.0800000000000003E-2,"SHEL",-1.409999999999989E-2,733,"Shelby (DIST 07)"]
["Shelby (DIST 08)","SHEL","Shelby (DIST 08)",0.92020000000000002,4.0800000000000003E-2,0.93429999999999991,4.0800000000000003E-2,"SHEL",-1.409999999999989E-2,734,"Shelby (DIST 08)"]
["Shelby (DIST 09)","SHEL","Shelby (DIST 09)",0.92020000000000002,4.0800000000000003E-2,0.93429999999999991,4.0800000000000003E-2,"SHEL",-1.409999999999989E-2,735,"Shelby (DIST 09)"]
["Shelby (DIST 10)","SHEL","Shelby (DIST 10)",1.0152000000000001,0.1328,1.0263,0.1328,"SHEL",-1.1099999999999888E-2,736,"Shelby (DIST 10)"]
["Shelby (DIST 11)","SHEL","Shelby (DIST 11)",0.99519999999999997,0.1158,1.0092999999999999,0.1158,"SHEL",-1.409999999999989E-2,737,"Shelby (DIST 11)"]
["Shelby (DIST 12)","SHEL","Shelby (DIST 12)",1.0202,0.14080000000000001,1.0343,0.14080000000000001,"SHEL",-1.4100000000000001E-2,738,"Shelby (DIST 12)"]
["Shelby (DIST 13)","SHEL","Shelby (DIST 13)",1.0782,4.0800000000000003E-2,1.0963000000000001,4.0800000000000003E-2,"SHEL",-1.8100000000000005E-2,739,"Shelby (DIST 13)"]
[" (DIST UNKNOWN)","SHEL","Shelby (UNKNOWN)",0.92020000000000002,4.0800000000000003E-2,0.93430000000000002,4.0800000000000003E-2,"SHEL",-1.4100000000000001E-2,740,"Shelby (UNKNOWN)"]
["Simpson (DIST 00)","SIMP","Simpson (DIST 00)",0.78610000000000002,0.1179,0.75190000000000001,0.1179,"SIMP",3.4200000000000008E-2,741,"Simpson (DIST 00)"]
["Simpson (DIST 01)","SIMP","Simpson (DIST 01)",0.90610000000000002,0.1179,0.86990000000000001,0.1179,"SIMP",3.620000000000001E-2,742,"Simpson (DIST 01)"]
[" (DIST UNKNOWN)","SIMP","Simpson (UNKNOWN)",0.78610000000000002,0.1179,0.75190000000000001,0.1179,"SIMP",3.4200000000000008E-2,743,"Simpson (UNKNOWN)"]
["Spencer (DIST 01)","SPEN","Spencer (DIST 01)",1.2364999999999999,0.22869999999999999,1.22,0.22869999999999999,"SPEN",1.6499999999999959E-2,744,"Spencer (DIST 01)"]
["Spencer (DIST 03)","SPEN","Spencer (DIST 03)",1.0743,0.22869999999999999,1.0669,0.22869999999999999,"SPEN",7.4000000000000732E-3,745,"Spencer (DIST 03)"]
["Spencer (DIST 04)","SPEN","Spencer (DIST 04)",1.0492999999999999,0.20369999999999999,1.0419,0.20369999999999999,"SPEN",7.3999999999998511E-3,746,"Spencer (DIST 04)"]
[" (DIST UNKNOWN)","SPEN","Spencer (UNKNOWN)",1.0492999999999999,0.20369999999999999,1.0419,0.20369999999999999,"SPEN",7.3999999999998511E-3,747,"Spencer (UNKNOWN)"]
["Taylor (DIST 00)","TAYL","Taylor (DIST 00)",1.1758,0.29670000000000002,1.1637,0.29670000000000002,"TAYL",1.21E-2,748,"Taylor (DIST 00)"]
["Taylor (DIST 01)","TAYL","Taylor (DIST 01)",0.99180000000000001,0.29670000000000002,0.97570000000000001,0.29670000000000002,"TAYL",1.6100000000000003E-2,749,"Taylor (DIST 01)"]
["Taylor (DIST 02)","TAYL","Taylor (DIST 02)",1.2287999999999999,0.29670000000000002,1.2237,0.29670000000000002,"TAYL",5.0999999999998824E-3,750,"Taylor (DIST 02)"]
["Taylor (DIST 03)","TAYL","Taylor (DIST 03)",1.0448,0.29670000000000002,1.0357000000000001,0.29670000000000002,"TAYL",9.099999999999886E-3,751,"Taylor (DIST 03)"]
[" (DIST UNKNOWN)","TAYL","Taylor (UNKNOWN)",0.99180000000000001,0.29670000000000002,0.97570000000000001,0.29670000000000002,"TAYL",1.6100000000000003E-2,752,"Taylor (UNKNOWN)"]
["Todd (DIST 00)","TODD","Todd (DIST 00)",0.75719999999999998,0.2056,0.76060000000000005,0.2056,"TODD",-3.4000000000000696E-3,753,"Todd (DIST 00)"]
["Todd (DIST 01)","TODD","Todd (DIST 01)",0.91700000000000004,0.2056,0.92820000000000003,0.2056,"TODD",-1.1199999999999988E-2,754,"Todd (DIST 01)"]
["Todd (DIST 02)","TODD","Todd (DIST 02)",1.2724,0.2056,1.4496,0.2056,"TODD",-0.17720000000000002,755,"Todd (DIST 02)"]
["Todd (DIST 03)","TODD","Todd (DIST 03)",1.6541999999999999,0.2056,1.2606000000000002,0.2056,"TODD",0.39359999999999973,756,"Todd (DIST 03)"]
["Todd (DIST 04)","TODD","Todd (DIST 04)",0.75719999999999998,0.2056,0.76060000000000005,0.2056,"TODD",-3.4000000000000696E-3,757,"Todd (DIST 04)"]
["Todd (DIST 05)","TODD","Todd (DIST 05)",0.75719999999999998,0.2056,0.76060000000000005,0.2056,"TODD",-3.4000000000000696E-3,758,"Todd (DIST 05)"]
["Todd (DIST 06)","TODD","Todd (DIST 06)",0.75719999999999998,0.2056,0.76060000000000005,0.2056,"TODD",-3.4000000000000696E-3,759,"Todd (DIST 06)"]
["Todd (DIST 07)","TODD","Todd (DIST 07)",0.75719999999999998,0.2056,0.76060000000000005,0.2056,"TODD",-3.4000000000000696E-3,760,"Todd (DIST 07)"]
[" (DIST UNKNOWN)","TODD","Todd (UNKNOWN)",0.75719999999999998,0.2056,0.76060000000000005,0.2056,"TODD",-3.4000000000000696E-3,761,"Todd (UNKNOWN)"]
["Trigg (DIST 00)","TRIG","Trigg (DIST 00)",0.92030000000000001,7.7399999999999997E-2,0.93969999999999998,7.7399999999999997E-2,"TRIG",-1.9399999999999973E-2,762,"Trigg (DIST 00)"]
["Trigg (DIST 01)","TRIG","Trigg (DIST 01)",1.1380999999999999,7.7399999999999997E-2,1.1562000000000001,7.7399999999999997E-2,"TRIG",-1.8100000000000227E-2,763,"Trigg (DIST 01)"]
[" (DIST UNKNOWN)","TRIG","Trigg (UNKNOWN)",0.92030000000000001,7.7399999999999997E-2,0.93969999999999998,7.7399999999999997E-2,"TRIG",-1.9399999999999973E-2,764,"Trigg (UNKNOWN)"]
["Trimble (DIST 00)","TRIM","Trimble (DIST 00)",1.0403,0.125,1.0535999999999999,0.125,"TRIM",-1.3299999999999867E-2,765,"Trimble (DIST 00)"]
["Trimble (DIST 01)","TRIM","Trimble (DIST 01)",1.1902999999999999,0.125,1.2035999999999998,0.125,"TRIM",-1.3299999999999867E-2,766,"Trimble (DIST 01)"]
["Trimble (DIST 02)","TRIM","Trimble (DIST 02)",1.0403,0.125,1.0535999999999999,0.125,"TRIM",-1.3299999999999867E-2,767,"Trimble (DIST 02)"]
[" (DIST UNKNOWN)","TRIM","Trimble (UNKNOWN)",1.0403,0.125,1.0536000000000001,0.125,"TRIM",-1.330000000000009E-2,768,"Trimble (UNKNOWN)"]
["Union (DIST 00)","UNIO","Union (DIST 00)",0.95799999999999996,0.13,0.96599999999999997,0.13,"UNIO",-8.0000000000000071E-3,769,"Union (DIST 00)"]
["Union (DIST 01)","UNIO","Union (DIST 01)",1.6479999999999999,0.13,1.6404000000000001,0.13,"UNIO",7.5999999999998291E-3,770,"Union (DIST 01)"]
["Union (DIST 02)","UNIO","Union (DIST 02)",1.254,0.13,1.3831,0.13,"UNIO",-0.12909999999999999,771,"Union (DIST 02)"]
["Union (DIST 03)","UNIO","Union (DIST 03)",1.1151,0.13,1.1332,0.13,"UNIO",-1.8100000000000005E-2,772,"Union (DIST 03)"]
["Union (DIST 04)","UNIO","Union (DIST 04)",1.7685999999999999,0.13,1.7336,0.13,"UNIO",3.499999999999992E-2,773,"Union (DIST 04)"]
[" (DIST UNKNOWN)","UNIO","Union (UNKNOWN)",1.254,0.13,0.96599999999999997,0.13,"UNIO",0.28800000000000003,774,"Union (UNKNOWN)"]
["Warren (DIST 00)","WARR","Warren (DIST 00)",0.73440000000000005,0,0.72970000000000002,0,"WARR",4.7000000000000375E-3,775,"Warren (DIST 00)"]
["Warren (DIST 02)","WARR","Warren (DIST 02)",1.3754,0,1.3736999999999999,0,"WARR",1.7000000000000348E-3,776,"Warren (DIST 02)"]
["Warren (DIST 03)","WARR","Warren (DIST 03)",0.99439999999999995,0,0.98970000000000002,0,"WARR",4.6999999999999265E-3,777,"Warren (DIST 03)"]
["Warren (DIST 04)","WARR","Warren (DIST 04)",0.86570000000000003,0,0.86099999999999999,0,"WARR",4.7000000000000375E-3,778,"Warren (DIST 04)"]
["Warren (DIST 05)","WARR","Warren (DIST 05)",1.0344,0,1.0297000000000001,0,"WARR",4.6999999999999265E-3,779,"Warren (DIST 05)"]
[" (DIST UNKNOWN)","WARR","Warren (UNKNOWN)",0.73440000000000005,0,0.86099999999999999,0,"WARR",-0.12659999999999993,780,"Warren (UNKNOWN)"]
["Washington (DIST 00)","WASH","Washington (DIST 00)",0.9607,0.13922000000000001,1.0211000000000001,0.13922000000000001,"WASH",-6.040000000000012E-2,781,"Washington (DIST 00)"]
["Washington (DIST 03)","WASH","Washington (DIST 03)",1.1136999999999999,0.13922000000000001,1.1764000000000001,0.13922000000000001,"WASH",-6.27000000000002E-2,782,"Washington (DIST 03)"]
["Washington (DIST 05)","WASH","Washington (DIST 05)",0.9607,0.13922000000000001,1.0211000000000001,0.13922000000000001,"WASH",-6.040000000000012E-2,783,"Washington (DIST 05)"]
[" (DIST UNKNOWN)","WASH","Washington (UNKNOWN)",0.9607,0.13922000000000001,1.0210999999999999,0.13922000000000001,"WASH",-6.0399999999999898E-2,784,"Washington (UNKNOWN)"]
["Wayne (DIST 01)","WAYN","Wayne (DIST 01)",1.1335999999999999,0.12620000000000001,1.1446000000000001,0.12620000000000001,"WAYN",-1.1000000000000121E-2,785,"Wayne (DIST 01)"]
["Wayne (DIST 04)","WAYN","Wayne (DIST 04)",1.2516,0.12620000000000001,1.2656000000000001,0.12620000000000001,"WAYN",-1.4000000000000012E-2,786,"Wayne (DIST 04)"]
[" (DIST UNKNOWN)","WAYN","Wayne (UNKNOWN)",1.1335999999999999,0.12620000000000001,1.1446000000000001,0.12620000000000001,"WAYN",-1.1000000000000121E-2,787,"Wayne (UNKNOWN)"]
["Webster (DIST 01)","WEBS","Webster (DIST 01)",1.0719000000000001,6.4399999999999999E-2,1.1080999999999999,6.4399999999999999E-2,"WEBS",-3.6199999999999788E-2,788,"Webster (DIST 01)"]
["Webster (DIST 02)","WEBS","Webster (DIST 02)",1.3689,6.4399999999999999E-2,1.4020999999999999,6.4399999999999999E-2,"WEBS",-3.3199999999999896E-2,789,"Webster (DIST 02)"]
["Webster (DIST 03)","WEBS","Webster (DIST 03)",1.2264999999999999,6.4399999999999999E-2,1.2448000000000001,6.4399999999999999E-2,"WEBS",-1.8300000000000205E-2,790,"Webster (DIST 03)"]
["Webster (DIST 04)","WEBS","Webster (DIST 04)",1.4850000000000001,6.4399999999999999E-2,1.5265,6.4399999999999999E-2,"WEBS",-4.149999999999987E-2,791,"Webster (DIST 04)"]
["Webster (DIST 05)","WEBS","Webster (DIST 05)",1.1939,6.4399999999999999E-2,1.2380999999999998,6.4399999999999999E-2,"WEBS",-4.4199999999999795E-2,792,"Webster (DIST 05)"]
["Webster (DIST 07)","WEBS","Webster (DIST 07)",1.4212,6.4399999999999999E-2,1.4560999999999997,6.4399999999999999E-2,"WEBS",-3.4899999999999709E-2,793,"Webster (DIST 07)"]
[" (DIST UNKNOWN)","WEBS","Webster (UNKNOWN)",1.0719000000000001,6.4399999999999999E-2,1.2381,6.4399999999999999E-2,"WEBS",-0.1661999999999999,794,"Webster (UNKNOWN)"]
["Whitley (DIST 00)","WHIT","Whitley (DIST 00)",0.73150000000000004,9.5699999999999993E-2,0.75839999999999996,9.5699999999999993E-2,"WHIT",-2.6899999999999924E-2,795,"Whitley (DIST 00)"]
["Whitley (DIST 01)","WHIT","Whitley (DIST 01)",1.1815,9.5699999999999993E-2,1.2083999999999999,9.5699999999999993E-2,"WHIT",-2.6899999999999924E-2,796,"Whitley (DIST 01)"]
["Whitley (DIST 02)","WHIT","Whitley (DIST 02)",1.2685,9.5699999999999993E-2,1.2704,9.5699999999999993E-2,"WHIT",-1.9000000000000128E-3,797,"Whitley (DIST 02)"]
["Whitley (DIST 03)","WHIT","Whitley (DIST 03)",0.81850000000000001,9.5699999999999993E-2,0.82040000000000002,9.5699999999999993E-2,"WHIT",-1.9000000000000128E-3,798,"Whitley (DIST 03)"]
["Whitley (DIST 04)","WHIT","Whitley (DIST 04)",1.0185,9.5699999999999993E-2,1.0204,9.5699999999999993E-2,"WHIT",-1.9000000000000128E-3,799,"Whitley (DIST 04)"]
["Whitley (DIST 05)","WHIT","Whitley (DIST 05)",1.1640999999999999,9.5699999999999993E-2,1.1556999999999999,9.5699999999999993E-2,"WHIT",8.3999999999999631E-3,800,"Whitley (DIST 05)"]
["Whitley (DIST 06)","WHIT","Whitley (DIST 06)",1.4511000000000001,9.5699999999999993E-2,1.4177,9.5699999999999993E-2,"WHIT",3.3400000000000096E-2,801,"Whitley (DIST 06)"]
[" (DIST UNKNOWN)","WHIT","Whitley (UNKNOWN)",0.73150000000000004,9.5699999999999993E-2,0.75839999999999996,9.5699999999999993E-2,"WHIT",-2.6899999999999924E-2,802,"Whitley (UNKNOWN)"]
["Wolfe (DIST 00)","WOLF","Wolfe (DIST 00)",0.98899999999999999,0.2,0.98899999999999999,0.2,"WOLF",0,803,"Wolfe (DIST 00)"]
["Wolfe (DIST 01)","WOLF","Wolfe (DIST 01)",1.123,0.2,1.123,0.2,"WOLF",0,804,"Wolfe (DIST 01)"]
[" (DIST UNKNOWN)","WOLF","Wolfe (UNKNOWN)",0.98899999999999999,0.2,0.98899999999999999,0.2,"WOLF",0,805,"Wolfe (UNKNOWN)"]
["Woodford (DIST 01)","WOOD","Woodford (DIST 01)",0.92500000000000004,0.14599999999999999,0.93199999999999994,0.14599999999999999,"WOOD",-6.9999999999998952E-3,806,"Woodford (DIST 01)"]
["Woodford (DIST 02)","WOOD","Woodford (DIST 02)",0.95640000000000003,8.3000000000000004E-2,0.96899999999999997,8.3000000000000004E-2,"WOOD",-1.2599999999999945E-2,807,"Woodford (DIST 02)"]
["Woodford (DIST 03)","WOOD","Woodford (DIST 03)",0.92300000000000004,8.3000000000000004E-2,0.93100000000000005,8.3000000000000004E-2,"WOOD",-8.0000000000000071E-3,808,"Woodford (DIST 03)"]
[" (DIST UNKNOWN)","WOOD","Woodford (UNKNOWN)",0.92300000000000004,8.3000000000000004E-2,0.93100000000000005,8.3000000000000004E-2,"WOOD",-8.0000000000000071E-3,809,"Woodford (UNKNOWN)"]

{"sheet":"Support Schedule Members","index":2,"n_rows":26,"n_cols":5,"rows_kept":26,"cut":false,"hidden":true,"merged":[[1,1,1,4]]}
[]
[null,"Schedule Inv / Part III, Line 2 - Supporting Information"]
[]
[null,"Partner/Member/Shareholder/Beneficiary Name","FEIN/SSN","Distributive Share (%)","Distributive Share of Allowable Inventory Tax Credit ($)"]
[]
[]
[]
[]
[]
[]
[]
[]
[]
[]
[]
[]
[]
[]
[]
[]
[]
[null,null,null,"Total Dist Share %","Total Dist Share"]
[null,"Totals of above information",null,{"$f":"SUM(Welcome!H95:I110)/100","v":0},{"$f":"'Tax Credit Computation'!E79","v":0}]
[null,"Target goal of above information (per SCHED INV)",null,1,{"$f":"'Tax Credit Computation'!F50","v":0}]
[]
[null,null,null,{"$f":"IF(D23>D24,\"ERROR-Cannot exceed 100%\",\"\")","v":""},{"$f":"IF(E23>E24,\"ERROR-Cannot exceed total allowable credit from SCH INV, Part III, Line 1\",\"\")","v":""}]

{"sheet":"Welcome","index":3,"n_rows":152,"n_cols":14,"rows_kept":152,"cut":false,"hidden":false,"merged":[[109,7,109,8],[110,7,110,8],[104,7,104,8],[105,7,105,8],[106,7,106,8],[107,7,107,8],[108,7,108,8],[109,3,109,4],[110,3,110,4],[99,5,99,6],[100,5,100,6],[101,5,101,6],[102,5,102,6],[103,5,103,6],[104,5,104,6],[105,5,105,6],[106,5,106,6],[107,5,107,6],[108,5,108,6],[109,5,109,6],[110,5,110,6],[99,3,99,4],[100,3,100,4],[107,3,107,4],[108,3,108,4],[95,3,95,4],[94,3,94,4],[101,3,101,4],[102,3,102,4],[103,3,103,4],[104,3,104,4],[105,3,105,4],[96,3,96,4],[97,3,97,4],[106,3,106,4],[99,7,99,8],[100,7,100,8],[101,7,101,8],[102,7,102,8],[103,7,103,8],[94,5,94,6],[94,7,94,8],[97,7,97,8],[97,5,97,6],[96,5,96,6],[96,7,96,8],[93,7,93,8],[98,5,98,6],[1,2,1,11],[13,3,13,12],[14,3,14,12],[15,3,15,12],[2,1,2,12],[16,1,16,12],[12,1,12,12],[8,1,8,12],[10,1,10,12],[3,1,3,12],[4,1,4,9],[98,7,98,8],[95,5,95,6],[95,7,95,8],[106,10,106,13],[107,10,107,13],[151,2,151,10],[146,1,147,8],[58,2,58,10],[60,3,60,10],[63,3,63,10],[115,3,115,9],[112,2,112,6],[59,3,59,7],[121,3,121,6],[117,3,117,9],[64,3,64,10],[93,3,93,4],[98,3,98,4],[93,5,93,6]]}
[null,"JFK"]
[null,null,"2025 Inventory Tax Credit Computation Worksheet"]
[null,"Click \"ENABLE CONTENT\" above if you see a security warning."]
[null,"This program will help you compute and prepare the 2025 Inventory Tax Credit form(s).  For your convenience and reference, a link to the SCHEDULE INV and accompanying instructions is  provided below.  Please read these instructions carefully."]
[null,"You must have met both the following requirements to receive the credit:"]
[null,null,"*  Paid ad valorem tax on inventory to a taxing jurisdiction within Kentucky, and"]
[null,null,"*  Paid part or all of the inventory tax to the taxing jurisdiction on or before December 31, 2025"]
[]
[null,"Note:  The inventory tax credit is NOT based upon all the tangible personal property taxes you paid timely to a Kentucky jurisdiction.  It is based upon the portion of tax that is attributable to qualifying INVENTORY.  For example, if you timely paid a $1,000 tangible personal property tax bill for 2025 and $200 of the bill was related to qualifying inventory, then only the $200 portion of the bill would qualify for the tax credit calculation. "]
[]
[null,"Your tax bill alone may not distinguish between taxes paid on INVENTORY and taxes paid on other property.  This calculator will help you with this issue."]
[]
[null,"Before continuing, you should gather the following information to help you complete the forms accurately:"]
[null,null,"1.","Copies of all 2025 tangible personal property tax returns [Form 62A500] that you filed with a taxing jurisdiction (county) within Kentucky or the Kentucky Department of Revenue.  "]
[null,null,"2.","Receipts or canceled checks verifying WHEN you paid tax to the taxing jurisdictions.  For each tangible personal property tax return, determine if you paid the tax timely and if you paid within a discount period.  Remember that if the tax was NOT paid timely, no credit is received."]
[null,null,"3.","Basic information about your business.  This includes business name; type of business; Kentucky Corporate Account number; and FEIN or Social Security Number (for Individuals).  If you are filing a consolidated income tax return (or your tax return includes disregarded entities) and you filed tangible personal property tax returns for several different entities, you will also need their FEINs."]
[null,"Below is the first page of a sample tangible personal property tax return (Form 62A500).  The highlighted areas are the categories and amounts that should typically be entered into this program.  Exceptions can occur under certain circumstances.  For instance, if this were an original return AND you later filed an amended return AND you received an ADJUSTED tax bill that was paid timely, then entering the amounts from the original return would NOT be accurate.  You should enter only the inventory values on which you ultimately paid tax.  Also, IF you know the amount of qualified INVENTORY TAX paid on a specific bill, you can simply enter the amount of tax paid for that location in the INVENTORY CALCULATON OVERRIDE area within the Tax Credit Computation worksheet."]
[]
[]
[]
[]
[]
[]
[]
[]
[]
[]
[]
[]
[]
[]
[]
[]
[]
[]
[]
[]
[]
[]
[]
[]
[]
[]
[]
[]
[]
[]
[]
[]
[]
[]
[]
[]
[]
[]
[]
[]
[]
[null,null,"INSTRUCTIONS FOR LAUNCHING THE CALCULATOR"]
[null,null,"*","Be sure you click \"Enable Content\" if a security warning appears at the top of the page."]
[null,null,"*","Enter your primary FEIN or SSN on the first line below.  If applicable, enter FEINs of all other entities included on your income tax return for which you paid Kentucky tangible personal property tax in 2025."]
[null,null,"*","Values of INVENTORY are the only amounts relevant to this credit and this calculator."]
[null,null,"*","This calculator is Excel-based, so you can save your work as you procede and then come back and finish later."]
[null,null,"*","You will have the option to create at least two PDFs which will be saved in the same location as this program.  These should be printed and attached to your return.  (You will also have the option to create three PDFs if you list more than five recipients of pass-through income.  If this occurs, all these should be printed and attached to your return.)"]
[null,null,"*","After answering/completing the following three (3) sections that are marked with exclamation points (!), click the \"ENTER LOCATION DATA\" button (further below) to proceed to the input screen where you can begin entering location data to compute the inventory tax credit. "]
[]
[]
[null,null,null,null,"FEIN / Social Security Number"]
[{"$f":"AVERAGE(B69:B76)","v":7.875},{"$f":"LEN(E69)","v":0},{"$f":"LEN(E69)","v":0},"Primary FEIN (Parent) / SSN"]
[null,{"$f":"IF(C70=0,9,C70)","v":9},{"$f":"LEN(TRIM(E70))","v":0},{"$f":"IF(C70=9,\"Secondary FEIN\",IF(C69=9,\"Secondary FEIN (if applicable)\",\"\"))","v":""}]
[null,{"$f":"IF(C71=0,9,C71)","v":9},0,""]
[null,9,0,""]
[null,9,0,""]
[null,9,0,""]
[null,9,0,""]
[null,9,0,""]
[]
[]
[]
[]
[]
[]
[]
[]
[]
[null,null,null,"ARE YOU INCLUDING INVENTORY DATA REGARDING A \"Centrally Assessed or Public Service Company?",null,null,null,null,null,null,null,null,null,"NO"]
[]
[]
[]
[null,null,null,"Is this SCHEDULE INV being prepared for a Pass-through Entity?",null,null,null,null,null,"NO"]
[]
[null,null,null,"If YES, then complete the following section.  If NO, skip this section and continue reading below."]
[]
[{"$f":"COUNTA(H95:I110)","v":0},null,null,"Partner/Member/Shareholder/Beneficiary Name",null,"FEIN/SSN",null,"Distributive Share (%)"]
[{"$f":"IF(H95=\"\",\"\",TEXT(H95,\"#,###.0000\"))","v":""}]
[{"$f":"IF(H96=\"\",\"\",TEXT(H96,\"#,###.0000\"))","v":""}]
[{"$f":"IF(H97=\"\",\"\",TEXT(H97,\"#,###.0000\"))","v":""}]
[{"$f":"IF(H98=\"\",\"\",TEXT(H98,\"#,###.0000\"))","v":""}]
[{"$f":"IF(H99=\"\",\"\",TEXT(H99,\"#,###.0000\"))","v":""}]
[{"$f":"IF(H100=\"\",\"\",TEXT(H100,\"#,###.0000\"))","v":""}]
[""]
[""]
[""]
[""]
[""]
[""]
["",null,null,null,null,null,null,null,null,null,"Current Distributive Share % is:"]
["",null,null,null,null,null,null,null,null,null,{"$f":"SUM(H95:I110) & \"%\"","v":"0%"}]
[""]
[""]
[]
[]
[]
[]
[]
[null,null,null,"    Click the \"ENTER LOCATION DATA\" button to continue to the Tax Credit Calculator."]
[]
[null,null,null,"Then follow the numbered STARS to help guide you along!"]
[]
[]
[]
[]
[]
[]
[]
[]
[]
[]
[]
[]
[]
[]
[]
[]
[]
[]
[]
[]
[]
[]
[]
[]
[]
[]
[]
[]
[null,"       To review instructions for Schedule INV, click this link and consult pages 2 and 3."]
[]
[]
[]
[]
[null,null,"The following section is here for informational purposes and is a copy of information contained within the 2024 Kentucky Tangible Personal Property Tax (62A500) instruction manual."]

{"sheet":"Tax Credit Computation","index":4,"n_rows":1034,"n_cols":7,"rows_kept":1034,"cut":false,"hidden":true,"merged":[[9,0,9,1],[10,0,10,1],[11,6,14,6],[0,0,0,5],[1,0,1,5],[2,0,2,5],[5,0,5,1],[7,0,7,1],[107,1,107,4],[11,0,11,1],[13,0,13,1],[15,0,15,1],[22,1,22,3],[98,1,98,4],[30,1,30,2],[28,1,28,3],[24,1,24,3],[23,1,23,3],[25,1,25,3],[27,1,27,3],[106,1,106,4]]}
["Commonwealth of Kentucky"]
["DEPARTMENT OF REVENUE"]
["2025 Computation of Inventory Tax Credit"]
[]
[null,null,"TAXPAYER INFO"]
["Entity Type: "]
[]
["Name of Taxpayer: "]
[]
["Number & Street:  "]
["Number & Street:  "]
["City, State, Zip:  "]
[]
["FEIN / SSN:  ",null,{"$f":"Welcome!E69","v":0}]
[]
["KY Corp/LLET Account:  ",null,null,{"$f":"LEN(TRIM(C16))","v":0}]
[null,null,null,null,"LOCATION #",null,{"$f":"IF(G40=1,COLUMN()-6,\"\")","v":1}]
[null,null,null,null,"COUNTY / DISTRICT"]
[null,null,null,null,"Inv. Calculation OVERRIDE"]
[null,null,null,null,"Tax Paid Timely?"]
[null,null,null,null,"Paid within discount period?"]
[null,null,null,null,null,"Grand Totals"]
[null,"LINE 31    Merchants Inventory",null,null,null,{"$f":"SUM(INDIRECT(\"G23:fz23\"))","v":0}]
[null,"LINE 32    Manufacturers Finished Goods",null,null,null,{"$f":"SUM(INDIRECT(\"G24:fz24\"))","v":0}]
[null,"LINE 33    Manufacturers Raw Materials/Goods in Process",null,null,null,{"$f":"SUM(INDIRECT(\"G25:fz25\"))","v":0}]
[null,"LINE 34    Line 34 Items (see embedded note)",null,null,null,{"$f":"SUM(INDIRECT(\"G26:fz26\"))","v":0}]
[null,"New Marine Inventory Under Floor Plan/Salvage Title Veh.",null,null,null,{"$f":"SUM(INDIRECT(\"G27:fz27\"))","v":0}]
[null,"LINE 35    Goods Stored in Warehouse/Distribution Center",null,null,null,{"$f":"SUM(INDIRECT(\"G28:fz28\"))","v":0}]
[null,"LINE 36    Inventory in Transit",null,null,null,{"$f":"SUM(INDIRECT(\"G29:fz29\"))","v":0}]
[null,null,"Total Inventory Value (per Taxpayer)",{"$f":"F30","v":0},null,{"$f":"SUM(F23:F29)","v":0},0]
[null,"    Estimated total TIMELY Tangible Personal\nProperty Tax Paid on Inventory \n(should equal Schedule INV, Part II, Section B2, Line 8)                                                         (Before application of the 100% limitation)",null,{"$f":"F31","v":0},"\n\n(rounded)",{"$f":"SUM(INDIRECT(\"G31:fz31\"))","v":0},{"$f":"IF(G18=\"\",0,IF(G19>0,IF(G20=\"YES\",G19,0),ROUND(G49,2)))","v":0}]
[null,null,null,null,"FEIN / Taxpayer ID"]
[]
[]
[null,{"$f":"SUM($F40:$FT40)","v":1}]
[null,"COUNTY",null,null,null,"Grand Totals",{"$f":"'Tax Credit Computation'!G18","v":0}]
[null,"PVA PHONE #",null,null,"Inv Calculation Override Amount",null,{"$f":"G19","v":0}]
[null,null,null,null,"Tax Paid Timely?",null,{"$f":"G20","v":0}]
[null,{"$f":"ROUND(SUM(INDIRECT(\"f41:f47\")),0)","v":0},null,null,"Paid within discount period?",null,{"$f":"G21","v":0}]
[null,null,null,"TEXT READY info for form",null,null,1]
[31,"Merchants Inventory",null,{"$f":"TEXT('Tax Credit Computation'!F23,\"#,##0\")","v":"0"},{"$f":"TEXT(F41,\"#,##0\")","v":"0"},{"$f":"ROUND(SUM(INDIRECT(\"G41:fz41\")),2)","v":0},{"$f":"IF(G19>0,0,IF(OR(G$20=\"NO\",G$20=0),0,IF(OR(G$21=\"YES\",G$21=0),(VLOOKUP(G$18,RATES!$R$3:$S$1000,2,FALSE)+0.05)*('Tax Credit Computation'!G23/100)*0.98,(VLOOKUP(G$18,RATES!$R$3:$S$1000,2,FALSE)+0.05)*'Tax Credit Computation'!G23/100)))","v":0}]
[32,"Manufacturers Finished Goods",null,{"$f":"TEXT('Tax Credit Computation'!F24,\"#,##0\")","v":"0"},"0",{"$f":"ROUND(SUM(INDIRECT(\"G42:fz42\")),2)","v":0},{"$f":"IF(G19>0,0,IF(OR(G$20=\"NO\",G$20=0),0,IF(OR(G$21=\"YES\",G$21=0),(VLOOKUP(G$18,RATES!$R$3:$S$1000,2,FALSE)+0.05)*('Tax Credit Computation'!G24/100)*0.98,(VLOOKUP(G$18,RATES!$R$3:$S$1000,2,FALSE)+0.05)*'Tax Credit Computation'!G24/100)))","v":0}]
[33,"Manufacturers Raw Materials/Goods in Process",null,{"$f":"TEXT('Tax Credit Computation'!F25,\"#,##0\")","v":"0"},"0",{"$f":"ROUND(SUM(INDIRECT(\"G43:fz43\")),2)","v":0},{"$f":"IF(G19>0,0,IF(OR(G$20=\"NO\",G$20=0),0,IF(OR(G$21=\"YES\",G$21=0),('Tax Credit Computation'!G25*0.05/100)*0.98,'Tax Credit Computation'!G25*0.05/100)))","v":0}]
[34,"Motor Vehicles/New Farm Machinery Under Floor Plan",null,{"$f":"TEXT('Tax Credit Computation'!F26,\"#,##0\")","v":"0"},"0",{"$f":"ROUND(SUM(INDIRECT(\"G44:fz44\")),2)","v":0},{"$f":"IF(G19>0,0,IF(OR(G$20=\"NO\",G$20=0),0,IF(OR(G$21=\"YES\",G$21=0),('Tax Credit Computation'!G26*0.05/100)*0.98,'Tax Credit Computation'!G26*0.05/100)))","v":0}]
[35,"Goods Stored in Warehouse/Distribution Center",null,{"$f":"TEXT('Tax Credit Computation'!F28,\"#,##0\")","v":"0"},"0",{"$f":"ROUND(SUM(INDIRECT(\"G45:fz45\")),2)","v":0},{"$f":"IF(G19>0,0,IF(OR(G$20=\"NO\",G$20=0),0,IF(OR(G$21=\"YES\",G$21=0),(VLOOKUP(G$18,RATES!$R$3:$S$1000,2,FALSE)+0.05)*('Tax Credit Computation'!G28/100)*0.98,(VLOOKUP(G$18,RATES!$R$3:$S$1000,2,FALSE)+0.05)*'Tax Credit Computation'!G28/100)))","v":0}]
[36,"Inventory in Transit",null,{"$f":"TEXT('Tax Credit Computation'!F29,\"#,##0\")","v":"0"},"0",{"$f":"ROUND(SUM(INDIRECT(\"G46:fz46\")),2)","v":0},{"$f":"IF(G19>0,0,IF(OR(G$20=\"NO\",G$20=0),0,IF(OR(G$21=\"YES\",G$21=0),(VLOOKUP(G36,RATES!$R$3:$T$1000,3)*'Tax Credit Computation'!G29/100)*0.98,VLOOKUP(G36,RATES!$R$3:$T$1000,3)*'Tax Credit Computation'!G29/100)))","v":0}]
[null,"Other Tax Paid - Inventory Override",null,null,"0",{"$f":"ROUND(SUM(INDIRECT(\"G47:fz47\")),2)","v":0},{"$f":"IF(G19>0,IF(G20=\"YES\",G19,0),0)","v":0}]
[null,null,null,{"$f":"TEXT('Tax Credit Computation'!F30,\"#,##0\")","v":"0"}]
[null,"ESTIMATED TIMELY TPP TAX PAID (ROUNDED)",null,null,{"$f":"TEXT(F49,\"#,##0\")","v":"0"},{"$f":"ROUND(SUM(INDIRECT(\"G49:fz49\")),2)","v":0},{"$f":"IF(G37>0,IF(G38=\"YES\",ROUND(G37,2),0),ROUND(SUM(G41:G46),2))","v":0}]
[null,"100% of Estimated TIMELY TPP Tax Paid (Rounded)",null,null,{"$f":"TEXT(F50,\"#,##0\")","v":"0"},{"$f":"ROUND(F49*1,2)","v":0}]
[null,null,null,null,{"$f":"TEXT(F51,\"#,##0\")","v":"0"},{"$f":"F44","v":0}]
[null,null,"section B2 / Line 8",null,{"$f":"TEXT(F52,\"#,##0\")","v":"0"},{"$f":"SUM(F41:F46)","v":0}]
[null,null,null,null,null,{"$f":"ROUND(SUM(INDIRECT(\"G53:fz53\")),2)","v":0},{"$f":"IF(G19>0,IF(G20=\"YES\",1,0),0)","v":0}]
[]
[null,null,"The FORM sec 1 / line 31",null,{"$f":"TEXT(F55,\"#,##0\")","v":"0"},{"$f":"ROUND(SUM(INDIRECT(\"G55:fz55\")),2)","v":0},{"$f":"IF(G$53=0,G23,0)","v":0}]
[null,null,"The FORM sec 1 / line 32",null,{"$f":"TEXT(F56,\"#,##0\")","v":"0"},{"$f":"ROUND(SUM(INDIRECT(\"G56:fz56\")),2)","v":0},{"$f":"IF(G$53=0,G24,0)","v":0}]
[null,null,"The FORM sec 1 / line 33",null,{"$f":"TEXT(F57,\"#,##0\")","v":"0"},{"$f":"ROUND(SUM(INDIRECT(\"G57:fz57\")),2)","v":0},{"$f":"IF(G$53=0,G25,0)","v":0}]
[null,null,"The FORM sec 1 / line 34",null,{"$f":"TEXT(F58,\"#,##0\")","v":"0"},{"$f":"ROUND(SUM(INDIRECT(\"G58:fz58\")),2)","v":0},{"$f":"IF(G$53=0,G26,0)","v":0}]
[]
[null,null,"The FORM sec 1 / line 35",null,{"$f":"TEXT(F60,\"#,##0\")","v":"0"},{"$f":"ROUND(SUM(INDIRECT(\"G60:fz60\")),2)","v":0},{"$f":"IF(G$53=0,G28,0)","v":0}]
[null,null,"The FORM sec 1 / line 36",null,{"$f":"TEXT(F61,\"#,##0\")","v":"0"},{"$f":"ROUND(SUM(INDIRECT(\"G61:fz61\")),2)","v":0},0]
[]
[null,null,"DIST SHARE 1",{"$f":"IF(E63>0,TEXT(E63,\"#,##0\"),\"\")","v":""},{"$f":"ROUND(F$50*Welcome!H95/100,0)","v":0}]
[null,null,"DIST SHARE 2",{"$f":"IF(E64>0,TEXT(E64,\"#,##0\"),\"\")","v":""},{"$f":"ROUND(F$50*Welcome!H96/100,0)","v":0}]
[null,null,"DIST SHARE 3","",{"$f":"ROUND(F$50*Welcome!H97/100,0)","v":0}]
[null,null,"DIST SHARE 4","",{"$f":"ROUND(F$50*Welcome!H98/100,0)","v":0}]
[null,null,"DIST SHARE 5","",{"$f":"ROUND(F$50*Welcome!H99/100,0)","v":0}]
[null,null,"DIST SHARE 6","",{"$f":"ROUND(F$50*Welcome!H100/100,0)","v":0}]
[null,null,"DIST SHARE 7","",{"$f":"ROUND(F$50*Welcome!H101/100,0)","v":0}]
[null,null,"DIST SHARE 8","",{"$f":"ROUND(F$50*Welcome!H102/100,0)","v":0}]
[null,null,"DIST SHARE 9","",{"$f":"ROUND(F$50*Welcome!H103/100,0)","v":0}]
[null,null,"DIST SHARE 10","",{"$f":"ROUND(F$50*Welcome!H104/100,0)","v":0}]
[null,null,"DIST SHARE 11","",{"$f":"ROUND(F$50*Welcome!H105/100,0)","v":0}]
[null,null,"DIST SHARE 12",{"$f":"IF(E74>0,TEXT(E74,\"#,##0\"),\"\")","v":""},{"$f":"ROUND(F$50*Welcome!H106/100,0)","v":0}]
[null,null,"DIST SHARE 13","",{"$f":"ROUND(F$50*Welcome!H107/100,0)","v":0}]
[null,null,"DIST SHARE 14","",{"$f":"ROUND(F$50*Welcome!H108/100,0)","v":0}]
[null,null,"DIST SHARE 15","",{"$f":"ROUND(F$50*Welcome!H109/100,0)","v":0}]
[null,null,"DIST SHARE 16","",{"$f":"ROUND(F$50*Welcome!H110/100,0)","v":0}]
[null,null,"TOTAL","",{"$f":"SUM(E63:E78)","v":0}]
[]
[]
[]
[]
[]
[]
[]
[]
[null,"C:\\Users\\rev3221\\Desktop\\2019 KY INV TAX CALCULATOR"]
[]
[]
[]
[]
[]
[]
[]
[]
[]
[]
[]
[]
[]
[]
[]
[]
[]
[]
[null,"Computer PATH of most recently saved files:"]
[null,"https://kymsoffice-my.sharepoint.com/personal/joel_king_ky_gov/Documents/Desktop/INV TAX CREDIT CALC 2024 2025"]
[]
[]
[]
[]
[]
[]
[]
[]
[]
[]
[]
[]
[]
[]
[]
[]
[]
[]
[]
[]
[]
[]
[]
[]
[]
[]
[]
[]
[]
[]
[]
[]
[]
[]
[]
[]
[]
[]
[]
[]
[]
[]
[]
[]
[]
[]
[]
[]
[]
[]
[]
[]
[]
[]
[]
[]
[]
[]
[]
[]
[]
[]
[]
[]
[]
[]
["Corporation"]
["Limited Liability Pass-Through Entity"]
["General Partnership"]
["Individual"]
["Other"]
[]
[]
[]
[]
[]
["YES","NO"]
["YES","NO"]
["NO"]
[]
[]
[]
[]
[]
[]
[]
[]
[]
[]
[]
[]
[]
[]
[]
[]
[]
[{"$f":"Welcome!E69","v":0}]
[{"$f":"IF(Welcome!E70=0,\"\",Welcome!E70)","v":""}]
[{"$f":"IF(Welcome!E71=0,\"\",Welcome!E71)","v":""}]
[{"$f":"IF(Welcome!E72=0,\"\",Welcome!E72)","v":""}]
[{"$f":"IF(Welcome!E73=0,\"\",Welcome!E73)","v":""}]
[{"$f":"IF(Welcome!E74=0,\"\",Welcome!E74)","v":""}]
[{"$f":"IF(Welcome!E75=0,\"\",Welcome!E75)","v":""}]
[{"$f":"IF(Welcome!E76=0,\"\",Welcome!E76)","v":""}]
[]
[]
[]
[]
[]
[]
[]
[]
[]
[]
[]
[]
["Adair (DIST 00)"]
["Adair (DIST 01)"]
["Adair (UNKNOWN)"]
["Allen (DIST 00)"]
["Allen (DIST 01)"]
["Allen (UNKNOWN)"]
["Anderson (DIST 00)"]
["Anderson (DIST 02)"]
["Anderson (UNKNOWN)"]
["Ballard (DIST 00)"]
["Ballard (DIST 02)"]
["Ballard (DIST 03)"]
["Ballard (DIST 04)"]
["Ballard (DIST 05)"]
["Ballard (UNKNOWN)"]
["Barren (DIST 01)"]
["Barren (DIST 02)"]
["Barren (DIST 03)"]
["Barren (DIST 04)"]
["Barren (DIST 05)"]
["Barren (DIST 06)"]
["Barren (DIST 07)"]
["Barren (DIST 08)"]
["Barren (UNKNOWN)"]
["Bath (DIST 00)"]
["Bath (DIST 01)"]
["Bath (DIST 02)"]
["Bath (DIST 03)"]
["Bath (UNKNOWN)"]
["Bell (DIST 01)"]
["Bell (DIST 02)"]
["Bell (DIST 03)"]
["Bell (UNKNOWN)"]
["Boone (DIST 02)"]
["Boone (DIST 03)"]
["Boone (DIST 04)"]
["Boone (DIST 05)"]
["Boone (DIST 06)"]
["Boone (DIST 07)"]
["Boone (DIST 08)"]
["Boone (DIST 09)"]
["Boone (DIST 10)"]
["Boone (DIST 11)"]
["Boone (DIST 12)"]
["Boone (DIST 13)"]
["Boone (DIST 14)"]
["Boone (DIST 15)"]
["Boone (UNKNOWN)"]
["Bourbon (DIST 00)"]
["Bourbon (DIST 02)"]
["Bourbon (DIST 03)"]
["Bourbon (DIST 04)"]
["Bourbon (DIST 05)"]
["Bourbon (UNKNOWN)"]
["Boyd (DIST 10)"]
["Boyd (DIST 11)"]
["Boyd (DIST 22)"]
["Boyd (DIST 23)"]
["Boyd (DIST 24)"]
["Boyd (DIST 25)"]
["Boyd (DIST 26)"]
["Boyd (DIST 33)"]
["Boyd (DIST 34)"]
["Boyd (DIST 44)"]
["Boyd (DIST 45)"]
["Boyd (DIST 46)"]
["Boyd (DIST 47)"]
["Boyd (DIST 48)"]
["Boyd (DIST 53)"]
["Boyd (UNKNOWN)"]
["Boyle (DIST 00)"]
["Boyle (DIST 01)"]
["Boyle (DIST 02)"]
["Boyle (DIST 04)"]
["Boyle (DIST 05)"]
["Boyle (DIST 06)"]
["Boyle (UNKNOWN)"]
["Bracken (DIST 00)"]
["Bracken (DIST 01)"]
["Bracken (DIST 02)"]
["Bracken (DIST 03)"]
["Bracken (DIST 04)"]
["Bracken (DIST 05)"]
["Bracken (UNKNOWN)"]
["Breathitt (DIST 01)"]
["Breathitt (DIST 02)"]
["Breathitt (DIST 03)"]
["Breathitt (DIST 04)"]
["Breathitt (UNKNOWN)"]
["Breckinridge (DIST 01)"]
["Breckinridge (DIST 02)"]
["Breckinridge (DIST 03)"]
["Breckinridge (DIST 04)"]
["Breckinridge (DIST 05)"]
["Breckinridge (UNKNOWN)"]
["Bullitt (DIST 00)"]
["Bullitt (DIST 01)"]
["Bullitt (DIST 02)"]
["Bullitt (DIST 03)"]
["Bullitt (DIST 04)"]
["Bullitt (DIST 05)"]
["Bullitt (DIST 06)"]
["Bullitt (DIST 07)"]
["Bullitt (DIST 08)"]
["Bullitt (DIST 09)"]
["Bullitt (DIST 10)"]
["Bullitt (DIST 11)"]
["Bullitt (DIST 12)"]
["Bullitt (DIST 16)"]
["Bullitt (UNKNOWN)"]
["Butler (DIST 00)"]
["Butler (DIST 01)"]
["Butler (DIST 02)"]
["Butler (DIST 03)"]
["Butler (UNKNOWN)"]
["Caldwell (DIST 00)"]
["Caldwell (DIST 01)"]
["Caldwell (DIST 02)"]
["Caldwell (UNKNOWN)"]
["Calloway (DIST 01)"]
["Calloway (DIST 02)"]
["Calloway (DIST 03)"]
["Calloway (DIST 10)"]
["Calloway (DIST 12)"]
["Calloway (UNKNOWN)"]
["Campbell (DIST 01)"]
["Campbell (DIST 02)"]
["Campbell (DIST 04)"]
["Campbell (DIST 05)"]
["Campbell (DIST 06)"]
["Campbell (DIST 07)"]
["Campbell (DIST 08)"]
["Campbell (DIST 09)"]
["Campbell (DIST 10)"]
["Campbell (DIST 11)"]
["Campbell (DIST 12)"]
["Campbell (DIST 13)"]
["Campbell (DIST 14)"]
["Campbell (DIST 15)"]
["Campbell (DIST 16)"]
["Campbell (DIST 17)"]
["Campbell (DIST 18)"]
["Campbell (DIST 19)"]
["Campbell (DIST 20)"]
["Campbell (DIST 21)"]
["Campbell (DIST 22)"]
["Campbell (DIST 23)"]
["Campbell (DIST 26)"]
["Campbell (DIST 27)"]
["Campbell (DIST 28)"]
["Campbell (DIST 29)"]
["Campbell (DIST 33)"]
["Campbell (DIST 35)"]
["Campbell (DIST 37)"]
["Campbell (DIST 38)"]
["Campbell (DIST 39)"]
["Campbell (DIST 45)"]
["Campbell (DIST 47)"]
["Campbell (DIST 48)"]
["Campbell (UNKNOWN)"]
["Carlisle (DIST 00)"]
["Carlisle (DIST 01)"]
["Carlisle (DIST 02)"]
["Carlisle (UNKNOWN)"]
["Carroll (DIST 00)"]
["Carroll (DIST 01)"]
["Carroll (DIST 02)"]
["Carroll (DIST 03)"]
["Carroll (DIST 04)"]
["Carroll (DIST 05)"]
["Carroll (DIST 06)"]
["Carroll (UNKNOWN)"]
["Carter (DIST 00)"]
["Carter (DIST 01)"]
["Carter (DIST 02)"]
["Carter (UNKNOWN)"]
["Casey (DIST 00)"]
["Casey (DIST 01)"]
["Casey (UNKNOWN)"]
["Christian (DIST 00)"]
["Christian (DIST 01)"]
["Christian (DIST 02)"]
["Christian (DIST 03)"]
["Christian (DIST 04)"]
["Christian (DIST 05)"]
["Christian (UNKNOWN)"]
["Clark (DIST 00)"]
["Clark (DIST 01)"]
["Clark (UNKNOWN)"]
["Clay (DIST 00)"]
["Clay (DIST 01)"]
["Clay (UNKNOWN)"]
["Clinton (DIST 00)"]
["Clinton (DIST 01)"]
["Clinton (UNKNOWN)"]
["Crittenden (DIST 01)"]
["Crittenden (DIST 02)"]
["Crittenden (UNKNOWN)"]
["Cumberland (DIST 00)"]
["Cumberland (DIST 01)"]
["Cumberland (UNKNOWN)"]
["Daviess (DIST 00)"]
["Daviess (DIST 01)"]
["Daviess (DIST 02)"]
["Daviess (DIST 03)"]
["Daviess (DIST 04)"]
["Daviess (DIST 05)"]
["Daviess (DIST 06)"]
["Daviess (DIST 07)"]
["Daviess (UNKNOWN)"]
["Edmonson (DIST 00)"]
["Edmonson (DIST 01)"]
["Edmonson (UNKNOWN)"]
["Elliott (DIST 00)"]
["Elliott (DIST 01)"]
["Elliott (UNKNOWN)"]
["Estill (DIST 00)"]
["Estill (DIST 01)"]
["Estill (DIST 02)"]
["Estill (UNKNOWN)"]
["Fayette (DIST 02)"]
["Fayette (UNKNOWN)"]
["Fleming (DIST 00)"]
["Fleming (DIST 01)"]
["Fleming (UNKNOWN)"]
["Floyd (DIST 00)"]
["Floyd (DIST 01)"]
["Floyd (DIST 02)"]
["Floyd (DIST 03)"]
["Floyd (DIST 04)"]
["Floyd (DIST 05)"]
["Floyd (DIST 06)"]
["Floyd (DIST 07)"]
["Floyd (DIST 08)"]
["Floyd (DIST 09)"]
["Floyd (DIST 10)"]
["Floyd (DIST 11)"]
["Floyd (DIST 12)"]
["Floyd (DIST 13)"]
["Floyd (DIST 14)"]
["Floyd (DIST 15)"]
["Floyd (DIST 16)"]
["Floyd (DIST 17)"]
["Floyd (DIST 18)"]
["Floyd (UNKNOWN)"]
["Franklin (DIST 01)"]
["Franklin (DIST 02)"]
["Franklin (DIST 03)"]
["Franklin (UNKNOWN)"]
["Fulton (DIST 01)"]
["Fulton (DIST 02)"]
["Fulton (DIST 03)"]
["Fulton (DIST 04)"]
["Fulton (UNKNOWN)"]
["Gallatin (DIST 00)"]
["Gallatin (DIST 01)"]
["Gallatin (DIST 02)"]
["Gallatin (DIST 03)"]
["Gallatin (DIST 04)"]
["Gallatin (UNKNOWN)"]
["Garrard (DIST 01)"]
["Garrard (DIST 02)"]
["Garrard (DIST 03)"]
["Garrard (DIST 04)"]
["Garrard (DIST 08)"]
["Garrard (UNKNOWN)"]
["Grant (DIST 00)"]
["Grant (DIST 01)"]
["Grant (DIST 02)"]
["Grant (DIST 03)"]
["Grant (DIST 04)"]
["Grant (DIST 05)"]
["Grant (DIST 06)"]
["Grant (UNKNOWN)"]
["Graves (DIST 01)"]
["Graves (DIST 02)"]
["Graves (DIST 04)"]
["Graves (DIST 05)"]
["Graves (DIST 06)"]
["Graves (UNKNOWN)"]
["Grayson (DIST 00)"]
["Grayson (DIST 01)"]
["Grayson (DIST 02)"]
["Grayson (DIST 03)"]
["Grayson (DIST 04)"]
["Grayson (UNKNOWN)"]
["Green (DIST 00)"]
["Green (DIST 01)"]
["Green (UNKNOWN)"]
["Greenup (DIST 01)"]
["Greenup (DIST 02)"]
["Greenup (DIST 03)"]
["Greenup (DIST 04)"]
["Greenup (DIST 05)"]
["Greenup (DIST 06)"]
["Greenup (DIST 07)"]
["Greenup (DIST 08)"]
["Greenup (DIST 09)"]
["Greenup (DIST 10)"]
["Greenup (DIST 11)"]
["Greenup (DIST 12)"]
["Greenup (DIST 13)"]
["Greenup (DIST 14)"]
["Greenup (DIST 15)"]
["Greenup (DIST 16)"]
["Greenup (DIST 17)"]
["Greenup (DIST 18)"]
["Greenup (DIST 19)"]
["Greenup (DIST 20)"]
["Greenup (DIST 24)"]
["Greenup (UNKNOWN)"]
["Hancock (DIST 00)"]
["Hancock (DIST 01)"]
["Hancock (DIST 02)"]
["Hancock (UNKNOWN)"]
["Hardin (DIST 00)"]
["Hardin (DIST 02)"]
["Hardin (DIST 03)"]
["Hardin (DIST 04)"]
["Hardin (DIST 05)"]
["Hardin (DIST 06)"]
["Hardin (DIST 07)"]
["Hardin (DIST 08)"]
["Hardin (DIST 09)"]
["Hardin (UNKNOWN)"]
["Harlan (DIST 01)"]
["Harlan (DIST 02)"]
["Harlan (DIST 03)"]
["Harlan (DIST 04)"]
["Harlan (DIST 05)"]
["Harlan (DIST 06)"]
["Harlan (DIST 07)"]
["Harlan (DIST 08)"]
["Harlan (DIST 09)"]
["Harlan (DIST 10)"]
["Harlan (UNKNOWN)"]
["Harrison (DIST 00)"]
["Harrison (DIST 01)"]
["Harrison (DIST 02)"]
["Harrison (UNKNOWN)"]
["Hart (DIST 01)"]
["Hart (DIST 02)"]
["Hart (DIST 03)"]
["Hart (DIST 04)"]
["Hart (DIST 05)"]
["Hart (UNKNOWN)"]
["Henderson (DIST 00)"]
["Henderson (DIST 01)"]
["Henderson (DIST 02)"]
["Henderson (DIST 03)"]
["Henderson (UNKNOWN)"]
["Henry (DIST 00)"]
["Henry (DIST 02)"]
["Henry (DIST 03)"]
["Henry (DIST 04)"]
["Henry (DIST 05)"]
["Henry (DIST 06)"]
["Henry (DIST 07)"]
["Henry (UNKNOWN)"]
["Hickman (DIST 00)"]
["Hickman (DIST 01)"]
["Hickman (DIST 02)"]
["Hickman (DIST 03)"]
["Hickman (DIST 04)"]
["Hickman (UNKNOWN)"]
["Hopkins (DIST 01)"]
["Hopkins (DIST 02)"]
["Hopkins (DIST 04)"]
["Hopkins (DIST 05)"]
["Hopkins (DIST 06)"]
["Hopkins (DIST 07)"]
["Hopkins (DIST 08)"]
["Hopkins (DIST 09)"]
["Hopkins (DIST 10)"]
["Hopkins (DIST 11)"]
["Hopkins (UNKNOWN)"]
["Jackson (DIST 00)"]
["Jackson (DIST 01)"]
["Jackson (DIST ND)"]
["Jackson (UNKNOWN)"]
["Jefferson (DIST 01)"]
["Jefferson (DIST 03)"]
["Jefferson (DIST 06)"]
["Jefferson (DIST 07)"]
["Jefferson (DIST 08)"]
["Jefferson (DIST 09)"]
["Jefferson (DIST 11)"]
["Jefferson (DIST 12)"]
["Jefferson (DIST 13)"]
["Jefferson (DIST 15)"]
["Jefferson (DIST 17)"]
["Jefferson (DIST 18)"]
["Jefferson (DIST 19)"]
["Jefferson (DIST 20)"]
["Jefferson (DIST 21)"]
["Jefferson (DIST 22)"]
["Jefferson (DIST 23)"]
["Jefferson (DIST 24)"]
["Jefferson (DIST 25)"]
["Jefferson (DIST 26)"]
["Jefferson (DIST 28)"]
["Jefferson (DIST 30)"]
["Jefferson (DIST 31)"]
["Jefferson (DIST 32)"]
["Jefferson (DIST 33)"]
["Jefferson (DIST 34)"]
["Jefferson (UNKNOWN)"]
["Jessamine (DIST 00)"]
["Jessamine (DIST 01)"]
["Jessamine (DIST 02)"]
["Jessamine (DIST 03)"]
["Jessamine (UNKNOWN)"]
["Johnson (DIST 00)"]
["Johnson (DIST 01)"]
["Johnson (DIST 02)"]
["Johnson (DIST 03)"]
["Johnson (DIST 04)"]
["Johnson (UNKNOWN)"]
["Kenton (DIST 01)"]
["Kenton (DIST 02)"]
["Kenton (DIST 03)"]
["Kenton (DIST 04)"]
["Kenton (DIST 06)"]
["Kenton (DIST 07)"]
["Kenton (DIST 08)"]
["Kenton (DIST 09)"]
["Kenton (DIST 10)"]
["Kenton (DIST 11)"]
["Kenton (DIST 12)"]
["Kenton (DIST 13)"]
["Kenton (DIST 15)"]
["Kenton (DIST 16)"]
["Kenton (DIST 19)"]
["Kenton (DIST 21)"]
["Kenton (DIST 22)"]
["Kenton (DIST 25)"]
["Kenton (DIST 27)"]
["Kenton (DIST 29)"]
["Kenton (DIST 30)"]
["Kenton (DIST 31)"]
["Kenton (DIST 33)"]
["Kenton (DIST 36)"]
["Kenton (DIST 37)"]
["Kenton (DIST 38)"]
["Kenton (DIST 39)"]
["Kenton (DIST 40)"]
["Kenton (DIST 41)"]
["Kenton (DIST 42)"]
["Kenton (DIST 45)"]
["Kenton (DIST 47)"]
["Kenton (DIST 48)"]
["Kenton (DIST 49)"]
["Kenton (DIST 55)"]
["Kenton (DIST 56)"]
["Kenton (DIST 57)"]
["Kenton (UNKNOWN)"]
["Knott (DIST 00)"]
["Knott (DIST 01)"]
["Knott (UNKNOWN)"]
["Knox (DIST 01)"]
["Knox (DIST 02)"]
["Knox (DIST 03)"]
["Knox (DIST 05)"]
["Knox (DIST 09)"]
["Knox (UNKNOWN)"]
["LaRue (DIST 00)"]
["LaRue (DIST 01)"]
["LaRue (DIST 02)"]
["LaRue (DIST 03)"]
["LaRue (UNKNOWN)"]
["Laurel (DIST 00)"]
["Laurel (DIST 01)"]
["Laurel (DIST 02)"]
["Laurel (UNKNOWN)"]
["Lawrence (DIST 00)"]
["Lawrence (DIST 01)"]
["Lawrence (DIST 02)"]
["Lawrence (UNKNOWN)"]
["Lee  (DIST 00)"]
["Lee  (DIST 01)"]
["Lee  (UNKNOWN)"]
["Leslie (DIST 00)"]
["Leslie (DIST 01)"]
["Leslie (UNKNOWN)"]
["Letcher (DIST 01)"]
["Letcher (DIST 02)"]
["Letcher (DIST 03)"]
["Letcher (DIST 04)"]
["Letcher (DIST 05)"]
["Letcher (DIST 06)"]
["Letcher (UNKNOWN)"]
["Lewis (DIST 00)"]
["Lewis (DIST 01)"]
["Lewis (DIST 02)"]
["Lewis (DIST 03)"]
["Lewis (DIST 04)"]
["Lewis (DIST 05)"]
["Lewis (DIST 06)"]
["Lewis (DIST 07)"]
["Lewis (DIST 08)"]
["Lewis (UNKNOWN)"]
["Lincoln (DIST 00)"]
["Lincoln (DIST 02)"]
["Lincoln (DIST 03)"]
["Lincoln (DIST 04)"]
["Lincoln (DIST 05)"]
["Lincoln (UNKNOWN)"]
["Livingston (DIST 01)"]
["Livingston (DIST 02)"]
["Livingston (DIST 03)"]
["Livingston (DIST 04)"]
["Livingston (DIST 05)"]
["Livingston (DIST 06)"]
["Livingston (DIST 07)"]
["Livingston (DIST 08)"]
["Livingston (UNKNOWN)"]
["Logan (DIST 01)"]
["Logan (DIST 02)"]
["Logan (DIST 03)"]
["Logan (DIST 04)"]
["Logan (DIST 05)"]
["Logan (DIST 06)"]
["Logan (DIST 07)"]
["Logan (UNKNOWN)"]
["Lyon (DIST 00)"]
["Lyon (DIST 01)"]
["Lyon (DIST 02)"]
["Lyon (DIST 03)"]
["Lyon (DIST 04)"]
["Lyon (DIST 05)"]
["Lyon (UNKNOWN)"]
["Madison (DIST 01)"]
["Madison (DIST 02)"]
["Madison (DIST 03)"]
["Madison (DIST 04)"]
["Madison (DIST 06)"]
["Madison (UNKNOWN)"]
["Magoffin (DIST 00)"]
["Magoffin (DIST 01)"]
["Magoffin (UNKNOWN)"]
["Marion (DIST 00)"]
["Marion (DIST 01)"]
["Marion (DIST 02)"]
["Marion (UNKNOWN)"]
["Marshall (DIST 01)"]
["Marshall (DIST 02)"]
["Marshall (DIST 04)"]
["Marshall (DIST 05)"]
["Marshall (DIST 06)"]
["Marshall (DIST 07)"]
["Marshall (DIST 08)"]
["Marshall (DIST 09)"]
["Marshall (DIST 12)"]
["Marshall (DIST 14)"]
["Marshall (DIST 15)"]
["Marshall (UNKNOWN)"]
["Martin (DIST 00)"]
["Martin (DIST 01)"]
["Martin (DIST 02)"]
["Martin (UNKNOWN)"]
["Mason (DIST 01)"]
["Mason (DIST 02)"]
["Mason (DIST 03)"]
["Mason (UNKNOWN)"]
["McCracken (DIST 01)"]
["McCracken (DIST 02)"]
["McCracken (DIST 03)"]
["McCracken (DIST 04)"]
["McCracken (DIST 05)"]
["McCracken (DIST 06)"]
["McCracken (DIST 07)"]
["McCracken (DIST 08)"]
["McCracken (DIST 09)"]
["McCracken (DIST 10)"]
["McCracken (UNKNOWN)"]
["McCreary (DIST 00)"]
["McCreary (DIST 01)"]
["McCreary (DIST 02)"]
["McCreary (DIST 03)"]
["McCreary (DIST 04)"]
["McCreary (DIST 05)"]
["McCreary (UNKNOWN)"]
["McLean (DIST 00)"]
["McLean (DIST 01)"]
["McLean (DIST 02)"]
["McLean (DIST 03)"]
["McLean (DIST 04)"]
["McLean (UNKNOWN)"]
["Meade (DIST 00)"]
["Meade (DIST 01)"]
["Meade (DIST 02)"]
["Meade (DIST 03)"]
["Meade (DIST 04)"]
["Meade (DIST 05)"]
["Meade (DIST 06)"]
["Meade (DIST 07)"]
["Meade (DIST 08)"]
["Meade (UNKNOWN)"]
["Menifee (DIST 00)"]
["Menifee (DIST 01)"]
["Menifee (UNKNOWN)"]
["Mercer (DIST 01)"]
["Mercer (DIST 02)"]
["Mercer (DIST 03)"]
["Mercer (DIST 04)"]
["Mercer (DIST 06)"]
["Mercer (UNKNOWN)"]
["Metcalfe (DIST 00)"]
["Metcalfe (DIST 01)"]
["Metcalfe (UNKNOWN)"]
["Monroe (DIST 00)"]
["Monroe (DIST 01)"]
["Monroe (DIST 02)"]
["Monroe (DIST 03)"]
["Monroe (UNKNOWN)"]
["Montgomery (DIST 00)"]
["Montgomery (DIST 01)"]
["Montgomery (UNKNOWN)"]
["Morgan (DIST 00)"]
["Morgan (DIST 01)"]
["Morgan (UNKNOWN)"]
["Muhlenberg (DIST 00)"]
["Muhlenberg (DIST 01)"]
["Muhlenberg (DIST 02)"]
["Muhlenberg (DIST 03)"]
["Muhlenberg (DIST 04)"]
["Muhlenberg (UNKNOWN)"]
["Nelson (DIST 01)"]
["Nelson (DIST 02)"]
["Nelson (DIST 03)"]
["Nelson (DIST 04)"]
["Nelson (DIST 05)"]
["Nelson (DIST 08)"]
["Nelson (DIST 09)"]
["Nelson (UNKNOWN)"]
["Nicholas (DIST 01)"]
["Nicholas (DIST 02)"]
["Nicholas (UNKNOWN)"]
["Ohio (DIST 00)"]
["Ohio (DIST 01)"]
["Ohio (DIST 02)"]
["Ohio (DIST 03)"]
["Ohio (DIST 04)"]
["Ohio (DIST 05)"]
["Ohio (DIST 06)"]
["Ohio (UNKNOWN)"]
["Oldham (DIST 00)"]
["Oldham (DIST 01)"]
["Oldham (DIST 02)"]
["Oldham (DIST 03)"]
["Oldham (DIST 04)"]
["Oldham (DIST 05)"]
["Oldham (DIST 06)"]
["Oldham (DIST 07)"]
["Oldham (DIST 08)"]
["Oldham (DIST 09)"]
["Oldham (DIST 10)"]
["Oldham (DIST 11)"]
["Oldham (DIST 12)"]
["Oldham (DIST 13)"]
["Oldham (DIST 14)"]
["Oldham (DIST 15)"]
["Oldham (DIST 16)"]
["Oldham (DIST 17)"]
["Oldham (DIST 20)"]
["Oldham (UNKNOWN)"]
["Owen (DIST 00)"]
["Owen (DIST 01)"]
["Owen (DIST 04)"]
["Owen (UNKNOWN)"]
["Owsley (DIST 00)"]
["Owsley (DIST 01)"]
["Owsley (UNKNOWN)"]
["Pendleton (DIST 00)"]
["Pendleton (DIST 01)"]
["Pendleton (DIST 02)"]
["Pendleton (DIST 04)"]
["Pendleton (DIST 05)"]
["Pendleton (UNKNOWN)"]
["Perry (DIST 01)"]
["Perry (DIST 02)"]
["Perry (DIST 03)"]
["Perry (DIST 04)"]
["Perry (DIST 05)"]
["Perry (DIST 06)"]
["Perry (UNKNOWN)"]
["Pike (DIST 01)"]
["Pike (DIST 02)"]
["Pike (DIST 03)"]
["Pike (DIST 05)"]
["Pike (UNKNOWN)"]
["Powell (DIST 00)"]
["Powell (DIST 01)"]
["Powell (DIST 02)"]
["Powell (UNKNOWN)"]
["Pulaski (DIST 11)"]
["Pulaski (DIST 13)"]
["Pulaski (DIST 21)"]
["Pulaski (DIST 22)"]
["Pulaski (DIST 53)"]
["Pulaski (DIST 61)"]
["Pulaski (DIST 71)"]
["Pulaski (DIST 81)"]
["Pulaski (UNKNOWN)"]
["Robertson (DIST 00)"]
["Robertson (DIST 01)"]
["Robertson (UNKNOWN)"]
["Rockcastle (DIST 00)"]
["Rockcastle (DIST 01)"]
["Rockcastle (DIST 02)"]
["Rockcastle (DIST 03)"]
["Rockcastle (UNKNOWN)"]
["Rowan (DIST 00)"]
["Rowan (DIST 01)"]
["Rowan (DIST 02)"]
["Rowan (UNKNOWN)"]
["Russell (DIST 00)"]
["Russell (DIST 01)"]
["Russell (DIST 02)"]
["Russell (UNKNOWN)"]
["Scott (DIST 00)"]
["Scott (DIST 02)"]
["Scott (DIST 03)"]
["Scott (DIST 04)"]
["Scott (DIST 05)"]
["Scott (UNKNOWN)"]
["Shelby (DIST 00)"]
["Shelby (DIST 01)"]
["Shelby (DIST 02)"]
["Shelby (DIST 03)"]
["Shelby (DIST 04)"]
["Shelby (DIST 05)"]
["Shelby (DIST 06)"]
["Shelby (DIST 07)"]
["Shelby (DIST 08)"]
["Shelby (DIST 09)"]
["Shelby (DIST 10)"]
["Shelby (DIST 11)"]
["Shelby (DIST 12)"]
["Shelby (DIST 13)"]
["Shelby (UNKNOWN)"]
["Simpson (DIST 00)"]
["Simpson (DIST 01)"]
["Simpson (UNKNOWN)"]
["Spencer (DIST 01)"]
["Spencer (DIST 03)"]
["Spencer (DIST 04)"]
["Spencer (UNKNOWN)"]
["Taylor (DIST 00)"]
["Taylor (DIST 01)"]
["Taylor (DIST 02)"]
["Taylor (DIST 03)"]
["Taylor (UNKNOWN)"]
["Todd (DIST 00)"]
["Todd (DIST 01)"]
["Todd (DIST 02)"]
["Todd (DIST 03)"]
["Todd (DIST 04)"]
["Todd (DIST 05)"]
["Todd (DIST 06)"]
["Todd (DIST 07)"]
["Todd (UNKNOWN)"]
["Trigg (DIST 00)"]
["Trigg (DIST 01)"]
["Trigg (UNKNOWN)"]
["Trimble (DIST 00)"]
["Trimble (DIST 01)"]
["Trimble (DIST 02)"]
["Trimble (UNKNOWN)"]
["Union (DIST 00)"]
["Union (DIST 01)"]
["Union (DIST 02)"]
["Union (DIST 03)"]
["Union (DIST 04)"]
["Union (UNKNOWN)"]
["Warren (DIST 00)"]
["Warren (DIST 02)"]
["Warren (DIST 03)"]
["Warren (DIST 04)"]
["Warren (DIST 05)"]
["Warren (UNKNOWN)"]
["Washington (DIST 00)"]
["Washington (DIST 03)"]
["Washington (DIST 05)"]
["Washington (UNKNOWN)"]
["Wayne (DIST 01)"]
["Wayne (DIST 04)"]
["Wayne (UNKNOWN)"]
["Webster (DIST 01)"]
["Webster (DIST 02)"]
["Webster (DIST 03)"]
["Webster (DIST 04)"]
["Webster (DIST 05)"]
["Webster (DIST 07)"]
["Webster (UNKNOWN)"]
["Whitley (DIST 00)"]
["Whitley (DIST 01)"]
["Whitley (DIST 02)"]
["Whitley (DIST 03)"]
["Whitley (DIST 04)"]
["Whitley (DIST 05)"]
["Whitley (DIST 06)"]
["Whitley (UNKNOWN)"]
["Wolfe (DIST 00)"]
["Wolfe (DIST 01)"]
["Wolfe (UNKNOWN)"]
["Woodford (DIST 01)"]
["Woodford (DIST 02)"]
["Woodford (DIST 03)"]
["Woodford (UNKNOWN)"]

{"sheet":"theFORM","index":5,"n_rows":1,"n_cols":1,"rows_kept":1,"cut":false,"hidden":true,"merged":[]}
[0]

{"sheet":"theFORMsupport","index":6,"n_rows":53,"n_cols":12,"rows_kept":53,"cut":false,"hidden":true,"merged":[]}
[]
[]
[null,{"$f":"\"FEDERAL ID:                         \"&'Tax Credit Computation'!C14","v":"FEDERAL ID:                         0"}]
[null,{"$f":"\"KY Corp/LLET Account:    \"&'Tax Credit Computation'!C16","v":"KY Corp/LLET Account:    "}]
[null,{"$f":"\"TAXPAYER NAME:             \" & 'Tax Credit Computation'!C8","v":"TAXPAYER NAME:             "}]
[]
[]
[]
[]
[]
[]
[]
[]
[]
[]
[]
[]
[null,"County/District",null,null,null,null,"Lee  (DIST 01)","Lee  (DIST 01)","Woodford (UNKNOWN)","Boone (DIST 09)","Barren (DIST 04)","Anderson (DIST 02)"]
[null,"Inv Tax Calculation Override",null,null,null,null,null,null,650,null,50000]
[null,"Tax Paid Timely",null,null,null,null,"YES","YES","YES","YES","YES","YES"]
[null,"Paid Within Discount Period",null,null,null,null,"NO","YES","YES","NO","YES","YES"]
[null,"Total Inventory Value","ALL Location Totals"]
[null,"Line 31 Merchants Inventory",{"$f":"'Tax Credit Computation'!F23","v":0},null,null,null,5000,5000,null,10000,null,100]
[null,"Line 32 Manufacturers Finished Goods",{"$f":"'Tax Credit Computation'!F24","v":0},null,null,null,5000,5000,null,10000,null,100]
[null,"Line 33 Manufacturers Raw Materials/Goods in Process",{"$f":"'Tax Credit Computation'!F25","v":0},null,null,null,5000,5000,null,10000,null,100]
[null,"Line 34 Motor Vehicles & Other Qualified Items",{"$f":"'Tax Credit Computation'!F26","v":0},null,null,null,5000,5000,null,10000,null,100]
[null,"New Marine Inventory Under Floor Plan/Salvage Title Veh.",{"$f":"'Tax Credit Computation'!F27","v":0},null,null,null,5000,5000]
[null,"Line 35 Goods Stored in Warehouse/Distribution Center",{"$f":"'Tax Credit Computation'!F28","v":0},null,null,null,5000,5000,null,10000,null,100]
[null,"Line 36 Inventory in Transit",{"$f":"'Tax Credit Computation'!F29","v":0},null,null,null,5000,5000,null,10000,null,100]
[null,"TOTAL Inventory Value",{"$f":"'Tax Credit Computation'!F30","v":0},null,null,null,35000,35000,0,60000,0,600]
[null,"FEIN / Tax ID reported under",null,null,null,null,null,null,null,"666666666","333333333","111111111"]
[]
[]
[]
[null,"Total Allowable Tax Paid","ALL Location Totals"]
[null,"Line 31 Merchants Inventory",{"$f":"'Tax Credit Computation'!F41","v":0},null,null,null,80.58,78.968400000000003,0,128.4,0,1.06281]
[null,"Line 32 Manufacturers Finished Goods",{"$f":"'Tax Credit Computation'!F42","v":0},null,null,null,80.58,78.968400000000003,0,128.4,0,1.06281]
[null,"Line 33 Manufacturers Raw Materials/Goods in Process",{"$f":"'Tax Credit Computation'!F43","v":0},null,null,null,2.5,2.4500000000000002,0,5,0,4.9000000000000002E-2]
[null,"Line 34 Motor Vehicles & Other Qualified Items",{"$f":"'Tax Credit Computation'!F44","v":0},null,null,null,2.5,2.4500000000000002,0,5,0,4.9000000000000002E-2]
[null,"Line 35 Goods Stored in Warehouse/Distribution Center",{"$f":"'Tax Credit Computation'!F45","v":0},null,null,null,80.58,78.968400000000003,0,128.4,0,1.06281]
[null,"Line 36 Inventory in Transit",{"$f":"'Tax Credit Computation'!F46","v":0},null,null,null,7.3,7.1539999999999999,0,26.4,0,0.13034000000000001]
[null,"OTHER - Inventory Tax Paid (Inventory Override)",{"$f":"'Tax Credit Computation'!F47","v":0},null,null,null,0,0,650,0,50000,0]
[null,"TOTAL Timely-Paid TPT Inventory Tax (rounded)",{"$f":"ROUND('Tax Credit Computation'!F49,0)","v":0},null,null,null,254.04,248.96,650,421.6,50000,3.42]
[]
[null,"Taxpayer Identification Numbers Reported","Potential Issues"]
[null,{"$f":"IF(Welcome!E69=\"\",\"\",Welcome!E69)","v":""},{"$f":"IF(SUM(Welcome!H95:I110)>100,\"Error-Dist% > 100%\",\"NONE\")","v":"NONE"}]
[null,{"$f":"IF(Welcome!E70=\"\",\"\",Welcome!E70)","v":""},{"$f":"IF(0.985*'Tax Credit Computation'!E79>'Tax Credit Computation'!F50,\"Error-Dist > Credit!\",\"NONE\")","v":"NONE"}]
[null,{"$f":"IF(Welcome!E71=\"\",\"\",Welcome!E71)","v":""}]
[null,{"$f":"IF(Welcome!E72=\"\",\"\",Welcome!E72)","v":""}]
[null,{"$f":"IF(Welcome!E73=\"\",\"\",Welcome!E73)","v":""}]
[null,{"$f":"IF(Welcome!E74=\"\",\"\",Welcome!E74)","v":""}]
[null,{"$f":"IF(Welcome!E75=\"\",\"\",Welcome!E75)","v":""}]
[null,{"$f":"IF(Welcome!E76=\"\",\"\",Welcome!E76)","v":""}]